{"id":402,"date":"2022-12-09T22:34:14","date_gmt":"2022-12-09T21:34:14","guid":{"rendered":"https:\/\/wordpress.nibis.de\/gshaarentor\/?page_id=402"},"modified":"2025-10-27T12:20:29","modified_gmt":"2025-10-27T11:20:29","slug":"schule-3","status":"publish","type":"page","link":"https:\/\/wordpress.nibis.de\/gshaarentor\/schule-3\/","title":{"rendered":"Schule"},"content":{"rendered":"\n<p>Die Grundschule Haarentor wurde am 29. September 1862 als einz\u00fcgige Volksschule er\u00f6ffnet. Alle acht Schuljahrg\u00e4nge wurden damals in einem Raum unterrichtet. Zus\u00e4tzlich befand sich auch die Wohnung f\u00fcr den Lehrer mit im Geb\u00e4ude. Bereits zwanzig Jahre sp\u00e4ter besuchten so viele Kinder die Schule, dass eine neue Klasse er\u00f6ffnet werden musste. Mit 120 Kindern in einer Klasse wurde es dann so eng, dass auch diese Klasse nochmals geteilt wurde.<\/p>\n<p>Ans\u00e4ssig war die Haarentorschule damals an der Ecke Haarenfeld \/ Ammerl\u00e4nder Heerstra\u00dfe und geh\u00f6rte nicht zum Stadtgebiet Oldenburg, sondern galt als Dorfschule, da sie vor den Stadttoren lag.\u00a0<\/p>\n<p>Der erste Lehrer der Grundschule Haarentor war Johann Hinrich M\u00f6hlenhoff. Er beschwerte sich \u00fcber die schlechte Bezahlung in H\u00f6he von 175 Talern, da er hiervon schlecht seinen Lebensunterhalt bestreiten konnte. Der Garten der Schule war zudem zu klein, um darin Obst und Gem\u00fcse anbauen zu k\u00f6nnen. Ebenso erlaubte die Gr\u00f6\u00dfe auch keine Tierhaltung.<\/p>\n<p>Bereits zw\u00f6lf Jahre nach ihrem Bau (1874) musste die Haarentorschule repariert werden. Eine Wand war abgesackt begr\u00fcndet durch den Bau auf lehmigem Boden. 1880 folgte dann eine erste Dachreparatur. Im Zuge dessen wurde das Strohdach abgenommen und durch ein Dach aus Pfannen ersetzt.\u00a0<\/p>\n<p>Durch die steigende Sch\u00fcleranzahl wurde sie 1898 am Sch\u00fctzenweg neu aufgebaut.<\/p>\n<p>\u00a0<\/p>\n","protected":false},"excerpt":{"rendered":"<p>Die Grundschule Haarentor wurde am 29. September 1862 als einz\u00fcgige Volksschule er\u00f6ffnet. Alle acht Schuljahrg\u00e4nge wurden damals in einem Raum unterrichtet. Zus\u00e4tzlich befand sich auch die Wohnung f\u00fcr den Lehrer mit im Geb\u00e4ude. Bereits zwanzig Jahre sp\u00e4ter besuchten so viele Kinder die Schule, dass eine neue Klasse er\u00f6ffnet werden musste. Mit 120 Kindern in einer Klasse wurde es dann so eng, dass auch diese Klasse nochmals geteilt wurde. Ans\u00e4ssig war die Haarentorschule damals an der Ecke Haarenfeld \/ Ammerl\u00e4nder Heerstra\u00dfe&#8230;<\/p>\n<p class=\"read-more\"><a class=\"btn btn-default\" href=\"https:\/\/wordpress.nibis.de\/gshaarentor\/schule-3\/\">Weiterlesen<span class=\"screen-reader-text\"> Weiterlesen<\/span><\/a><\/p>\n","protected":false},"author":9192764,"featured_media":0,"parent":0,"menu_order":0,"comment_status":"closed","ping_status":"closed","template":"","meta":{"footnotes":""},"class_list":["post-402","page","type-page","status-publish","hentry"],"_links":{"self":[{"href":"https:\/\/wordpress.nibis.de\/gshaarentor\/wp-json\/wp\/v2\/pages\/402","targetHints":{"allow":["GET"]}}],"collection":[{"href":"https:\/\/wordpress.nibis.de\/gshaarentor\/wp-json\/wp\/v2\/pages"}],"about":[{"href":"https:\/\/wordpress.nibis.de\/gshaarentor\/wp-json\/wp\/v2\/types\/page"}],"author":[{"embeddable":true,"href":"https:\/\/wordpress.nibis.de\/gshaarentor\/wp-json\/wp\/v2\/users\/9192764"}],"replies":[{"embeddable":true,"href":"https:\/\/wordpress.nibis.de\/gshaarentor\/wp-json\/wp\/v2\/comments?post=402"}],"version-history":[{"count":3,"href":"https:\/\/wordpress.nibis.de\/gshaarentor\/wp-json\/wp\/v2\/pages\/402\/revisions"}],"predecessor-version":[{"id":543,"href":"https:\/\/wordpress.nibis.de\/gshaarentor\/wp-json\/wp\/v2\/pages\/402\/revisions\/543"}],"wp:attachment":[{"href":"https:\/\/wordpress.nibis.de\/gshaarentor\/wp-json\/wp\/v2\/media?parent=402"}],"curies":[{"name":"wp","href":"https:\/\/api.w.org\/{rel}","templated":true}]}}