{"id":829,"date":"2020-03-24T22:54:52","date_gmt":"2020-03-24T21:54:52","guid":{"rendered":"https:\/\/wordpress.nibis.de\/gshammah\/?page_id=829"},"modified":"2024-02-09T09:41:00","modified_gmt":"2024-02-09T08:41:00","slug":"freizeit-tipps-des-kollegiums","status":"publish","type":"page","link":"https:\/\/wordpress.nibis.de\/gshammah\/freizeit-und-medien-tipps-fuer-kinder-waehrend-der-schulschliessungen\/freizeit-tipps-des-kollegiums\/","title":{"rendered":"Freizeit-Tipps des Kollegiums"},"content":{"rendered":"\n<p><a href=\"https:\/\/wordpress.nibis.de\/gshammah\/files\/2020\/03\/Papierbruecken-Experiment.pdf\" target=\"_blank\" rel=\"noopener noreferrer\">Papierbr\u00fccken-Experiment &#8211; Frau Hannemann<\/a><\/p>\n<p><a href=\"https:\/\/wordpress.nibis.de\/gshammah\/files\/2020\/03\/Gartenarbeit.pdf\" target=\"_blank\" rel=\"noopener noreferrer\">Gartenarbeit &#8211; Partnermassage &#8211; Frau Beneke<\/a><\/p>\n<p><a href=\"https:\/\/wordpress.nibis.de\/gshammah\/files\/2020\/03\/Bewegungsspiel_Huepfekaestchen.pdf\" target=\"_blank\" rel=\"noopener noreferrer\">Bewegungsspiel H\u00fcpfek\u00e4stchen &#8211; Frau Nerger<\/a><\/p>\n<p><a href=\"https:\/\/wordpress.nibis.de\/gshammah\/files\/2020\/03\/Bewegung_im_Haus.pdf\" target=\"_blank\" rel=\"noopener noreferrer\">Bewegung im Haus &#8211; Frau Kleenlof<\/a><\/p>\n<p><a href=\"https:\/\/wordpress.nibis.de\/gshammah\/files\/2020\/03\/Schmetterling-Arbeitsblatt.pdf\" target=\"_blank\" rel=\"noopener noreferrer\">Schmetterling Arbeitsblatt &#8211; Frau Appelt<\/a><\/p>\n<p><a href=\"https:\/\/wordpress.nibis.de\/gshammah\/files\/2020\/03\/Kresse-Eier-basteln.pdf\" target=\"_blank\" rel=\"noopener noreferrer\">Kresse Eier basteln &#8211; Frau Heitmann-Kaan<\/a><\/p>\n<p><a href=\"https:\/\/wordpress.nibis.de\/gshammah\/files\/2020\/03\/Tanzen_Besch\u00e4ftigungsidee_im_Haus.pdf\" target=\"_blank\" rel=\"noopener noreferrer\">Tanzen &#8211; Frau Vollmer<\/a><\/p>\n<p><a href=\"https:\/\/wordpress.nibis.de\/gshammah\/files\/2020\/03\/Weben-f\u00fcr-Kinder.pdf\" target=\"_blank\" rel=\"noopener noreferrer\">Weben f\u00fcr Kinder &#8211; Frau Dankers<\/a><\/p>\n<p><a href=\"https:\/\/wordpress.nibis.de\/gshammah\/files\/2020\/03\/Aufgabe-Schatzengel.pdf\" target=\"_blank\" rel=\"noopener noreferrer\">Aufgabe Schatzengel &#8211; Frau Appelt<\/a><\/p>\n<p><a href=\"https:\/\/wordpress.nibis.de\/gshammah\/files\/2020\/03\/Sybilla-Merian-AB.pdf\" target=\"_blank\" rel=\"noopener noreferrer\">Sybilla Merian AB &#8211; Frau Appelt<\/a><\/p>\n<p><a href=\"https:\/\/wordpress.nibis.de\/gshammah\/files\/2020\/03\/Regenbogen-Aktion.pdf\" target=\"_blank\" rel=\"noopener noreferrer\">Regenbogen-Aktion &#8211; Frau Gramkow<\/a><\/p>\n<p><a href=\"https:\/\/wordpress.nibis.de\/gshammah\/files\/2020\/04\/Lustiges-Geschmacksr\u00e4tsel.pdf\" target=\"_blank\" rel=\"noopener noreferrer\">Lustiges Geschmacksr\u00e4tsel &#8211; Frau Gehrmann<\/a><\/p>\n<p>\u00a0<\/p>\n","protected":false},"excerpt":{"rendered":"<p>Papierbr\u00fccken-Experiment &#8211; Frau Hannemann Gartenarbeit &#8211; Partnermassage &#8211; Frau Beneke Bewegungsspiel H\u00fcpfek\u00e4stchen &#8211; Frau Nerger Bewegung im Haus &#8211; Frau Kleenlof Schmetterling Arbeitsblatt &#8211; Frau Appelt Kresse Eier basteln &#8211; Frau Heitmann-Kaan Tanzen &#8211; Frau Vollmer Weben f\u00fcr Kinder &#8211; Frau Dankers Aufgabe Schatzengel &#8211; Frau Appelt Sybilla Merian AB &#8211; Frau Appelt Regenbogen-Aktion &#8211; [&hellip;]<\/p>\n","protected":false},"author":1418,"featured_media":0,"parent":827,"menu_order":0,"comment_status":"closed","ping_status":"closed","template":"","meta":{"footnotes":""},"class_list":["post-829","page","type-page","status-publish","hentry"],"_links":{"self":[{"href":"https:\/\/wordpress.nibis.de\/gshammah\/wp-json\/wp\/v2\/pages\/829","targetHints":{"allow":["GET"]}}],"collection":[{"href":"https:\/\/wordpress.nibis.de\/gshammah\/wp-json\/wp\/v2\/pages"}],"about":[{"href":"https:\/\/wordpress.nibis.de\/gshammah\/wp-json\/wp\/v2\/types\/page"}],"author":[{"embeddable":true,"href":"https:\/\/wordpress.nibis.de\/gshammah\/wp-json\/wp\/v2\/users\/1418"}],"replies":[{"embeddable":true,"href":"https:\/\/wordpress.nibis.de\/gshammah\/wp-json\/wp\/v2\/comments?post=829"}],"version-history":[{"count":22,"href":"https:\/\/wordpress.nibis.de\/gshammah\/wp-json\/wp\/v2\/pages\/829\/revisions"}],"predecessor-version":[{"id":1803,"href":"https:\/\/wordpress.nibis.de\/gshammah\/wp-json\/wp\/v2\/pages\/829\/revisions\/1803"}],"up":[{"embeddable":true,"href":"https:\/\/wordpress.nibis.de\/gshammah\/wp-json\/wp\/v2\/pages\/827"}],"wp:attachment":[{"href":"https:\/\/wordpress.nibis.de\/gshammah\/wp-json\/wp\/v2\/media?parent=829"}],"curies":[{"name":"wp","href":"https:\/\/api.w.org\/{rel}","templated":true}]}}