{"id":134,"date":"2024-04-09T15:22:51","date_gmt":"2024-04-09T13:22:51","guid":{"rendered":"https:\/\/wordpress.nibis.de\/gshamspo\/?page_id=134"},"modified":"2024-08-28T15:38:25","modified_gmt":"2024-08-28T13:38:25","slug":"leitbild","status":"publish","type":"page","link":"https:\/\/wordpress.nibis.de\/gshamspo\/schulleitung\/leitbild\/","title":{"rendered":"Leitbild"},"content":{"rendered":"\n<p>GEMEINSAM KINDER STARK MACHEN<\/p>\n\n\n\n<p><strong><u>Unterricht<\/u><\/strong><\/p>\n\n\n\n<ul class=\"wp-block-list\"><li>Es ist uns wichtig, die individuellen F\u00e4higkeiten und Fertigkeiten unserer Sch\u00fcler angemessen zu f\u00f6rdern und zu fordern.<\/li><li>Wir wollen verschiedene Methoden anwenden und so Lernstrategien vermitteln, um unsere Sch\u00fcler zu selbstst\u00e4ndigem Arbeiten zu bef\u00e4higen.<\/li><li>Wir wollen zieltransparent arbeiten, indem wir unsere Sch\u00fcler in die Reflektion und Bewertung einbeziehen.<\/li><\/ul>\n\n\n\n<p><strong><u>Erziehung<\/u><\/strong><\/p>\n\n\n\n<ul class=\"wp-block-list\"><li>Es ist uns wichtig, dass die Sch\u00fcler soziale Kompetenzen wie Empathie, Toleranz und Teamf\u00e4higkeit entwickeln.<\/li><li>Wir wollen die Sch\u00fcler bef\u00e4higen, Konflikte selbstst\u00e4ndig und gewaltfrei zu l\u00f6sen.<\/li><li>Wir entwickeln mit den Sch\u00fclern Regeln f\u00fcr den Schulalltag und achten auf ihre gerechte und konsequente Einhaltung.<\/li><\/ul>\n\n\n\n<p><strong><u>Schulklima<\/u><\/strong><\/p>\n\n\n\n<ul class=\"wp-block-list\"><li>Wir entwickeln ein Wir-Gef\u00fchl durch Unterst\u00fctzung, Best\u00e4tigung und Toleranz.<\/li><li>Wir f\u00f6rdern das Wir-Gef\u00fchl durch gemeinsame schulische Aktivit\u00e4ten.<\/li><li>Wir wollen Konflikte gemeinschaftlich l\u00f6sen.<\/li><li>Uns ist wichtig, den Sch\u00fclern eine gesunde und aktive Lebensf\u00fchrung zu vermitteln.<\/li><\/ul>\n\n\n\n<p><strong><u>Au\u00dfenbeziehungen<\/u><\/strong><\/p>\n\n\n\n<ul class=\"wp-block-list\"><li>Au\u00dferschulische Lernorte und Experten werden in unsere Arbeit einbezogen.<\/li><li>Wir pflegen eine intensive Zusammenarbeit mit Kinderg\u00e4rten, weiterf\u00fchrenden Schulen und anderen Bildungseinrichtungen sowie therapeutischen Einrichtungen und Kooperationspartnern wie Sportvereinen oder dem Heimatverein.<\/li><li>Die Schule pr\u00e4sentiert sich in der \u00d6ffentlichkeit und macht dadurch ihre Arbeit transparent (z. B. durch Internetauftritte, Berichte, Ausstellungen, Flyer, u. a.).<\/li><\/ul>\n\n\n\n<p><strong><u>Professionalit\u00e4t<\/u><\/strong><\/p>\n\n\n\n<ul class=\"wp-block-list\"><li>Es ist uns wichtig, unsere Fachkompetenz durch Fortbildung zu erweitern.<\/li><li>Wir wollen uns im Team austauschen und beraten sowie unsere Arbeit reflektieren.<\/li><li>Wir wollen unsere Arbeitsabl\u00e4ufe effektiv gestalten.<\/li><\/ul>\n\n\n\n<div class=\"wp-block-file\"><a id=\"wp-block-file--media-c9f8cf5b-091d-43e2-b0ce-02ae8fd97091\" href=\"https:\/\/wordpress.nibis.de\/gshamspo\/files\/2024\/08\/Leitbild-Grundschule-am-Sportzentrum.pdf\">Leitbild-Grundschule-am-Sportzentrum<\/a><a href=\"https:\/\/wordpress.nibis.de\/gshamspo\/files\/2024\/08\/Leitbild-Grundschule-am-Sportzentrum.pdf\" class=\"wp-block-file__button\" download aria-describedby=\"wp-block-file--media-c9f8cf5b-091d-43e2-b0ce-02ae8fd97091\">Herunterladen<\/a><\/div>\n","protected":false},"excerpt":{"rendered":"<p>GEMEINSAM KINDER STARK MACHEN Unterricht Es ist uns wichtig, die individuellen F\u00e4higkeiten und Fertigkeiten unserer Sch\u00fcler angemessen zu f\u00f6rdern und zu fordern. Wir wollen verschiedene<\/p>\n","protected":false},"author":9194247,"featured_media":0,"parent":28,"menu_order":1,"comment_status":"closed","ping_status":"closed","template":"","meta":{"footnotes":""},"class_list":["post-134","page","type-page","status-publish","hentry"],"_links":{"self":[{"href":"https:\/\/wordpress.nibis.de\/gshamspo\/wp-json\/wp\/v2\/pages\/134","targetHints":{"allow":["GET"]}}],"collection":[{"href":"https:\/\/wordpress.nibis.de\/gshamspo\/wp-json\/wp\/v2\/pages"}],"about":[{"href":"https:\/\/wordpress.nibis.de\/gshamspo\/wp-json\/wp\/v2\/types\/page"}],"author":[{"embeddable":true,"href":"https:\/\/wordpress.nibis.de\/gshamspo\/wp-json\/wp\/v2\/users\/9194247"}],"replies":[{"embeddable":true,"href":"https:\/\/wordpress.nibis.de\/gshamspo\/wp-json\/wp\/v2\/comments?post=134"}],"version-history":[{"count":6,"href":"https:\/\/wordpress.nibis.de\/gshamspo\/wp-json\/wp\/v2\/pages\/134\/revisions"}],"predecessor-version":[{"id":627,"href":"https:\/\/wordpress.nibis.de\/gshamspo\/wp-json\/wp\/v2\/pages\/134\/revisions\/627"}],"up":[{"embeddable":true,"href":"https:\/\/wordpress.nibis.de\/gshamspo\/wp-json\/wp\/v2\/pages\/28"}],"wp:attachment":[{"href":"https:\/\/wordpress.nibis.de\/gshamspo\/wp-json\/wp\/v2\/media?parent=134"}],"curies":[{"name":"wp","href":"https:\/\/api.w.org\/{rel}","templated":true}]}}