{"id":28,"date":"2024-03-15T12:09:43","date_gmt":"2024-03-15T11:09:43","guid":{"rendered":"https:\/\/wordpress.nibis.de\/gshamspo\/?page_id=28"},"modified":"2025-12-05T09:17:08","modified_gmt":"2025-12-05T08:17:08","slug":"schulleitung","status":"publish","type":"page","link":"https:\/\/wordpress.nibis.de\/gshamspo\/schulleitung\/","title":{"rendered":"Unsere Schule"},"content":{"rendered":"\n<p>Am 19. August 2023 \u00f6ffnete die Grundschule Hasel\u00fcnne (jetzt Grundschule am Sportzentrum) ihre Tore f\u00fcr die ersten Sch\u00fclerinnen und Sch\u00fcler. 35 Kinder wurden an diesem Tag eingeschult. In doppelter Hinsicht ein besonderer Tag f\u00fcr die neuen Schulkinder, da sie, neben dem Start in ihre eigene Schullaufbahn, auch den ersten Schuljahrgang bildeten, der am neuen Hasel\u00fcnner Grundschulstandort eingeschult wurde. Die 35 Kinder teilten sich auf zwei 1. Klassen auf und wurden von zwei Lehrerinnen und einem Lehrer unterrichtet. Das Team der Schule komplettierten zwei p\u00e4dagogische Mitarbeiterinnen, eine Schulsozialarbeiterin sowie eine Schulsekret\u00e4rin.<\/p>\n\n\n\n<p>Neben der Grundschule waren zu diesem Zeitpunkt noch die Don-Bosco-Schule, mit 23 Sch\u00fclerinnen und Sch\u00fclern, und die Jakob-Muth-Schule, in der 8 Kindern mit geistiger oder k\u00f6rperlicher Behinderung unterrichtet und betreut wurden, am Schulstandort untergebracht. Alle drei Schulen teilten sich die R\u00e4umlichkeiten im alten Schulbau der Don-Bosco-Schule. <\/p>\n\n\n\n<p>Im Dezember 2023 starteten die ersten vorbereitenden Arbeiten f\u00fcr den Bau eines neuen Schulgeb\u00e4udes am Standort, in dem zuk\u00fcnftig die Grundschule untergebracht sein wird. Zu Schuljahresbeginn 2026\/2027 wird die Schule ihre finale Gr\u00f6\u00dfe erreicht haben. Dann werden 8 Grundschulklassen, mit ca. 160-180 Sch\u00fclerinnen und Sch\u00fclern, sowie die Jakob-Muth-Schule, mit zwei Gruppen je 8 Kinder, im neuen Schulgeb\u00e4ude untergebracht sein.<\/p>\n\n\n\n<p>Grund f\u00fcr die Implementierung eines neuen Schulstandortes in Hasel\u00fcnne war, dass die Sch\u00fclerzahlen seit Jahren konstant hoch sind und dies auch in den n\u00e4chsten Jahren so bleiben wird. Die fr\u00fcher f\u00fcr das komplette Stadtgebiet Hasel\u00fcnnes zust\u00e4ndige Paulusschule hatte absehbar nicht mehr die r\u00e4umlichen Kapazit\u00e4ten, um die vielen Kinder unterzubringen.\u00a0<\/p>\n","protected":false},"excerpt":{"rendered":"<p>Am 19. August 2023 \u00f6ffnete die Grundschule Hasel\u00fcnne (jetzt Grundschule am Sportzentrum) ihre Tore f\u00fcr die ersten Sch\u00fclerinnen und Sch\u00fcler. 35 Kinder wurden an diesem<\/p>\n","protected":false},"author":9194247,"featured_media":0,"parent":0,"menu_order":0,"comment_status":"closed","ping_status":"closed","template":"","meta":{"footnotes":""},"class_list":["post-28","page","type-page","status-publish","hentry"],"_links":{"self":[{"href":"https:\/\/wordpress.nibis.de\/gshamspo\/wp-json\/wp\/v2\/pages\/28","targetHints":{"allow":["GET"]}}],"collection":[{"href":"https:\/\/wordpress.nibis.de\/gshamspo\/wp-json\/wp\/v2\/pages"}],"about":[{"href":"https:\/\/wordpress.nibis.de\/gshamspo\/wp-json\/wp\/v2\/types\/page"}],"author":[{"embeddable":true,"href":"https:\/\/wordpress.nibis.de\/gshamspo\/wp-json\/wp\/v2\/users\/9194247"}],"replies":[{"embeddable":true,"href":"https:\/\/wordpress.nibis.de\/gshamspo\/wp-json\/wp\/v2\/comments?post=28"}],"version-history":[{"count":7,"href":"https:\/\/wordpress.nibis.de\/gshamspo\/wp-json\/wp\/v2\/pages\/28\/revisions"}],"predecessor-version":[{"id":1529,"href":"https:\/\/wordpress.nibis.de\/gshamspo\/wp-json\/wp\/v2\/pages\/28\/revisions\/1529"}],"wp:attachment":[{"href":"https:\/\/wordpress.nibis.de\/gshamspo\/wp-json\/wp\/v2\/media?parent=28"}],"curies":[{"name":"wp","href":"https:\/\/api.w.org\/{rel}","templated":true}]}}