{"id":373,"date":"2024-06-02T14:39:27","date_gmt":"2024-06-02T12:39:27","guid":{"rendered":"https:\/\/wordpress.nibis.de\/gshamspo\/?page_id=373"},"modified":"2025-01-14T08:02:15","modified_gmt":"2025-01-14T07:02:15","slug":"bildungs-und-teilhabepaket","status":"publish","type":"page","link":"https:\/\/wordpress.nibis.de\/gshamspo\/bildungs-und-teilhabepaket\/","title":{"rendered":"Bildungs- und Teilhabepaket"},"content":{"rendered":"\n<h4 class=\"wp-block-heading\">f\u00fcr einkommensschwache Familien<\/h4>\n\n\n\n<h5 class=\"wp-block-heading\">Was sind Leistungen f\u00fcr Bildung und Teilhabe (BuT)?<\/h5>\n\n\n\n<p>Bildung und Teilhabe am Leben in der Gemeinschaft sind der Schl\u00fcssel zur Herstellung von Chancengleichheit. Die Leistungen f\u00fcr Bildung und Teilhabe unterst\u00fctzen junge Menschen aus Familien mit geringem Einkommen, damit sie gleichberechtigt Angebote in Schule, Kita und Freizeit nutzen k\u00f6nnen.<\/p>\n\n\n\n<h5 class=\"wp-block-heading\">Wer kann die Zusch\u00fcsse erhalten?<\/h5>\n\n\n\n<p>Anspruchsberechtigt sind junge Menschen, wenn sie, beziehungsweise ihre Familien, eine der folgenden Leistungen beziehen:<\/p>\n\n\n\n<ul class=\"wp-block-list\"><li>Arbeitslosengeld II (SGB II)<\/li><li>Wohngeld und Kinderzuschlag (\u00a7 6b BKGG)<\/li><li>Sozialhilfe (SGB XII \u2013 Hilfe zum Lebensunterhalt, Grundsicherung)<\/li><li>Asylbewerberleistungen (\u00a7\u00a7 2 oder 3 AsylbLG)<\/li><li>Familien mit geringem Einkommen<\/li><\/ul>\n\n\n\n<p>Wer keine der genannten Leistungen erh\u00e4lt, die Kosten f\u00fcr Bildung und Teilhabe aber nicht selbst decken kann, hat die M\u00f6glichkeit, seinen individuellen Anspruch auf Bildungs- und Teilhabeleistungen pr\u00fcfen zu lassen. Der Leistungsanspruch gilt f\u00fcr Kinder und junge Menschen bis zur Vollendung des 25. Lebensjahres. Leistungen zur Teilhabe am sozialen und kulturellen Leben in der Gemeinschaft werden bis zur Vollendung des 18. Lebensjahres bezuschusst.<\/p>\n\n\n\n<p>Weitere Informationen finden Sie hier: <a href=\"https:\/\/www.emsland.de\/leben-freizeit\/arbeit-und-soziales\/bildung-und-teilhabe\/das-bildungs-und-teilhabepaket.html\" target=\"_blank\" rel=\"noreferrer noopener\">https:\/\/www.emsland.de\/leben-freizeit\/arbeit-und-soziales\/bildung-und-teilhabe\/das-bildungs-und-teilhabepaket.html<\/a><\/p>\n","protected":false},"excerpt":{"rendered":"<p>f\u00fcr einkommensschwache Familien Was sind Leistungen f\u00fcr Bildung und Teilhabe (BuT)? Bildung und Teilhabe am Leben in der Gemeinschaft sind der Schl\u00fcssel zur Herstellung von<\/p>\n","protected":false},"author":9194247,"featured_media":0,"parent":0,"menu_order":0,"comment_status":"closed","ping_status":"closed","template":"","meta":{"footnotes":""},"class_list":["post-373","page","type-page","status-publish","hentry"],"_links":{"self":[{"href":"https:\/\/wordpress.nibis.de\/gshamspo\/wp-json\/wp\/v2\/pages\/373","targetHints":{"allow":["GET"]}}],"collection":[{"href":"https:\/\/wordpress.nibis.de\/gshamspo\/wp-json\/wp\/v2\/pages"}],"about":[{"href":"https:\/\/wordpress.nibis.de\/gshamspo\/wp-json\/wp\/v2\/types\/page"}],"author":[{"embeddable":true,"href":"https:\/\/wordpress.nibis.de\/gshamspo\/wp-json\/wp\/v2\/users\/9194247"}],"replies":[{"embeddable":true,"href":"https:\/\/wordpress.nibis.de\/gshamspo\/wp-json\/wp\/v2\/comments?post=373"}],"version-history":[{"count":5,"href":"https:\/\/wordpress.nibis.de\/gshamspo\/wp-json\/wp\/v2\/pages\/373\/revisions"}],"predecessor-version":[{"id":1028,"href":"https:\/\/wordpress.nibis.de\/gshamspo\/wp-json\/wp\/v2\/pages\/373\/revisions\/1028"}],"wp:attachment":[{"href":"https:\/\/wordpress.nibis.de\/gshamspo\/wp-json\/wp\/v2\/media?parent=373"}],"curies":[{"name":"wp","href":"https:\/\/api.w.org\/{rel}","templated":true}]}}