{"id":379,"date":"2024-06-02T14:46:25","date_gmt":"2024-06-02T12:46:25","guid":{"rendered":"https:\/\/wordpress.nibis.de\/gshamspo\/?page_id=379"},"modified":"2025-03-13T08:59:43","modified_gmt":"2025-03-13T07:59:43","slug":"schulanmeldung","status":"publish","type":"page","link":"https:\/\/wordpress.nibis.de\/gshamspo\/schulanmeldung\/","title":{"rendered":"Schulanmeldung"},"content":{"rendered":"\n<p class=\"has-medium-font-size\"><strong>Mein Kind kommt in die Schule<\/strong><\/p>\n\n\n\n<p><strong>Liebe Eltern und Erziehungsberechtigte,<\/strong><\/p>\n\n\n\n<p>auf dieser Seite erhalten Sie einige Informationen zur Einschulung, zur Arbeit in der Grundschule und zum Thema \u201cMein Kind kommt in die Schule\u201d.<\/p>\n\n\n\n<p><strong>Schulanmeldung<\/strong><\/p>\n\n\n\n<p>Die Schulanmeldung erfolgt online ca. 1 1\/2 Jahre vor der Einschulung.  Sie ist \u00fcber folgenden Link m\u00f6glich: <a rel=\"noreferrer noopener\" href=\"https:\/\/openrathaus.haseluenne.de\/dienstleistungen\/-\/egov-bis-detail\/dienstleistung\/24240\/show\" target=\"_blank\">https:\/\/openrathaus.haseluenne.de\/dienstleistungen\/-\/egov-bis-detail\/dienstleistung\/24240\/show<\/a><\/p>\n\n\n\n<div class=\"wp-block-image is-style-tw-frame\"><figure class=\"aligncenter size-full\"><img loading=\"lazy\" decoding=\"async\" width=\"432\" height=\"432\" src=\"https:\/\/wordpress.nibis.de\/gshamspo\/files\/2025\/03\/Flyer-Schulanmeldung.jpg\" alt=\"\" class=\"wp-image-1176\" \/><\/figure><\/div>\n\n\n\n<p><strong>Schuleingangsuntersuchung<\/strong><\/p>\n\n\n\n<p>Schuleingangsuntersuchungen werden durch die Gesundheits\u00e4mter durchgef\u00fchrt. Eine Terminvergabe erfolgt im letzten Kindergartenjahr \u00fcber die Schule. Der Termin wird Ihnen \u00fcber den Kindergarten oder per Post mitgeteilt.<\/p>\n\n\n\n<p><strong>Informationsveranstaltung \u201cMein Kind kommt zur Schule\u201d<\/strong><\/p>\n\n\n\n<p>Im letzten Kindergartenjahr bietet die Schule eine Informationsveranstaltung zur Schulf\u00e4higkeit an. Eine Einladung wird \u00fcber die Kinderg\u00e4rten verteilt.<\/p>\n\n\n\n<p>Die Entscheidung \u00fcber die Schulf\u00e4higkeit obliegt den Schulleitungen. Hinweise dazu k\u00f6nnen und sollten die Erziehungsberechtigten, Therapeuten sowie insbesondere die Erzieherinnen und Erzieher der abgebenden Kitas geben. Nutzen Sie das Beratungsangebot Ihrer vorschulischen Einrichtung \/ Kindergarten.<\/p>\n\n\n\n<h6 class=\"wp-block-heading\" style=\"font-size:15px\">Schulanmeldung w\u00e4hrend des laufenden Schuljahres<\/h6>\n\n\n\n<p>Bei einem Wohnortwechsel im laufenden Schuljahr vereinbaren Sie mit uns einen Gespr\u00e4chstermin f\u00fcr die Schulanmeldung Ihres Kindes.<\/p>\n\n\n\n<div class=\"wp-block-columns are-vertically-aligned-top is-layout-flex wp-container-core-columns-is-layout-abceabcf wp-block-columns-is-layout-flex\">\n<div class=\"wp-block-column is-vertically-aligned-top is-layout-flow wp-block-column-is-layout-flow\" style=\"--col-width:100%;flex-basis:100%\">\n<div class=\"wp-block-group\"><div class=\"wp-block-group__inner-container is-layout-flow wp-block-group-is-layout-flow\">\n<p><strong>Weitergehende Informationen zum Schulstart <\/strong>finden Sie unter folgendem Link auf den Seiten der Nieders\u00e4chsischen Kultusministeriums: <a href=\"https:\/\/www.mk.niedersachsen.de\/startseite\/schule\/unsere_schulen\/allgemein_bildende_schulen\/grundschule\/schulanfang\/schulstart\/schulstart-139386.html\">Schulstart | Nds. Kultusministerium<\/a><\/p>\n<\/div><\/div>\n<\/div>\n<\/div>\n\n\n\n<p><\/p>\n","protected":false},"excerpt":{"rendered":"<p>Mein Kind kommt in die Schule Liebe Eltern und Erziehungsberechtigte, auf dieser Seite erhalten Sie einige Informationen zur Einschulung, zur Arbeit in der Grundschule und<\/p>\n","protected":false},"author":9194247,"featured_media":0,"parent":0,"menu_order":0,"comment_status":"closed","ping_status":"closed","template":"","meta":{"footnotes":""},"class_list":["post-379","page","type-page","status-publish","hentry"],"_links":{"self":[{"href":"https:\/\/wordpress.nibis.de\/gshamspo\/wp-json\/wp\/v2\/pages\/379","targetHints":{"allow":["GET"]}}],"collection":[{"href":"https:\/\/wordpress.nibis.de\/gshamspo\/wp-json\/wp\/v2\/pages"}],"about":[{"href":"https:\/\/wordpress.nibis.de\/gshamspo\/wp-json\/wp\/v2\/types\/page"}],"author":[{"embeddable":true,"href":"https:\/\/wordpress.nibis.de\/gshamspo\/wp-json\/wp\/v2\/users\/9194247"}],"replies":[{"embeddable":true,"href":"https:\/\/wordpress.nibis.de\/gshamspo\/wp-json\/wp\/v2\/comments?post=379"}],"version-history":[{"count":16,"href":"https:\/\/wordpress.nibis.de\/gshamspo\/wp-json\/wp\/v2\/pages\/379\/revisions"}],"predecessor-version":[{"id":1178,"href":"https:\/\/wordpress.nibis.de\/gshamspo\/wp-json\/wp\/v2\/pages\/379\/revisions\/1178"}],"wp:attachment":[{"href":"https:\/\/wordpress.nibis.de\/gshamspo\/wp-json\/wp\/v2\/media?parent=379"}],"curies":[{"name":"wp","href":"https:\/\/api.w.org\/{rel}","templated":true}]}}