{"id":580,"date":"2024-08-05T12:46:29","date_gmt":"2024-08-05T10:46:29","guid":{"rendered":"https:\/\/wordpress.nibis.de\/gshamspo\/?page_id=580"},"modified":"2025-08-25T12:02:59","modified_gmt":"2025-08-25T10:02:59","slug":"schulsozialarbeit","status":"publish","type":"page","link":"https:\/\/wordpress.nibis.de\/gshamspo\/schulsozialarbeit\/","title":{"rendered":"Schulsozialarbeit"},"content":{"rendered":"\n<div class=\"wp-block-media-text alignwide is-stacked-on-mobile is-style-tw-shadow\" style=\"grid-template-columns:16% auto\"><figure class=\"wp-block-media-text__media\"><img loading=\"lazy\" decoding=\"async\" width=\"150\" height=\"150\" src=\"https:\/\/wordpress.nibis.de\/gshamspo\/files\/2025\/02\/Matula-Foto-150x150-1.jpg\" alt=\"\" class=\"wp-image-1097 size-full\" \/><\/figure><div class=\"wp-block-media-text__content\">\n<p class=\"has-small-font-size\">Mein Name ist <strong>Monika Matula.<\/strong> Ich bin mit einem Stundenumfang von 13 Stunden als Schulsozialp\u00e4dagogin an der Grundschule am Sportzentrum und an den Grundschulen Lehrte, Andrup, Flechum t\u00e4tig. Als Schulsozialp\u00e4dagogin ist es mein Anliegen, dass sich die Sch\u00fclerinnen und Sch\u00fclern in der Schule wohl f\u00fchlen und Hilfe bekommen, wenn sie sie ben\u00f6tigen.<\/p>\n<\/div><\/div>\n\n\n\n<p><strong><u>Meine Aufgaben:<\/u><\/strong><\/p>\n\n\n\n<p>\u2022 ich h\u00f6re den Sch\u00fclerinnen und Sch\u00fclern zu, wenn sie Schwierigkeiten in der Schule haben und helfe ihnen bei der L\u00f6sungsfindung,<\/p>\n\n\n\n<p>\u2022 ich unterst\u00fctze die Kinder bei der Kl\u00e4rung von Konflikten untereinander,<\/p>\n\n\n\n<p>\u2022 ich stehe den Sch\u00fclerinnen und Sch\u00fclern bei Problemen im Freundeskreis oder in der&nbsp;Familie zur Seite und berate sie hinsichtlich m\u00f6glicher L\u00f6sungsstrategien,<\/p>\n\n\n\n<p><strong>&#8230; in den Klassen<\/strong><\/p>\n\n\n\n<p>\u2022 ich f\u00fchre verschiedene Projekte in den Klassen durch, um z.B. die Klassengemeinschaft zu st\u00e4rken oder die Sozialkompetenz zu verbessern,<\/p>\n\n\n\n<p>\u2022 ich unterst\u00fctze und begleite Kinder im Unterricht und geben Hilfestellung im schulischen sowie im sozialen Kontext,<\/p>\n\n\n\n<p>..<strong>. f\u00fcr die Eltern<\/strong><\/p>\n\n\n\n<p>\u2022 ich begleite Gespr\u00e4che zwischen Eltern und Lehrkraft\/Schulleitung als neutrale Vermittlerin,<\/p>\n\n\n\n<p>\u2022 ich unterst\u00fctze Eltern bei schulischen Schwierigkeiten ihrer Kinder und berate sie in Zusammenarbeit mit der F\u00f6rderkraft bez\u00fcglich m\u00f6glicher F\u00f6rderma\u00dfnahmen,<\/p>\n\n\n\n<p>\u2022 ich stelle auf Wunsch Kontakte zu Beratungsstellen oder anderen Einrichtungen her und informiere \u00fcber bestehende Angebote.<\/p>\n\n\n\n<p><strong>&#8230; f\u00fcr die Lehrerinnen und Lehrer<\/strong><\/p>\n\n\n\n<p>\u2022 ich bin Ansprechpartnerin, wenn sich die Lehrer Sorgen um einzelne Kinder machen und helfe bei der Kl\u00e4rung verschiedener Anliegen.<\/p>\n\n\n\n<p><strong>Kontakt:<\/strong><\/p>\n\n\n\n<p>telefonisch: montags und mittwochs &#8211; 05961 \/ 9162883<\/p>\n\n\n\n<p>per E-Mail: <a href=\"mailto:monika.matula@grundschule-am\">m&#111;&#x6e;&#x69;k&#97;&#x2e;&#x6d;a&#116;&#x75;&#x6c;a&#64;&#x67;&#x73;-&#97;&#x6d;&#x2d;s&#112;&#111;&#x72;&#x74;z&#101;&#x6e;&#x74;r&#117;&#x6d;&#x2e;d&#101;<\/a><\/p>\n\n\n\n<p><\/p>\n","protected":false},"excerpt":{"rendered":"<p>Mein Name ist Monika Matula. Ich bin mit einem Stundenumfang von 13 Stunden als Schulsozialp\u00e4dagogin an der Grundschule am Sportzentrum und an den Grundschulen Lehrte,<\/p>\n","protected":false},"author":9194247,"featured_media":0,"parent":0,"menu_order":0,"comment_status":"closed","ping_status":"closed","template":"","meta":{"footnotes":""},"class_list":["post-580","page","type-page","status-publish","hentry"],"_links":{"self":[{"href":"https:\/\/wordpress.nibis.de\/gshamspo\/wp-json\/wp\/v2\/pages\/580","targetHints":{"allow":["GET"]}}],"collection":[{"href":"https:\/\/wordpress.nibis.de\/gshamspo\/wp-json\/wp\/v2\/pages"}],"about":[{"href":"https:\/\/wordpress.nibis.de\/gshamspo\/wp-json\/wp\/v2\/types\/page"}],"author":[{"embeddable":true,"href":"https:\/\/wordpress.nibis.de\/gshamspo\/wp-json\/wp\/v2\/users\/9194247"}],"replies":[{"embeddable":true,"href":"https:\/\/wordpress.nibis.de\/gshamspo\/wp-json\/wp\/v2\/comments?post=580"}],"version-history":[{"count":11,"href":"https:\/\/wordpress.nibis.de\/gshamspo\/wp-json\/wp\/v2\/pages\/580\/revisions"}],"predecessor-version":[{"id":1455,"href":"https:\/\/wordpress.nibis.de\/gshamspo\/wp-json\/wp\/v2\/pages\/580\/revisions\/1455"}],"wp:attachment":[{"href":"https:\/\/wordpress.nibis.de\/gshamspo\/wp-json\/wp\/v2\/media?parent=580"}],"curies":[{"name":"wp","href":"https:\/\/api.w.org\/{rel}","templated":true}]}}