{"id":573,"date":"2019-03-08T11:48:42","date_gmt":"2019-03-08T10:48:42","guid":{"rendered":"https:\/\/wordpress.nibis.de\/gsheede\/?page_id=573"},"modified":"2026-03-05T14:50:26","modified_gmt":"2026-03-05T13:50:26","slug":"unser-neues-ganztagsangebot-zum-2-halbjahr","status":"publish","type":"page","link":"https:\/\/wordpress.nibis.de\/gsheede\/unser-neues-ganztagsangebot-zum-2-halbjahr\/","title":{"rendered":"Unser neues Ganztagsangebot zum 2.Halbjahr"},"content":{"rendered":"\n<p><\/p>\n\n\n\n<p><strong><em>Wichtiger Hinweis:<\/em><\/strong><\/p>\n\n\n\n<p><strong><em>Zum neuen Halbjahr beginnen wir eine neue Einteilung der AG-Angebote.  <\/em><\/strong><\/p>\n\n\n\n<p>Hier noch einmal die grunds\u00e4tzlichen Informationen auf einem Blick:<\/p>\n\n\n\n<p>Betreuung gibt es f\u00fcr Kl. 1 u. 2 in der f\u00fcnften Stunde (12.00 h \u2013 12.45 h), Mittagessen gibt es am Montag, Dienstag, Mittwoch und Donnerstag jeweils ab 12.50 Uhr.<\/p>\n\n\n\n<p><strong>Das Essen kostet pro Mahlzeit 3,30 \u20ac<\/strong> und wird unter bestimmten Voraussetzungen bezuschusst. Bitte melden Sie sich, wenn Sie dazu Fragen haben. Nach dem Mittagessen gibt es eine Bewegungspause.<\/p>\n\n\n\n<p><strong><em>F\u00fcr das neue Anmeldeverfahren gilt:<\/em><\/strong><\/p>\n\n\n\n<ul class=\"wp-block-list\">\n<li><strong><em>Sie melden Ihr Kind f\u00fcr den jeweiligen Tag an (12.45 \u2013 14.15\/15.45 Uhr). <\/em><\/strong><\/li>\n\n\n\n<li><strong><em>Die neue Abholzeit, f\u00fcr Kinder die ausschlie\u00dflich am Mittagessen und an der Hausaufgabenbetreuung teilnehmen, ist um 14.15 Uhr<\/em><\/strong>.<\/li>\n\n\n\n<li><strong><em>Das Mittagessen und die Hausaufgabenbetreuung finden wie gewohnt statt (bis 14.15 Uhr).<\/em><\/strong><\/li>\n\n\n\n<li><strong><em>Jede AG-Kraft hat dann eine Gruppe und f\u00fchrt dann mit der Gruppe eine AG durch (siehe Infos zu den AGs)<\/em><\/strong><\/li>\n<\/ul>\n\n\n\n<p><strong>Unsere Kooperationspartner f\u00fcr den Ganztagsbereich sind:<\/strong><\/p>\n\n\n\n<p>Musikverein Heede e.V.<\/p>\n\n\n\n<p>Deutsches Rotes Kreuz e.V.<\/p>\n\n\n\n<p>SV Rot-Weiss Heede e.V.<\/p>\n","protected":false},"excerpt":{"rendered":"<p>Wichtiger Hinweis: Zum neuen Halbjahr beginnen wir eine neue Einteilung der AG-Angebote. Hier noch einmal die grunds\u00e4tzlichen Informationen auf einem Blick: Betreuung gibt es f\u00fcr Kl. 1 u. 2 in der f\u00fcnften Stunde (12.00 h \u2013 12.45 h), Mittagessen gibt &hellip; <a href=\"https:\/\/wordpress.nibis.de\/gsheede\/unser-neues-ganztagsangebot-zum-2-halbjahr\/\">Weiterlesen <span class=\"meta-nav\">&rarr;<\/span><\/a><\/p>\n","protected":false},"author":718,"featured_media":0,"parent":0,"menu_order":0,"comment_status":"closed","ping_status":"closed","template":"","meta":{"footnotes":""},"class_list":["post-573","page","type-page","status-publish","hentry"],"_links":{"self":[{"href":"https:\/\/wordpress.nibis.de\/gsheede\/wp-json\/wp\/v2\/pages\/573","targetHints":{"allow":["GET"]}}],"collection":[{"href":"https:\/\/wordpress.nibis.de\/gsheede\/wp-json\/wp\/v2\/pages"}],"about":[{"href":"https:\/\/wordpress.nibis.de\/gsheede\/wp-json\/wp\/v2\/types\/page"}],"author":[{"embeddable":true,"href":"https:\/\/wordpress.nibis.de\/gsheede\/wp-json\/wp\/v2\/users\/718"}],"replies":[{"embeddable":true,"href":"https:\/\/wordpress.nibis.de\/gsheede\/wp-json\/wp\/v2\/comments?post=573"}],"version-history":[{"count":4,"href":"https:\/\/wordpress.nibis.de\/gsheede\/wp-json\/wp\/v2\/pages\/573\/revisions"}],"predecessor-version":[{"id":1441,"href":"https:\/\/wordpress.nibis.de\/gsheede\/wp-json\/wp\/v2\/pages\/573\/revisions\/1441"}],"wp:attachment":[{"href":"https:\/\/wordpress.nibis.de\/gsheede\/wp-json\/wp\/v2\/media?parent=573"}],"curies":[{"name":"wp","href":"https:\/\/api.w.org\/{rel}","templated":true}]}}

<p></p>



<p><strong><em>Wichtiger Hinweis:</em></strong></p>



<p><strong><em>Zum neuen Halbjahr beginnen wir eine neue Einteilung der AG-Angebote.  </em></strong></p>



<p>Hier noch einmal die grundsätzlichen Informationen auf einem Blick:</p>



<p>Betreuung gibt es für Kl. 1 u. 2 in der fünften Stunde (12.00 h – 12.45 h), Mittagessen gibt es am Montag, Dienstag, Mittwoch und Donnerstag jeweils ab 12.50 Uhr.</p>



<p><strong>Das Essen kostet pro Mahlzeit 3,30 €</strong> und wird unter bestimmten Voraussetzungen bezuschusst. Bitte melden Sie sich, wenn Sie dazu Fragen haben. Nach dem Mittagessen gibt es eine Bewegungspause.</p>



<p><strong><em>Für das neue Anmeldeverfahren gilt:</em></strong></p>



<ul class="wp-block-list">
<li><strong><em>Sie melden Ihr Kind für den jeweiligen Tag an (12.45 – 14.15/15.45 Uhr). </em></strong></li>



<li><strong><em>Die neue Abholzeit, für Kinder die ausschließlich am Mittagessen und an der Hausaufgabenbetreuung teilnehmen, ist um 14.15 Uhr</em></strong>.</li>



<li><strong><em>Das Mittagessen und die Hausaufgabenbetreuung finden wie gewohnt statt (bis 14.15 Uhr).</em></strong></li>



<li><strong><em>Jede AG-Kraft hat dann eine Gruppe und führt dann mit der Gruppe eine AG durch (siehe Infos zu den AGs)</em></strong></li>
</ul>



<p><strong>Unsere Kooperationspartner für den Ganztagsbereich sind:</strong></p>



<p>Musikverein Heede e.V.</p>



<p>Deutsches Rotes Kreuz e.V.</p>



<p>SV Rot-Weiss Heede e.V.</p>

<p>Wichtiger Hinweis: Zum neuen Halbjahr beginnen wir eine neue Einteilung der AG-Angebote. Hier noch einmal die grundsätzlichen Informationen auf einem Blick: Betreuung gibt es für Kl. 1 u. 2 in der fünften Stunde (12.00 h – 12.45 h), Mittagessen gibt &hellip; <a href="https://wordpress.nibis.de/gsheede/unser-neues-ganztagsangebot-zum-2-halbjahr/">Weiterlesen <span class="meta-nav">&rarr;</span></a></p>
