{"id":575,"date":"2019-03-08T11:48:42","date_gmt":"2019-03-08T10:48:42","guid":{"rendered":"https:\/\/wordpress.nibis.de\/gsheede\/?page_id=575"},"modified":"2026-03-05T14:45:02","modified_gmt":"2026-03-05T13:45:02","slug":"unser-foerderverein","status":"publish","type":"page","link":"https:\/\/wordpress.nibis.de\/gsheede\/unser-foerderverein\/","title":{"rendered":"Unser F\u00f6rderverein"},"content":{"rendered":"\n<p>Der F\u00f6rderverein der Grundschule Heede\/Ems e.V. ist ein Verein, der sich zum Ziel gesetzt hat, die Kinder im weitesten Sinne in ihrem schulischen Umfeld zu unterst\u00fctzen.<\/p>\n\n\n\n<p>Was wir wollen<br>&#8211; Die materielle Ausstattung der Schule verbessern, z.B. durch Anschaffung von Musikinstrumenten, Sport- und Spielger\u00e4ten<br>&#8211; Die Zusammenarbeit von Eltern und Lehrern f\u00f6rdern und die Schule zu einer gemeinsamen Angelegenheit machen<br>&#8211; Materiell bed\u00fcrftige Kinder bei der Teilnahme an Schulveranstaltungen unterst\u00fctzen<\/p>\n\n\n\n<p>So k\u00f6nnen Sie unsere Arbeit unterst\u00fctzen:<br>&#8211; Durch die Mitgliedschaft im F\u00f6rderverein (Mitgliedsbeitrag: beliebig, mindestens 6 \u20ac\/Jahr)  <br>&#8211; Durch eine Sach- oder Geldspende (beides steuerlich absetzbar)<br>&#8211; Durch aktive ehrenamtliche Mitarbeit <\/p>\n\n\n\n<div class=\"wp-block-file\"><a href=\"https:\/\/wordpress.nibis.de\/gsheede\/files\/2019\/03\/Beitrittserkl\u00e4rung-F\u00f6rderverein.pdf\">Beitrittserkl\u00e4rung-F\u00f6rderverein<\/a><a href=\"https:\/\/wordpress.nibis.de\/gsheede\/files\/2019\/03\/Beitrittserkl\u00e4rung-F\u00f6rderverein.pdf\" class=\"wp-block-file__button wp-element-button\" download>Herunterladen<\/a><\/div>\n\n\n\n<p><br>Vorsitzender des F\u00f6rdervereins:<br>Herr Fabian Ehls<br><\/p>\n\n\n\n<p>Stellvertr. Vorsitzender:<br \/>Herr Florian Soring<\/p>\n","protected":false},"excerpt":{"rendered":"<p>Der F\u00f6rderverein der Grundschule Heede\/Ems e.V. ist ein Verein, der sich zum Ziel gesetzt hat, die Kinder im weitesten Sinne in ihrem schulischen Umfeld zu unterst\u00fctzen. Was wir wollen&#8211; Die materielle Ausstattung der Schule verbessern, z.B. durch Anschaffung von Musikinstrumenten, &hellip; <a href=\"https:\/\/wordpress.nibis.de\/gsheede\/unser-foerderverein\/\">Weiterlesen <span class=\"meta-nav\">&rarr;<\/span><\/a><\/p>\n","protected":false},"author":718,"featured_media":0,"parent":0,"menu_order":0,"comment_status":"closed","ping_status":"closed","template":"","meta":{"footnotes":""},"class_list":["post-575","page","type-page","status-publish","hentry"],"_links":{"self":[{"href":"https:\/\/wordpress.nibis.de\/gsheede\/wp-json\/wp\/v2\/pages\/575","targetHints":{"allow":["GET"]}}],"collection":[{"href":"https:\/\/wordpress.nibis.de\/gsheede\/wp-json\/wp\/v2\/pages"}],"about":[{"href":"https:\/\/wordpress.nibis.de\/gsheede\/wp-json\/wp\/v2\/types\/page"}],"author":[{"embeddable":true,"href":"https:\/\/wordpress.nibis.de\/gsheede\/wp-json\/wp\/v2\/users\/718"}],"replies":[{"embeddable":true,"href":"https:\/\/wordpress.nibis.de\/gsheede\/wp-json\/wp\/v2\/comments?post=575"}],"version-history":[{"count":6,"href":"https:\/\/wordpress.nibis.de\/gsheede\/wp-json\/wp\/v2\/pages\/575\/revisions"}],"predecessor-version":[{"id":1440,"href":"https:\/\/wordpress.nibis.de\/gsheede\/wp-json\/wp\/v2\/pages\/575\/revisions\/1440"}],"wp:attachment":[{"href":"https:\/\/wordpress.nibis.de\/gsheede\/wp-json\/wp\/v2\/media?parent=575"}],"curies":[{"name":"wp","href":"https:\/\/api.w.org\/{rel}","templated":true}]}}