{"id":579,"date":"2019-03-08T11:48:43","date_gmt":"2019-03-08T10:48:43","guid":{"rendered":"https:\/\/wordpress.nibis.de\/gsheede\/?page_id=579"},"modified":"2024-04-08T12:42:46","modified_gmt":"2024-04-08T10:42:46","slug":"impressum","status":"publish","type":"page","link":"https:\/\/wordpress.nibis.de\/gsheede\/impressum\/","title":{"rendered":"Impressum"},"content":{"rendered":"\n<p>Land Niedersachsen (Diensteanbieter im Sinne des Telemediengesetzes, \u00a75)<br>Das Land Niedersachsen ist eine juristische Person des \u00f6ffentlichen Rechts,&nbsp;vertreten durch die:<\/p>\n\n\n\n<p>Grundschule Heede<br>Schulstr.7<br>26892 Heede<\/p>\n\n\n\n<p><em>Vertreten durch:<\/em><br>Markus Haverkorn, Schulleiter<\/p>\n\n\n\n<p>Telefon: 0 49 63 \/ 544<br>Telefax: 0 49 63 \/ 90 53 44<br>E-Mail: &#x73;c&#x68;&#117;l&#x6c;&#101;&#x69;&#x74;u&#x6e;&#103;&#64;&#x67;&#114;&#x75;&#110;d&#x73;&#99;h&#x75;&#108;&#x65;&#45;h&#x65;&#101;&#x64;&#x65;&#46;&#x64;&#101;<\/p>\n\n\n\n<p><strong>Verantwortlich f\u00fcr den Inhalt nach \u00a7 55 Abs. 2 RStV:<\/strong><\/p>\n\n\n\n<p>Markus Haverkorn<br>Grundschule Heede<br>Schulstr.7<br>26892 Heede<\/p>\n\n\n\n<p>Webmaster: Markus Haverkorn<\/p>\n\n\n\n<p><strong>Bildnachweise \/ Bildrechte \/ Quellenangaben \u00fcber die verwendeten Bilder (sofern nicht anders gekennzeichnet):<\/strong><\/p>\n\n\n\n<p>Kollegium der Grundschule Heede<\/p>\n\n\n\n<p><em>Sollten Sie als Erziehungsberechtigte ein Foto auf unseren Seiten finden, auf dem Ihr Kind abgebildet ist, Sie dies aber nicht l\u00e4nger w\u00fcnschen, informieren Sie uns bitte umgehend. Wir sind bem\u00fcht, das Bild m\u00f6glichst rasch zu entfernen bzw. das Gesicht Ihres Kindes zu pixeln. Bitte geben Sie m\u00f6glichst die genaue Unterseite oder URL an. Vielen Dank!<\/em><\/p>\n\n\n\n<p><strong>Schultr\u00e4ger:<\/strong><br>Samtgemeinde D\u00f6rpen<br>Hauptstr.25<br>26892 D\u00f6rpen<br>Telefon 04963\/402-0<br>Telefax 04963\/402-120<\/p>\n\n\n\n<p><strong>Zust\u00e4ndige Aufsichtsbeh\u00f6rde:<\/strong><br><a href=\"http:\/\/www.landesschulbehoerde-niedersachsen.de\" target=\"_blank\" rel=\"noreferrer noopener\">Nieders\u00e4chsische Landesschulbeh\u00f6rde<\/a><br>Regionalabteilung Osnabr\u00fcck<br>M\u00fchleneschweg 5 &amp; 8<br>49090 Osnabr\u00fcck<br>Telefon: 0541\/314-01<\/p>\n\n\n\n<p>Quelle: <em><a href=\"http:\/\/www.e-recht24.de\/impressum-generator.html\">http:\/\/www.e-recht24.de<\/a><\/em><\/p>\n\n\n\n<p><strong>Haftungsausschluss (Disclaimer)<\/strong><\/p>\n\n\n\n<p><strong>Haftung f\u00fcr Inhalte<\/strong><\/p>\n\n\n\n<p>Als Diensteanbieter sind wir gem\u00e4\u00df \u00a7 7 Abs.1 TMG f\u00fcr eigene Inhalte auf diesen Seiten nach den allgemeinen Gesetzen verantwortlich. Nach \u00a7\u00a7 8 bis 10 TMG sind wir als Diensteanbieter jedoch nicht verpflichtet, \u00fcbermittelte oder gespeicherte fremde Informationen zu \u00fcberwachen oder nach Umst\u00e4nden zu forschen, die auf eine rechtswidrige T\u00e4tigkeit hinweisen. Verpflichtungen zur Entfernung oder Sperrung der Nutzung von Informationen nach den allgemeinen Gesetzen bleiben hiervon unber\u00fchrt. Eine diesbez\u00fcgliche Haftung ist jedoch erst ab dem Zeitpunkt der Kenntnis einer konkreten Rechtsverletzung m\u00f6glich. Bei Bekanntwerden von entsprechenden Rechtsverletzungen werden wir diese Inhalte umgehend entfernen.<\/p>\n\n\n\n<p><strong>Haftung f\u00fcr Links<\/strong><\/p>\n\n\n\n<p>Unser Angebot enth\u00e4lt Links zu externen Webseiten Dritter, auf deren Inhalte wir keinen Einfluss haben. Deshalb k\u00f6nnen wir f\u00fcr diese fremden Inhalte auch keine Gew\u00e4hr \u00fcbernehmen. F\u00fcr die Inhalte der verlinkten Seiten ist stets der jeweilige Anbieter oder Betreiber der Seiten verantwortlich. Die verlinkten Seiten wurden zum Zeitpunkt der Verlinkung auf m\u00f6gliche Rechtsverst\u00f6\u00dfe \u00fcberpr\u00fcft. Rechtswidrige Inhalte waren zum Zeitpunkt der Verlinkung nicht erkennbar. Eine permanente inhaltliche Kontrolle der verlinkten Seiten ist jedoch ohne konkrete Anhaltspunkte einer Rechtsverletzung nicht zumutbar. Bei Bekanntwerden von Rechtsverletzungen werden wir derartige Links umgehend entfernen.<\/p>\n\n\n\n<p><strong>Urheberrecht<\/strong><\/p>\n\n\n\n<p>Die durch die Seitenbetreiber erstellten Inhalte und Werke auf diesen Seiten unterliegen dem deutschen Urheberrecht. Die Vervielf\u00e4ltigung, Bearbeitung, Verbreitung und jede Art der Verwertung au\u00dferhalb der Grenzen des Urheberrechtes bed\u00fcrfen der schriftlichen Zustimmung des jeweiligen Autors bzw. Erstellers. Downloads und Kopien dieser Seite sind nur f\u00fcr den privaten, nicht kommerziellen Gebrauch gestattet. Soweit die Inhalte auf dieser Seite nicht vom Betreiber erstellt wurden, werden die Urheberrechte Dritter beachtet. Insbesondere werden Inhalte Dritter als solche gekennzeichnet. Sollten Sie trotzdem auf eine Urheberrechtsverletzung aufmerksam werden, bitten wir um einen entsprechenden Hinweis. Bei Bekanntwerden von Rechtsverletzungen werden wir derartige Inhalte umgehend entfernen.<\/p>\n\n\n\n<p><em>Quellverweis: <a href=\"http:\/\/www.e-recht24.de\/muster-disclaimer.html\" target=\"_blank\" rel=\"noreferrer noopener\">Disclaimer eRecht24<\/a><\/em><\/p>\n","protected":false},"excerpt":{"rendered":"<p>Land Niedersachsen (Diensteanbieter im Sinne des Telemediengesetzes, \u00a75)Das Land Niedersachsen ist eine juristische Person des \u00f6ffentlichen Rechts,&nbsp;vertreten durch die: Grundschule HeedeSchulstr.726892 Heede Vertreten durch:Markus Haverkorn, Schulleiter Telefon: 0 49 63 \/ 544Telefax: 0 49 63 \/ 90 53 44E-Mail: &#x73;&#x63;&#104;&#117;l&#x6c;&#x65;&#x69;&#116;un&#x67;&#x40;&#103;&#114;u&#x6e;&#x64;&#x73;&#99;hu&#x6c;&#x65;&#45;&#104;e&#x65;&#x64;&#x65;&#46;de &hellip; <a href=\"https:\/\/wordpress.nibis.de\/gsheede\/impressum\/\">Weiterlesen <span class=\"meta-nav\">&rarr;<\/span><\/a><\/p>\n","protected":false},"author":718,"featured_media":0,"parent":0,"menu_order":0,"comment_status":"closed","ping_status":"closed","template":"","meta":{"footnotes":""},"class_list":["post-579","page","type-page","status-publish","hentry"],"_links":{"self":[{"href":"https:\/\/wordpress.nibis.de\/gsheede\/wp-json\/wp\/v2\/pages\/579","targetHints":{"allow":["GET"]}}],"collection":[{"href":"https:\/\/wordpress.nibis.de\/gsheede\/wp-json\/wp\/v2\/pages"}],"about":[{"href":"https:\/\/wordpress.nibis.de\/gsheede\/wp-json\/wp\/v2\/types\/page"}],"author":[{"embeddable":true,"href":"https:\/\/wordpress.nibis.de\/gsheede\/wp-json\/wp\/v2\/users\/718"}],"replies":[{"embeddable":true,"href":"https:\/\/wordpress.nibis.de\/gsheede\/wp-json\/wp\/v2\/comments?post=579"}],"version-history":[{"count":3,"href":"https:\/\/wordpress.nibis.de\/gsheede\/wp-json\/wp\/v2\/pages\/579\/revisions"}],"predecessor-version":[{"id":1092,"href":"https:\/\/wordpress.nibis.de\/gsheede\/wp-json\/wp\/v2\/pages\/579\/revisions\/1092"}],"wp:attachment":[{"href":"https:\/\/wordpress.nibis.de\/gsheede\/wp-json\/wp\/v2\/media?parent=579"}],"curies":[{"name":"wp","href":"https:\/\/api.w.org\/{rel}","templated":true}]}}

<p>Land Niedersachsen (Diensteanbieter im Sinne des Telemediengesetzes, §5)<br>Das Land Niedersachsen ist eine juristische Person des öffentlichen Rechts,&nbsp;vertreten durch die:</p>



<p>Grundschule Heede<br>Schulstr.7<br>26892 Heede</p>



<p><em>Vertreten durch:</em><br>Markus Haverkorn, Schulleiter</p>



<p>Telefon: 0 49 63 / 544<br>Telefax: 0 49 63 / 90 53 44<br>E-Mail: &#x73;c&#x68;&#117;l&#x6c;&#101;&#x69;&#x74;u&#x6e;&#103;&#64;&#x67;&#114;&#x75;&#110;d&#x73;&#99;h&#x75;&#108;&#x65;&#45;h&#x65;&#101;&#x64;&#x65;&#46;&#x64;&#101;</p>



<p><strong>Verantwortlich für den Inhalt nach § 55 Abs. 2 RStV:</strong></p>



<p>Markus Haverkorn<br>Grundschule Heede<br>Schulstr.7<br>26892 Heede</p>



<p>Webmaster: Markus Haverkorn</p>



<p><strong>Bildnachweise / Bildrechte / Quellenangaben über die verwendeten Bilder (sofern nicht anders gekennzeichnet):</strong></p>



<p>Kollegium der Grundschule Heede</p>



<p><em>Sollten Sie als Erziehungsberechtigte ein Foto auf unseren Seiten finden, auf dem Ihr Kind abgebildet ist, Sie dies aber nicht länger wünschen, informieren Sie uns bitte umgehend. Wir sind bemüht, das Bild möglichst rasch zu entfernen bzw. das Gesicht Ihres Kindes zu pixeln. Bitte geben Sie möglichst die genaue Unterseite oder URL an. Vielen Dank!</em></p>



<p><strong>Schulträger:</strong><br>Samtgemeinde Dörpen<br>Hauptstr.25<br>26892 Dörpen<br>Telefon 04963/402-0<br>Telefax 04963/402-120</p>



<p><strong>Zuständige Aufsichtsbehörde:</strong><br><a href="http://www.landesschulbehoerde-niedersachsen.de" target="_blank" rel="noreferrer noopener">Niedersächsische Landesschulbehörde</a><br>Regionalabteilung Osnabrück<br>Mühleneschweg 5 &amp; 8<br>49090 Osnabrück<br>Telefon: 0541/314-01</p>



<p>Quelle: <em><a href="http://www.e-recht24.de/impressum-generator.html">http://www.e-recht24.de</a></em></p>



<p><strong>Haftungsausschluss (Disclaimer)</strong></p>



<p><strong>Haftung für Inhalte</strong></p>



<p>Als Diensteanbieter sind wir gemäß § 7 Abs.1 TMG für eigene Inhalte auf diesen Seiten nach den allgemeinen Gesetzen verantwortlich. Nach §§ 8 bis 10 TMG sind wir als Diensteanbieter jedoch nicht verpflichtet, übermittelte oder gespeicherte fremde Informationen zu überwachen oder nach Umständen zu forschen, die auf eine rechtswidrige Tätigkeit hinweisen. Verpflichtungen zur Entfernung oder Sperrung der Nutzung von Informationen nach den allgemeinen Gesetzen bleiben hiervon unberührt. Eine diesbezügliche Haftung ist jedoch erst ab dem Zeitpunkt der Kenntnis einer konkreten Rechtsverletzung möglich. Bei Bekanntwerden von entsprechenden Rechtsverletzungen werden wir diese Inhalte umgehend entfernen.</p>



<p><strong>Haftung für Links</strong></p>



<p>Unser Angebot enthält Links zu externen Webseiten Dritter, auf deren Inhalte wir keinen Einfluss haben. Deshalb können wir für diese fremden Inhalte auch keine Gewähr übernehmen. Für die Inhalte der verlinkten Seiten ist stets der jeweilige Anbieter oder Betreiber der Seiten verantwortlich. Die verlinkten Seiten wurden zum Zeitpunkt der Verlinkung auf mögliche Rechtsverstöße überprüft. Rechtswidrige Inhalte waren zum Zeitpunkt der Verlinkung nicht erkennbar. Eine permanente inhaltliche Kontrolle der verlinkten Seiten ist jedoch ohne konkrete Anhaltspunkte einer Rechtsverletzung nicht zumutbar. Bei Bekanntwerden von Rechtsverletzungen werden wir derartige Links umgehend entfernen.</p>



<p><strong>Urheberrecht</strong></p>



<p>Die durch die Seitenbetreiber erstellten Inhalte und Werke auf diesen Seiten unterliegen dem deutschen Urheberrecht. Die Vervielfältigung, Bearbeitung, Verbreitung und jede Art der Verwertung außerhalb der Grenzen des Urheberrechtes bedürfen der schriftlichen Zustimmung des jeweiligen Autors bzw. Erstellers. Downloads und Kopien dieser Seite sind nur für den privaten, nicht kommerziellen Gebrauch gestattet. Soweit die Inhalte auf dieser Seite nicht vom Betreiber erstellt wurden, werden die Urheberrechte Dritter beachtet. Insbesondere werden Inhalte Dritter als solche gekennzeichnet. Sollten Sie trotzdem auf eine Urheberrechtsverletzung aufmerksam werden, bitten wir um einen entsprechenden Hinweis. Bei Bekanntwerden von Rechtsverletzungen werden wir derartige Inhalte umgehend entfernen.</p>



<p><em>Quellverweis: <a href="http://www.e-recht24.de/muster-disclaimer.html" target="_blank" rel="noreferrer noopener">Disclaimer eRecht24</a></em></p>

<p>Land Niedersachsen (Diensteanbieter im Sinne des Telemediengesetzes, §5)Das Land Niedersachsen ist eine juristische Person des öffentlichen Rechts,&nbsp;vertreten durch die: Grundschule HeedeSchulstr.726892 Heede Vertreten durch:Markus Haverkorn, Schulleiter Telefon: 0 49 63 / 544Telefax: 0 49 63 / 90 53 44E-Mail: &#x73;&#x63;&#104;&#117;l&#x6c;&#x65;&#x69;&#116;un&#x67;&#x40;&#103;&#114;u&#x6e;&#x64;&#x73;&#99;hu&#x6c;&#x65;&#45;&#104;e&#x65;&#x64;&#x65;&#46;de &hellip; <a href="https://wordpress.nibis.de/gsheede/impressum/">Weiterlesen <span class="meta-nav">&rarr;</span></a></p>
