{"id":69,"date":"2016-05-31T21:19:26","date_gmt":"2016-05-31T19:19:26","guid":{"rendered":"http:\/\/wordpress.nibis.de\/gsheilsi\/?page_id=69"},"modified":"2019-01-06T17:16:53","modified_gmt":"2019-01-06T16:16:53","slug":"buecherei","status":"publish","type":"page","link":"https:\/\/wordpress.nibis.de\/gsheilsi\/buecherei\/","title":{"rendered":"Unsere B\u00fccherei"},"content":{"rendered":"<p><span style=\"font-family: comic sans ms, sans-serif\"><img loading=\"lazy\" decoding=\"async\" class=\"alignnone wp-image-209\" src=\"http:\/\/wordpress.nibis.de\/gsheilsi\/files\/2016\/05\/20170412_163911-300x169.jpg\" alt=\"\" width=\"620\" height=\"350\" srcset=\"https:\/\/wordpress.nibis.de\/gsheilsi\/files\/2016\/05\/20170412_163911-300x169.jpg 300w, https:\/\/wordpress.nibis.de\/gsheilsi\/files\/2016\/05\/20170412_163911-768x432.jpg 768w, https:\/\/wordpress.nibis.de\/gsheilsi\/files\/2016\/05\/20170412_163911.jpg 1024w\" sizes=\"auto, (max-width: 620px) 100vw, 620px\" \/><\/span><\/p>\n<p><span style=\"font-family: comic sans ms, sans-serif\">An unsere Schule gibt es eine Schulb\u00fccherei, die sich gro\u00dfer Beliebtheit erfreut. Sie bietet Mittwoches und Freitags in der ersten Pause unseren kleinen und gro\u00dfen Lesern viele Geschichte und B\u00fccher.<\/span><\/p>\n<p><span style=\"font-family: comic sans ms, sans-serif\">Ob f\u00fcr Erstleser, <img loading=\"lazy\" decoding=\"async\" class=\" wp-image-206 alignleft\" src=\"http:\/\/wordpress.nibis.de\/gsheilsi\/files\/2016\/05\/20170412_162832-300x169.jpg\" alt=\"\" width=\"318\" height=\"179\" srcset=\"https:\/\/wordpress.nibis.de\/gsheilsi\/files\/2016\/05\/20170412_162832-300x169.jpg 300w, https:\/\/wordpress.nibis.de\/gsheilsi\/files\/2016\/05\/20170412_162832-768x432.jpg 768w, https:\/\/wordpress.nibis.de\/gsheilsi\/files\/2016\/05\/20170412_162832.jpg 1024w\" sizes=\"auto, (max-width: 318px) 100vw, 318px\" \/>erfahrene Leser oder <img loading=\"lazy\" decoding=\"async\" class=\" wp-image-205 alignleft\" src=\"http:\/\/wordpress.nibis.de\/gsheilsi\/files\/2016\/05\/20170412_162828-300x169.jpg\" alt=\"\" width=\"318\" height=\"179\" srcset=\"https:\/\/wordpress.nibis.de\/gsheilsi\/files\/2016\/05\/20170412_162828-300x169.jpg 300w, https:\/\/wordpress.nibis.de\/gsheilsi\/files\/2016\/05\/20170412_162828-768x432.jpg 768w, https:\/\/wordpress.nibis.de\/gsheilsi\/files\/2016\/05\/20170412_162828.jpg 1024w\" sizes=\"auto, (max-width: 318px) 100vw, 318px\" \/>Bilderbuch Liebhaber f\u00fcr jeden ist etwas dabei!<\/span><\/p>\n<p><span style=\"font-family: comic sans ms, sans-serif\"><img loading=\"lazy\" decoding=\"async\" class=\" wp-image-207 alignnone\" src=\"http:\/\/wordpress.nibis.de\/gsheilsi\/files\/2016\/05\/20170412_162843-169x300.jpg\" alt=\"\" width=\"194\" height=\"344\" srcset=\"https:\/\/wordpress.nibis.de\/gsheilsi\/files\/2016\/05\/20170412_162843-169x300.jpg 169w, https:\/\/wordpress.nibis.de\/gsheilsi\/files\/2016\/05\/20170412_162843.jpg 576w\" sizes=\"auto, (max-width: 194px) 100vw, 194px\" \/><\/span><\/p>\n<p><span style=\"font-family: comic sans ms, sans-serif\">Bei der Ausleihe helfen uns die Kinder aus der 4. Klasse. Unsere Aktionen wie B\u00fcchervorstellungen und Lesen\u00e4chte unterst\u00fctzen die Aufgabe der B\u00fccherei, Kindern den Spa\u00df am Lesen nahezubringen.<\/span><\/p>\n<p><span style=\"font-family: comic sans ms, sans-serif\">Zudem werden unsere Sachb\u00fccher als Recherche M\u00f6glichkeit f\u00fcr unseren Fachunterricht genutzt.<\/span><\/p>\n<p><span style=\"font-family: comic sans ms, sans-serif\"><img loading=\"lazy\" decoding=\"async\" class=\"size-medium wp-image-208 alignleft\" src=\"http:\/\/wordpress.nibis.de\/gsheilsi\/files\/2016\/05\/20170412_162813-300x169.jpg\" alt=\"\" width=\"300\" height=\"169\" srcset=\"https:\/\/wordpress.nibis.de\/gsheilsi\/files\/2016\/05\/20170412_162813-300x169.jpg 300w, https:\/\/wordpress.nibis.de\/gsheilsi\/files\/2016\/05\/20170412_162813-768x432.jpg 768w, https:\/\/wordpress.nibis.de\/gsheilsi\/files\/2016\/05\/20170412_162813.jpg 1024w\" sizes=\"auto, (max-width: 300px) 100vw, 300px\" \/><\/span><\/p>\n<p><span style=\"font-family: comic sans ms, sans-serif\">Beispielsweise bei unseren Dinob\u00fcchern oder ganz anderen Themenbereichen.<\/span><\/p>\n<div id=\"attachment_213\" style=\"width: 101px\" class=\"wp-caption alignleft\"><img loading=\"lazy\" decoding=\"async\" aria-describedby=\"caption-attachment-213\" class=\"wp-image-213\" src=\"http:\/\/wordpress.nibis.de\/gsheilsi\/files\/2016\/05\/images.png\" alt=\"\" width=\"91\" height=\"91\" srcset=\"https:\/\/wordpress.nibis.de\/gsheilsi\/files\/2016\/05\/images.png 225w, https:\/\/wordpress.nibis.de\/gsheilsi\/files\/2016\/05\/images-150x150.png 150w\" sizes=\"auto, (max-width: 91px) 100vw, 91px\" \/><p id=\"caption-attachment-213\" class=\"wp-caption-text\"><\/span> <span style=\"font-family: comic sans ms, sans-serif\">Thema: Tiere<\/span><\/p><\/div>\n<div id=\"attachment_212\" style=\"width: 100px\" class=\"wp-caption alignright\"><img loading=\"lazy\" decoding=\"async\" aria-describedby=\"caption-attachment-212\" class=\"wp-image-212\" src=\"http:\/\/wordpress.nibis.de\/gsheilsi\/files\/2016\/05\/Treasure-chest-Die-Cut-Vinyl-Decal-PV2033-450x450-300x300.png\" alt=\"\" width=\"90\" height=\"90\" srcset=\"https:\/\/wordpress.nibis.de\/gsheilsi\/files\/2016\/05\/Treasure-chest-Die-Cut-Vinyl-Decal-PV2033-450x450-300x300.png 300w, https:\/\/wordpress.nibis.de\/gsheilsi\/files\/2016\/05\/Treasure-chest-Die-Cut-Vinyl-Decal-PV2033-450x450-150x150.png 150w, https:\/\/wordpress.nibis.de\/gsheilsi\/files\/2016\/05\/Treasure-chest-Die-Cut-Vinyl-Decal-PV2033-450x450.png 450w\" sizes=\"auto, (max-width: 90px) 100vw, 90px\" \/><p id=\"caption-attachment-212\" class=\"wp-caption-text\"><\/span> <span style=\"font-family: comic sans ms, sans-serif\">oder: Piraten<\/span><\/p><\/div>\n<p>&nbsp;<\/p>\n<p>&nbsp;<\/p>\n<p>&nbsp;<\/p>\n<p>&nbsp;<\/p>\n<p><span style=\"font-family: comic sans ms, sans-serif\">Unsere BiBo nimmt immer mehr Form und Gestalt an. Bald ist sicher unser ganzer Baum geschm\u00fcckt von Bl\u00e4ttern unserer Sch\u00fclerinnen und Sch\u00fcler.<\/span><\/p>\n<p><span style=\"font-family: comic sans ms, sans-serif\"><img loading=\"lazy\" decoding=\"async\" class=\"size-medium wp-image-210 alignleft\" src=\"http:\/\/wordpress.nibis.de\/gsheilsi\/files\/2016\/05\/20170412_163916-300x169.jpg\" alt=\"\" width=\"300\" height=\"169\" srcset=\"https:\/\/wordpress.nibis.de\/gsheilsi\/files\/2016\/05\/20170412_163916-300x169.jpg 300w, https:\/\/wordpress.nibis.de\/gsheilsi\/files\/2016\/05\/20170412_163916-768x432.jpg 768w, https:\/\/wordpress.nibis.de\/gsheilsi\/files\/2016\/05\/20170412_163916.jpg 1024w\" sizes=\"auto, (max-width: 300px) 100vw, 300px\" \/><\/span><\/p>\n<p><span style=\"font-family: comic sans ms, sans-serif\"><img loading=\"lazy\" decoding=\"async\" class=\"size-medium wp-image-211 alignnone\" src=\"http:\/\/wordpress.nibis.de\/gsheilsi\/files\/2016\/05\/20170612_075209-300x169.jpg\" alt=\"\" width=\"300\" height=\"169\" srcset=\"https:\/\/wordpress.nibis.de\/gsheilsi\/files\/2016\/05\/20170612_075209-300x169.jpg 300w, https:\/\/wordpress.nibis.de\/gsheilsi\/files\/2016\/05\/20170612_075209-768x432.jpg 768w, https:\/\/wordpress.nibis.de\/gsheilsi\/files\/2016\/05\/20170612_075209.jpg 1024w\" sizes=\"auto, (max-width: 300px) 100vw, 300px\" \/><\/span><\/p>\n<p>&nbsp;<\/p>\n","protected":false},"excerpt":{"rendered":"<p>An unsere Schule gibt es eine Schulb\u00fccherei, die sich gro\u00dfer Beliebtheit erfreut. Sie bietet Mittwoches und Freitags in der ersten Pause unseren kleinen und gro\u00dfen Lesern viele Geschichte und B\u00fccher. Ob f\u00fcr Erstleser, erfahrene Leser oder Bilderbuch Liebhaber f\u00fcr jeden &hellip; <a href=\"https:\/\/wordpress.nibis.de\/gsheilsi\/buecherei\/\">Weiterlesen <span class=\"meta-nav\">&rarr;<\/span><\/a><\/p>\n","protected":false},"author":1015,"featured_media":0,"parent":0,"menu_order":0,"comment_status":"closed","ping_status":"closed","template":"","meta":{"footnotes":""},"class_list":["post-69","page","type-page","status-publish","hentry"],"_links":{"self":[{"href":"https:\/\/wordpress.nibis.de\/gsheilsi\/wp-json\/wp\/v2\/pages\/69","targetHints":{"allow":["GET"]}}],"collection":[{"href":"https:\/\/wordpress.nibis.de\/gsheilsi\/wp-json\/wp\/v2\/pages"}],"about":[{"href":"https:\/\/wordpress.nibis.de\/gsheilsi\/wp-json\/wp\/v2\/types\/page"}],"author":[{"embeddable":true,"href":"https:\/\/wordpress.nibis.de\/gsheilsi\/wp-json\/wp\/v2\/users\/1015"}],"replies":[{"embeddable":true,"href":"https:\/\/wordpress.nibis.de\/gsheilsi\/wp-json\/wp\/v2\/comments?post=69"}],"version-history":[{"count":12,"href":"https:\/\/wordpress.nibis.de\/gsheilsi\/wp-json\/wp\/v2\/pages\/69\/revisions"}],"predecessor-version":[{"id":846,"href":"https:\/\/wordpress.nibis.de\/gsheilsi\/wp-json\/wp\/v2\/pages\/69\/revisions\/846"}],"wp:attachment":[{"href":"https:\/\/wordpress.nibis.de\/gsheilsi\/wp-json\/wp\/v2\/media?parent=69"}],"curies":[{"name":"wp","href":"https:\/\/api.w.org\/{rel}","templated":true}]}}