{"id":131,"date":"2024-07-01T16:41:08","date_gmt":"2024-07-01T14:41:08","guid":{"rendered":"https:\/\/wordpress.nibis.de\/gshermann-loens\/?page_id=131"},"modified":"2024-07-01T16:41:08","modified_gmt":"2024-07-01T14:41:08","slug":"engagierte-eltern","status":"publish","type":"page","link":"https:\/\/wordpress.nibis.de\/gshermann-loens\/engagierte-eltern\/","title":{"rendered":"Engagierte Eltern"},"content":{"rendered":"\n<p>Viele Eltern m\u00f6chten sich an unserer Schule engagieren. Dar\u00fcber freuen wir uns und dazu gibt es verschiedene Gelegenheiten.<\/p>\n\n\n\n<ul class=\"wp-block-list\"><li>In der\u00a0<strong>Elternmitarbeit<\/strong>. Sprechen Sie die Klassenlehrerin Ihres Kindes an, ob und wann und wie Elternmitarbeit geplant ist. (z.B. Ausflug, \u201eLesemutter\u201c, Basteltag\u2026)<\/li><li>Als\u00a0<strong>Klassenelternvertreter<\/strong>. Alle zwei Jahre werden diese in jeder Klasse gew\u00e4hlt und vertreten die Elternschaft der Klasse. Sie gestalten mit der Klassenlehrerin auch die Elternabende und laden zu diesen ein.<\/li><li>Im\u00a0<strong><a href=\"https:\/\/www.hermann-loens-schule-lueneburg.de\/elternrat.html\" target=\"_blank\" rel=\"noreferrer noopener\">Elternrat<\/a><\/strong>. Er ber\u00e4t die Eltern in allgemeinen Schulfragen, ist in der Gesamtkonferenz vertreten und unterst\u00fctzt die Arbeit des Kollegiums. F\u00fcr die Au\u00dfendarstellung der Schule ist er ebenfalls von Bedeutung.<\/li><li>Im\u00a0<strong>Schulvorstand<\/strong>. In ihm wird die Schulleitung mit gew\u00e4hlten Vertretern der Erziehungsberechtigten und der Lehrkr\u00e4fte zum Wohl der Schule verantwortlich zusammenarbeiten. (Aufgaben: Siehe \u00a7 38a Abs. 3 NSchG).<\/li><li>Als \u201e<a href=\"https:\/\/www.hermann-loens-schule-lueneburg.de\/ags-am-nachmittag.html\" target=\"_blank\" rel=\"noreferrer noopener\"><strong>AG &#8211; Eltern<\/strong><\/a>\u201c. Sie sind\u00a0 z.B. k\u00fcnstlerisch oder technisch ambitioniert und haben Lust,\u00a0 einmal w\u00f6chentlich eine Arbeitsgemeinschaft mit Dritt \u2013 und Viertkl\u00e4sslern zu leiten? Je mehr Eltern &#8211; oder gerne auch Gro\u00dfeltern -mitmachen, desto vielf\u00e4ltiger ist unser Angebot<\/li><li>Im\u00a0<a href=\"https:\/\/www.hermann-loens-schule-lueneburg.de\/f%C3%B6rderverein.html\"><strong>F\u00f6rderverein<\/strong><\/a>. Unser F\u00f6rderverein ist eine wichtige St\u00fctze f\u00fcr unsere Arbeit in der Schule und Ihre Mitgliedschaft darin kommt allen Sch\u00fclern zugute! Er initiiert die tolle Kinonacht, finanziert tolle Schulprojekte und Aktionen! Informieren Sie sich dar\u00fcber bitte in unserem Flyer und machen Sie mit!<\/li><\/ul>\n","protected":false},"excerpt":{"rendered":"<p>Viele Eltern m\u00f6chten sich an unserer Schule engagieren. Dar\u00fcber freuen wir uns und dazu gibt es verschiedene Gelegenheiten. In der\u00a0Elternmitarbeit. Sprechen Sie die Klassenlehrerin Ihres Kindes an, ob und wann und wie Elternmitarbeit geplant ist. (z.B. Ausflug, \u201eLesemutter\u201c, Basteltag\u2026) Als\u00a0Klassenelternvertreter. &hellip; <a href=\"https:\/\/wordpress.nibis.de\/gshermann-loens\/engagierte-eltern\/\">Weiterlesen <span class=\"meta-nav\">&rarr;<\/span><\/a><\/p>\n","protected":false},"author":9194392,"featured_media":0,"parent":0,"menu_order":0,"comment_status":"closed","ping_status":"closed","template":"","meta":{"footnotes":""},"class_list":["post-131","page","type-page","status-publish","hentry"],"_links":{"self":[{"href":"https:\/\/wordpress.nibis.de\/gshermann-loens\/wp-json\/wp\/v2\/pages\/131","targetHints":{"allow":["GET"]}}],"collection":[{"href":"https:\/\/wordpress.nibis.de\/gshermann-loens\/wp-json\/wp\/v2\/pages"}],"about":[{"href":"https:\/\/wordpress.nibis.de\/gshermann-loens\/wp-json\/wp\/v2\/types\/page"}],"author":[{"embeddable":true,"href":"https:\/\/wordpress.nibis.de\/gshermann-loens\/wp-json\/wp\/v2\/users\/9194392"}],"replies":[{"embeddable":true,"href":"https:\/\/wordpress.nibis.de\/gshermann-loens\/wp-json\/wp\/v2\/comments?post=131"}],"version-history":[{"count":1,"href":"https:\/\/wordpress.nibis.de\/gshermann-loens\/wp-json\/wp\/v2\/pages\/131\/revisions"}],"predecessor-version":[{"id":132,"href":"https:\/\/wordpress.nibis.de\/gshermann-loens\/wp-json\/wp\/v2\/pages\/131\/revisions\/132"}],"wp:attachment":[{"href":"https:\/\/wordpress.nibis.de\/gshermann-loens\/wp-json\/wp\/v2\/media?parent=131"}],"curies":[{"name":"wp","href":"https:\/\/api.w.org\/{rel}","templated":true}]}}