{"id":1384,"date":"2026-03-09T17:06:47","date_gmt":"2026-03-09T16:06:47","guid":{"rendered":"https:\/\/wordpress.nibis.de\/gshermann-loens\/?page_id=1384"},"modified":"2026-03-14T15:41:14","modified_gmt":"2026-03-14T14:41:14","slug":"buecherei","status":"publish","type":"page","link":"https:\/\/wordpress.nibis.de\/gshermann-loens\/buecherei\/","title":{"rendered":"Schulb\u00fccherei"},"content":{"rendered":"\n<p class=\"has-text-align-left\">Die Schulb\u00fccherei ist ein wichtiger Baustein unseres Schullebens:<\/p>\n\n\n\n<p class=\"has-text-align-left\">Sie erm\u00f6glicht unseren Sch\u00fcler*innen einen niedrigschwelligen Zugang zu einer gro\u00dfen Auswahl an Kinder- und Sachb\u00fcchern, weckt Freude am Lesen und l\u00e4dt dazu ein, neue Themen und Geschichten zu entdecken.&nbsp;Die Kinder k\u00f6nnen in selbst ausgew\u00e4hlten B\u00fcchern nach Herzenslust st\u00f6bern, schm\u00f6kern und dabei vielleicht sogar ihr n\u00e4chstes Lieblingsbuch finden.<\/p>\n\n\n\n<p class=\"has-text-align-center has-blush-light-purple-gradient-background has-background\"><strong>Ge\u00f6ffnet ist die Schulb\u00fccherei immer freitags in der ersten gro\u00dfen Pause <\/strong><\/p>\n\n\n\n<p class=\"has-text-align-center has-blush-light-purple-gradient-background has-background\"><strong>von 9.30 Uhr\u201310.05 Uhr.<\/strong> <\/p>\n\n\n\n<p class=\"has-text-align-center\">M\u00f6glich wird dieses Angebot durch eine ehrenamtliche Initiative von Eltern, Gro\u00dfeltern und Freund*innen der Schule, die sich um die Organisation, die Ausleihe und die Beschaffung neuer B\u00fccher k\u00fcmmern.<\/p>\n\n\n\n<p class=\"has-text-align-center has-blush-light-purple-gradient-background has-background\">Wer Lust und Zeit hat, die Schulb\u00fccherei zu unterst\u00fctzen, ist herzlich willkommen:<\/p>\n\n\n\n<p class=\"has-text-align-center has-blush-light-purple-gradient-background has-background\">Kommen Sie einfach freitags vorbei oder melden Sie sich per Mail:<\/p>\n\n\n\n<p class=\"has-text-align-center has-blush-light-purple-gradient-background has-background\"><strong>&#x73;&#99;&#104;u&#x6c;&#x62;&#117;e&#x63;&#x68;&#101;r&#x65;&#x69;&#64;h&#x6c;&#x73;&#45;l&#x67;&#x2e;&#100;e<\/strong> <\/p>\n\n\n\n<p class=\"has-text-align-center\">Wir freuen uns au\u00dferdem immer \u00fcber gut erhaltene Buchspenden damit unser Bestand weiter wachsen kann und neue B\u00fccher den Weg zu unseren Sch\u00fcler*innen finden!<\/p>\n\n\n<div class=\"wp-block-image\">\n<figure class=\"aligncenter size-large is-resized\"><img loading=\"lazy\" decoding=\"async\" width=\"769\" height=\"600\" src=\"https:\/\/wordpress.nibis.de\/gshermann-loens\/files\/2026\/03\/01-769x600.jpg\" alt=\"\" class=\"wp-image-1396\" style=\"aspect-ratio:1.27352864920923;width:343px;height:auto\" srcset=\"https:\/\/wordpress.nibis.de\/gshermann-loens\/files\/2026\/03\/01-769x600.jpg 769w, https:\/\/wordpress.nibis.de\/gshermann-loens\/files\/2026\/03\/01-300x234.jpg 300w, https:\/\/wordpress.nibis.de\/gshermann-loens\/files\/2026\/03\/01-768x599.jpg 768w, https:\/\/wordpress.nibis.de\/gshermann-loens\/files\/2026\/03\/01-100x78.jpg 100w, https:\/\/wordpress.nibis.de\/gshermann-loens\/files\/2026\/03\/01-1536x1198.jpg 1536w, https:\/\/wordpress.nibis.de\/gshermann-loens\/files\/2026\/03\/01-385x300.jpg 385w, https:\/\/wordpress.nibis.de\/gshermann-loens\/files\/2026\/03\/01.jpg 1908w\" sizes=\"auto, (max-width: 769px) 100vw, 769px\" \/><\/figure>\n<\/div>\n\n<div class=\"wp-block-image\">\n<figure class=\"aligncenter size-large is-resized\"><img loading=\"lazy\" decoding=\"async\" width=\"800\" height=\"584\" src=\"https:\/\/wordpress.nibis.de\/gshermann-loens\/files\/2026\/03\/03-800x584.jpg\" alt=\"\" class=\"wp-image-1398\" style=\"aspect-ratio:1.3584070796460177;width:343px;height:auto\" srcset=\"https:\/\/wordpress.nibis.de\/gshermann-loens\/files\/2026\/03\/03-800x584.jpg 800w, https:\/\/wordpress.nibis.de\/gshermann-loens\/files\/2026\/03\/03-300x219.jpg 300w, https:\/\/wordpress.nibis.de\/gshermann-loens\/files\/2026\/03\/03-768x561.jpg 768w, https:\/\/wordpress.nibis.de\/gshermann-loens\/files\/2026\/03\/03-100x73.jpg 100w, https:\/\/wordpress.nibis.de\/gshermann-loens\/files\/2026\/03\/03-1536x1121.jpg 1536w, https:\/\/wordpress.nibis.de\/gshermann-loens\/files\/2026\/03\/03-411x300.jpg 411w, https:\/\/wordpress.nibis.de\/gshermann-loens\/files\/2026\/03\/03.jpg 1970w\" sizes=\"auto, (max-width: 800px) 100vw, 800px\" \/><\/figure>\n<\/div>\n\n<div class=\"wp-block-image\">\n<figure class=\"aligncenter size-large is-resized\"><img loading=\"lazy\" decoding=\"async\" width=\"800\" height=\"544\" src=\"https:\/\/wordpress.nibis.de\/gshermann-loens\/files\/2026\/03\/02-800x544.jpg\" alt=\"\" class=\"wp-image-1397\" style=\"aspect-ratio:1.4549763033175356;width:349px;height:auto\" srcset=\"https:\/\/wordpress.nibis.de\/gshermann-loens\/files\/2026\/03\/02-800x544.jpg 800w, https:\/\/wordpress.nibis.de\/gshermann-loens\/files\/2026\/03\/02-300x204.jpg 300w, https:\/\/wordpress.nibis.de\/gshermann-loens\/files\/2026\/03\/02-768x522.jpg 768w, https:\/\/wordpress.nibis.de\/gshermann-loens\/files\/2026\/03\/02-100x68.jpg 100w, https:\/\/wordpress.nibis.de\/gshermann-loens\/files\/2026\/03\/02-1536x1044.jpg 1536w, https:\/\/wordpress.nibis.de\/gshermann-loens\/files\/2026\/03\/02-441x300.jpg 441w, https:\/\/wordpress.nibis.de\/gshermann-loens\/files\/2026\/03\/02.jpg 1986w\" sizes=\"auto, (max-width: 800px) 100vw, 800px\" \/><\/figure>\n<\/div>","protected":false},"excerpt":{"rendered":"<p>Die Schulb\u00fccherei ist ein wichtiger Baustein unseres Schullebens: Sie erm\u00f6glicht unseren Sch\u00fcler*innen einen niedrigschwelligen Zugang zu einer gro\u00dfen Auswahl an Kinder- und Sachb\u00fcchern, weckt Freude am Lesen und l\u00e4dt dazu ein, neue Themen und Geschichten zu entdecken.&nbsp;Die Kinder k\u00f6nnen in &hellip; <a href=\"https:\/\/wordpress.nibis.de\/gshermann-loens\/buecherei\/\">Weiterlesen <span class=\"meta-nav\">&rarr;<\/span><\/a><\/p>\n","protected":false},"author":9194392,"featured_media":1396,"parent":0,"menu_order":0,"comment_status":"closed","ping_status":"closed","template":"","meta":{"footnotes":""},"class_list":["post-1384","page","type-page","status-publish","has-post-thumbnail","hentry"],"_links":{"self":[{"href":"https:\/\/wordpress.nibis.de\/gshermann-loens\/wp-json\/wp\/v2\/pages\/1384","targetHints":{"allow":["GET"]}}],"collection":[{"href":"https:\/\/wordpress.nibis.de\/gshermann-loens\/wp-json\/wp\/v2\/pages"}],"about":[{"href":"https:\/\/wordpress.nibis.de\/gshermann-loens\/wp-json\/wp\/v2\/types\/page"}],"author":[{"embeddable":true,"href":"https:\/\/wordpress.nibis.de\/gshermann-loens\/wp-json\/wp\/v2\/users\/9194392"}],"replies":[{"embeddable":true,"href":"https:\/\/wordpress.nibis.de\/gshermann-loens\/wp-json\/wp\/v2\/comments?post=1384"}],"version-history":[{"count":4,"href":"https:\/\/wordpress.nibis.de\/gshermann-loens\/wp-json\/wp\/v2\/pages\/1384\/revisions"}],"predecessor-version":[{"id":1404,"href":"https:\/\/wordpress.nibis.de\/gshermann-loens\/wp-json\/wp\/v2\/pages\/1384\/revisions\/1404"}],"wp:featuredmedia":[{"embeddable":true,"href":"https:\/\/wordpress.nibis.de\/gshermann-loens\/wp-json\/wp\/v2\/media\/1396"}],"wp:attachment":[{"href":"https:\/\/wordpress.nibis.de\/gshermann-loens\/wp-json\/wp\/v2\/media?parent=1384"}],"curies":[{"name":"wp","href":"https:\/\/api.w.org\/{rel}","templated":true}]}}