{"id":140,"date":"2024-07-01T16:47:45","date_gmt":"2024-07-01T14:47:45","guid":{"rendered":"https:\/\/wordpress.nibis.de\/gshermann-loens\/?page_id=140"},"modified":"2025-04-06T14:38:09","modified_gmt":"2025-04-06T12:38:09","slug":"schulordnung","status":"publish","type":"page","link":"https:\/\/wordpress.nibis.de\/gshermann-loens\/schulordnung\/","title":{"rendered":"Schulordnung"},"content":{"rendered":"\n<p><strong>Jede*r von uns ist anders, jede*r von uns ist wichtig und jede*r geh\u00f6rt dazu!<\/strong><\/p>\n\n\n\n<h3 class=\"wp-block-heading\"><strong>Wir sind die Hermann-L\u00f6ns-Schule!<\/strong><\/h3>\n\n\n\n<p><strong>Unsere Schulregeln<\/strong><\/p>\n\n\n\n<p><strong>Wir lernen hier in friedlicher Atmosph\u00e4re miteinander.&nbsp;<\/strong><\/p>\n\n\n\n<ul class=\"wp-block-list\"><li>Wir sind freundlich, h\u00f6flich, r\u00fccksichtsvoll und fair<\/li><li>Wir helfen und unterst\u00fctzen uns gegenseitig im Schulalltag.<\/li><li>Wir kl\u00e4ren Konflikte mit Worten. Wir finden Hilfe bei Lehrkr\u00e4ften und Personal.<\/li><li>Wir achten die Regeln der Klasse und der Schule. Wir h\u00f6ren auf unsere Lehrkr\u00e4fte und das Personal.<\/li><\/ul>\n\n\n\n<h3 class=\"wp-block-heading\"><strong>Unsere Hausordnung&nbsp;<\/strong><\/h3>\n\n\n\n<p><strong>Ohne uns Kinder l\u00e4uft hier nichts!!!<\/strong><\/p>\n\n\n\n<ul class=\"wp-block-list\"><li>Ich steige von meinem Fahrrad oder Roller ab, wenn ich den Schulhof betrete und schlie\u00dfe alles an den Fahrradst\u00e4ndern an.<\/li><li>Ab 07.50 Uhr k\u00f6nnen wir in unseren Klassenraum und halten uns dort leise bis zum Unterrichtsbeginn um 08.00 Uhr auf.<\/li><li>Wir betreten die Sporthalle, Werk-\/Musik-\/Textil-\/Computerraum nur mit einem Erwachsenen.<\/li><li>Wir bewegen uns im Schulgeb\u00e4ude achtsam und langsam. Besonders in den Fluren rennen und toben wir nicht oder werfen mit Gegenst\u00e4nden. Toben im Klassenraum ist nicht erlaubt.<\/li><li>Das Treten, Bei\u00dfen, Schlagen, Bespucken, Beschimpfen, Schubsen (jegliche Form von Gewalt verbal und k\u00f6rperlich) von Mitsch\u00fcler*innen und Lehrkr\u00e4ften ist verboten.<\/li><li>Wir halten unsere Feuerschutzt\u00fcren offen.<\/li><li>Wir verhalten uns im ganzen Schulgeb\u00e4ude leise.<\/li><li>S\u00e4mtliche elektronische Ger\u00e4te (Smartwatches, Handys, iPads und elektronisches Spielzeug) verbleiben w\u00e4hrend der Schulzeit ausgeschaltet im Schulranzen und d\u00fcrfen nicht genutzt werden.<\/li><li>Wir achten das Eigentum anderer.<\/li><li>Wir besch\u00e4digen und beschmutzen nichts mutwillig \u2013 sonst m\u00fcssen wir es ersetzen.<\/li><li>Das Mitbringen gef\u00e4hrlicher Gegenst\u00e4nde (z.B. Messer, Feuerzeug etc.) ist verboten. Es gilt das gesetzliche Waffenverbot an Schulen.<\/li><li>Die jeweiligen Klassenregeln sind zu befolgen.<\/li><li>F\u00fcr Sch\u00e4den oder den Verlust von Wertgegenst\u00e4nden \u00fcbernimmt die Schule keine Haftung.<\/li><li>Bei Verst\u00f6\u00dfen gegen die Hausordnung werden wir zur Verantwortung gezogen. Die Ma\u00dfnahme daf\u00fcr legt die Klassenleitung oder die Schulleitung fest.<\/li><\/ul>\n\n\n\n<p><strong>Eltern sind ein wichtiger Teil unserer Schulgemeinschaft und herzlich willkommen!&nbsp;<\/strong><\/p>\n\n\n\n<ul class=\"wp-block-list\"><li>Wir Eltern f\u00f6rdern die Selbstst\u00e4ndigkeit und das Selbstbewusstsein unserer Kinder, indem wir w\u00e4hrend der regul\u00e4ren Unterrichtszeit nicht bzw. nur nach vorheriger Absprache mit einer Lehrkraft oder aus organisatorischen Gr\u00fcnden (Sekretariat) das Schulgel\u00e4nde betreten.<\/li><li>Wir verabschieden und empfangen unser Kind vor dem Schulgel\u00e4nde.<\/li><li>Wir parken nicht auf dem Lehrerparkplatz.<\/li><li>Bei wichtigem Gespr\u00e4chsbedarf au\u00dferhalb der regul\u00e4ren Eltern-Kind-Gespr\u00e4che vereinbaren wir Termine f\u00fcr Elterngespr\u00e4che via Mail (&#118;&#x6f;&#114;&#x6e;a&#x6d;e&#46;&#x6e;&#97;&#x63;h&#x6e;a&#109;&#x65;&#64;&#x68;l&#x73;-&#108;&#x67;&#46;&#x64;e) oder \u00fcber das Mitteilungsheft.<\/li><li>Bei Krankheit oder anderen Gr\u00fcnden der Abwesenheit unseres Kindes melden wir unser Kind am ersten Tag der Erkrankung mit der voraussichtlichen Dauer im Sekretariat w\u00e4hrend der B\u00fcrozeit (08:00 Uhr bis 12:00 Uhr) oder per Mail\/Onlinekrankmeldung auf der Webseite ab. Eine schriftliche Entschuldigung legen wir bzw. legt unser Kind bei Wiederaufnahme des Schulbesuchs der Klassenleitung vor.<\/li><li>Adress\u00e4nderungen oder \u00c4nderungen von Kontaktdaten\/ Notfallnummern melden wir umgehend dem Sekretariat. Um f\u00fcr unser Kind in einer Notfallsituation erreichbar zu sein, tragen wir daf\u00fcr Sorge, dass diese Daten dem Sekretariat aktualisiert vorliegen.<\/li><\/ul>\n\n\n\n<p><strong>Unsere Pausenordnung&nbsp;<\/strong><\/p>\n\n\n\n<ul class=\"wp-block-list\"><li>In den Hofpausen halten wir uns immer drau\u00dfen auf dem Schulhof (nicht im Schulgeb\u00e4ude) auf.<\/li><li>Wer vom Sportunterricht oder aus einem Fachraum kommt, darf kurz ins Geb\u00e4ude gehen, um z.B. Jacke und Fr\u00fchst\u00fcck zu holen.<\/li><li>Wir gehen z\u00fcgig auf den Hof und bleiben nicht l\u00e4nger als n\u00f6tig im Schulgeb\u00e4ude.<\/li><li>Die Spiele-Ausleihe wird von den dritten und vierten Klassen im Wechsel betreut. Die Spielger\u00e4te d\u00fcrfen nur bei trockenem Wetter ausgegeben werden. Wir behandeln die Ger\u00e4te sorgsam und bringen sie sofort beim ersten Klingeln zur\u00fcck.<\/li><li>Das Werfen mit harten B\u00e4llen, Schneeb\u00e4llen, Eis und Erdklumpen, Sand, Eicheln, N\u00fcssen, Steinen, Flummis, \u00c4pfeln und \u00e4hnlichen Dingen ist auf dem gesamten Schulgel\u00e4nde und im Schulgeb\u00e4ude verboten. Verletzungsgefahr!<\/li><li>Wir sch\u00fctzen unsere B\u00fcsche und B\u00e4ume und rei\u00dfen weder Bl\u00e4tter, Zweige noch \u00c4ste ab.<\/li><li>Wir d\u00fcrfen das Schulgel\u00e4nde w\u00e4hrend der Schulzeit niemals verlassen.<\/li><li>W\u00e4hrend einer Regenpause bleiben wir im Klassenraum und verhalten uns ruhig.<\/li><li>Wenn es am Ende der Hofpause klingelt, begeben wir uns sofort in den Klassenraum und bereiten unseren Arbeitsplatz f\u00fcr die n\u00e4chste Stunde vor.<\/li><li>Zum Schulhof geh\u00f6rt auch die Wiese (bis vor der Turnhalle).<\/li><\/ul>\n\n\n\n<p><strong>Ordnung und Sauberkeit&nbsp;<\/strong><\/p>\n\n\n\n<ul class=\"wp-block-list\"><li>Wir h\u00e4ngen unsere Sachen an die Garderobe und stellen unsere Stra\u00dfenschuhe\/Hausschuhe ins Schuhregal. Im Klassenraum und in den Fachr\u00e4umen tragen wir Hausschuhe.<\/li><li>Wir tragen im Klassenraum keine M\u00fctzen, Kappen und Kapuzen.<\/li><li>W\u00e4hrend des Unterrichts essen wir nicht. Kaugummis sind verboten!<\/li><li>Nach der letzten Stunde oder der Betreuung stellen wir die St\u00fchle im Klassenraum hoch.<\/li><li>Wir achten darauf, dass unsere Ranzen und Sporttaschen im Flur niemanden behindern.<\/li><li>Wir achten im gesamten Schulgeb\u00e4ude auf M\u00fclltrennung.<\/li><li>Die Flure, die Klassenr\u00e4ume, den Schulhof und die Toiletten halten wir sauber. Wer etwas beschmutzt, muss es reinigen. Wer etwas absichtlich besch\u00e4digt, muss den Schaden ersetzen.<\/li><\/ul>\n\n\n\n<p><strong>Unser Arbeitsmaterial&nbsp;<\/strong><\/p>\n\n\n\n<ul class=\"wp-block-list\"><li>Wir haben unsere Arbeitsmaterialien f\u00fcr den Schultag dabei und gehen ordentlich damit um.<\/li><li>An \u201eSporttagen\u201c haben wir unser Sportzeug\/ Schwimmzeug dabei.<\/li><li>Die Hausaufgaben fertigen wir regelm\u00e4\u00dfig und ordentlich an.<\/li><\/ul>\n\n\n\n<p>Die Schulordnung trifft mit Beschluss der Gesamtkonferenz ab dem 02.04.2025 in Kraft.<\/p>\n\n\n\n<p>K.E. Gottschling\/ Rektorin<\/p>\n","protected":false},"excerpt":{"rendered":"<p>Jede*r von uns ist anders, jede*r von uns ist wichtig und jede*r geh\u00f6rt dazu! Wir sind die Hermann-L\u00f6ns-Schule! Unsere Schulregeln Wir lernen hier in friedlicher Atmosph\u00e4re miteinander.&nbsp; Wir sind freundlich, h\u00f6flich, r\u00fccksichtsvoll und fair Wir helfen und unterst\u00fctzen uns gegenseitig &hellip; <a href=\"https:\/\/wordpress.nibis.de\/gshermann-loens\/schulordnung\/\">Weiterlesen <span class=\"meta-nav\">&rarr;<\/span><\/a><\/p>\n","protected":false},"author":9194392,"featured_media":0,"parent":0,"menu_order":0,"comment_status":"closed","ping_status":"closed","template":"","meta":{"footnotes":""},"class_list":["post-140","page","type-page","status-publish","hentry"],"_links":{"self":[{"href":"https:\/\/wordpress.nibis.de\/gshermann-loens\/wp-json\/wp\/v2\/pages\/140","targetHints":{"allow":["GET"]}}],"collection":[{"href":"https:\/\/wordpress.nibis.de\/gshermann-loens\/wp-json\/wp\/v2\/pages"}],"about":[{"href":"https:\/\/wordpress.nibis.de\/gshermann-loens\/wp-json\/wp\/v2\/types\/page"}],"author":[{"embeddable":true,"href":"https:\/\/wordpress.nibis.de\/gshermann-loens\/wp-json\/wp\/v2\/users\/9194392"}],"replies":[{"embeddable":true,"href":"https:\/\/wordpress.nibis.de\/gshermann-loens\/wp-json\/wp\/v2\/comments?post=140"}],"version-history":[{"count":7,"href":"https:\/\/wordpress.nibis.de\/gshermann-loens\/wp-json\/wp\/v2\/pages\/140\/revisions"}],"predecessor-version":[{"id":919,"href":"https:\/\/wordpress.nibis.de\/gshermann-loens\/wp-json\/wp\/v2\/pages\/140\/revisions\/919"}],"wp:attachment":[{"href":"https:\/\/wordpress.nibis.de\/gshermann-loens\/wp-json\/wp\/v2\/media?parent=140"}],"curies":[{"name":"wp","href":"https:\/\/api.w.org\/{rel}","templated":true}]}}