{"id":179,"date":"2024-07-01T17:12:50","date_gmt":"2024-07-01T15:12:50","guid":{"rendered":"https:\/\/wordpress.nibis.de\/gshermann-loens\/?page_id=179"},"modified":"2026-02-07T22:10:21","modified_gmt":"2026-02-07T21:10:21","slug":"sportabzeichen","status":"publish","type":"page","link":"https:\/\/wordpress.nibis.de\/gshermann-loens\/sportabzeichen\/","title":{"rendered":"Sportabzeichen"},"content":{"rendered":"\n<p>Im 2.-4. Jahrgang wird das Deutsche Sportabzeichen vorbereitet und in Zusammenarbeit mit dem Kreissportbund mit einer Leistungspr\u00fcfung abgelegt.<\/p>\n\n\n\n<p>Das Deutsche Sportabzeichen ist eine Auszeichnung des Deutschen Olympischen Sportbundes (DOSB). Es ist die h\u00f6chste Auszeichnung au\u00dferhalb des Wettkampfsports und wird als Leistungsabzeichen f\u00fcr \u00fcberdurchschnittliche und vielseitige k\u00f6rperliche Leistungsf\u00e4higkeit verliehen. Die zu erbringenden Leistungen orientieren sich an den motorischen Grundf\u00e4higkeiten Ausdauer, Kraft, Schnelligkeit und Koordination. Aus jeder dieser Disziplingruppen muss eine \u00dcbung erfolgreich abgeschlossen werden (Leistungsstufe Bronze). Der Nachweis der Schwimmfertigkeit ist notwendige Voraussetzung f\u00fcr den Erwerb des Deutschen Sportabzeichens und wird sp\u00e4testens von den meisten Kindern im Schwimmunterricht der 3. Klasse erlangt.<\/p>\n\n\n\n<p>Das Deutsche Sportabzeichen ist ein Leistungszeichen mit den Leistungsstufen Bronze, Silber und Gold. Es kann pro Kalenderjahr einmal erworben werden und wird verliehen als Deutsches Sportabzeichen f\u00fcr Kinder und Jugendliche an Jungen und M\u00e4dchen, ab dem Kalenderjahr, in dem das 6. Lebensjahr erreicht wird.<br>Auch Menschen mit Behinderungen k\u00f6nnen das Deutsche Sportabzeichen erwerben.<\/p>\n\n\n\n<p>Die zur Auswahl stehenden Disziplinen und die nach Alter und Geschlecht differenzierten Leistungsanforderungen f\u00fcr das Deutsche Sportabzeichen f\u00fcr Kinder und Jugendliche und das Deutsche Sportabzeichen sind in den jeweiligen Leistungskatalogen geregelt.<\/p>\n\n\n\n<p>Die Kinder der Hermann-L\u00f6ns-Schule nehmen j\u00e4hrlich mit viel Freude und sportlichem Ehrgeiz an dem gezielten Vorbereitungstraining teil. Obwohl wir keinen &#8222;richtigen&#8220; Sportplatz haben, organisieren wir die bestm\u00f6glichsten Rahmenbedingungen, um das Sportabzeichen durchf\u00fchren zu k\u00f6nnen und freuen uns immer auf den sportlichen Tag auf dem MTV-Platz, wo wir unsere Leistungen ablegen.<\/p>\n","protected":false},"excerpt":{"rendered":"<p>Im 2.-4. Jahrgang wird das Deutsche Sportabzeichen vorbereitet und in Zusammenarbeit mit dem Kreissportbund mit einer Leistungspr\u00fcfung abgelegt. Das Deutsche Sportabzeichen ist eine Auszeichnung des Deutschen Olympischen Sportbundes (DOSB). Es ist die h\u00f6chste Auszeichnung au\u00dferhalb des Wettkampfsports und wird als &hellip; <a href=\"https:\/\/wordpress.nibis.de\/gshermann-loens\/sportabzeichen\/\">Weiterlesen <span class=\"meta-nav\">&rarr;<\/span><\/a><\/p>\n","protected":false},"author":9194392,"featured_media":0,"parent":0,"menu_order":0,"comment_status":"closed","ping_status":"closed","template":"","meta":{"footnotes":""},"class_list":["post-179","page","type-page","status-publish","hentry"],"_links":{"self":[{"href":"https:\/\/wordpress.nibis.de\/gshermann-loens\/wp-json\/wp\/v2\/pages\/179","targetHints":{"allow":["GET"]}}],"collection":[{"href":"https:\/\/wordpress.nibis.de\/gshermann-loens\/wp-json\/wp\/v2\/pages"}],"about":[{"href":"https:\/\/wordpress.nibis.de\/gshermann-loens\/wp-json\/wp\/v2\/types\/page"}],"author":[{"embeddable":true,"href":"https:\/\/wordpress.nibis.de\/gshermann-loens\/wp-json\/wp\/v2\/users\/9194392"}],"replies":[{"embeddable":true,"href":"https:\/\/wordpress.nibis.de\/gshermann-loens\/wp-json\/wp\/v2\/comments?post=179"}],"version-history":[{"count":2,"href":"https:\/\/wordpress.nibis.de\/gshermann-loens\/wp-json\/wp\/v2\/pages\/179\/revisions"}],"predecessor-version":[{"id":1311,"href":"https:\/\/wordpress.nibis.de\/gshermann-loens\/wp-json\/wp\/v2\/pages\/179\/revisions\/1311"}],"wp:attachment":[{"href":"https:\/\/wordpress.nibis.de\/gshermann-loens\/wp-json\/wp\/v2\/media?parent=179"}],"curies":[{"name":"wp","href":"https:\/\/api.w.org\/{rel}","templated":true}]}}