{"id":92,"date":"2024-07-01T15:39:33","date_gmt":"2024-07-01T13:39:33","guid":{"rendered":"https:\/\/wordpress.nibis.de\/gshermann-loens\/?page_id=92"},"modified":"2024-07-02T14:42:31","modified_gmt":"2024-07-02T12:42:31","slug":"unsere-schule","status":"publish","type":"page","link":"https:\/\/wordpress.nibis.de\/gshermann-loens\/unsere-schule\/","title":{"rendered":"Unsere Schule"},"content":{"rendered":"\n<h4 class=\"wp-block-heading\">Wir sind bestrebt die Pers\u00f6nlichkeitsentwicklung durch musische Erziehung zu f\u00f6rdern.<\/h4>\n\n\n\n<p>In den Schulalltag eingeflochten werden musikalische Erziehung, Kunstgestaltung und Theaterspiel. Diese musischen Bet\u00e4tigungen helfen unseren Schulkindern in einer Welt mit gro\u00dfen Anforderungen und Ver\u00e4nderungen zurechtzukommen, weil sie die Seele, die Gef\u00fchlswelt und den Intellekt gleicherma\u00dfen ansprechen und somit zur Formung der Pers\u00f6nlichkeit in erheblichem Ma\u00dfe beitragen. Theaterspiel, miteinander Musizieren, kreatives Tun f\u00f6rdern Teamgeist, Offenheit und Flexibilit\u00e4t.<\/p>\n\n\n\n<p>In der bildenden Kunst wird zus\u00e4tzlich die Individualit\u00e4t stark betont. Regelm\u00e4\u00dfig stattfindende Ausstellungen im Schulgeb\u00e4ude, Auff\u00fchrungen zum Schulanfang der Erstkl\u00e4ssler, zum Abschied der 4. Klassen, anl\u00e4sslich von jahreszeitlichen Feiern oder am Tag der offenen T\u00fcr runden den Schulalltag ab. Hierzu geh\u00f6rt auch die einmal j\u00e4hrlich stattfindende Projektwoche.<\/p>\n","protected":false},"excerpt":{"rendered":"<p>Wir sind bestrebt die Pers\u00f6nlichkeitsentwicklung durch musische Erziehung zu f\u00f6rdern. In den Schulalltag eingeflochten werden musikalische Erziehung, Kunstgestaltung und Theaterspiel. Diese musischen Bet\u00e4tigungen helfen unseren Schulkindern in einer Welt mit gro\u00dfen Anforderungen und Ver\u00e4nderungen zurechtzukommen, weil sie die Seele, die &hellip; <a href=\"https:\/\/wordpress.nibis.de\/gshermann-loens\/unsere-schule\/\">Weiterlesen <span class=\"meta-nav\">&rarr;<\/span><\/a><\/p>\n","protected":false},"author":9194392,"featured_media":0,"parent":0,"menu_order":0,"comment_status":"closed","ping_status":"closed","template":"","meta":{"footnotes":""},"class_list":["post-92","page","type-page","status-publish","hentry"],"_links":{"self":[{"href":"https:\/\/wordpress.nibis.de\/gshermann-loens\/wp-json\/wp\/v2\/pages\/92","targetHints":{"allow":["GET"]}}],"collection":[{"href":"https:\/\/wordpress.nibis.de\/gshermann-loens\/wp-json\/wp\/v2\/pages"}],"about":[{"href":"https:\/\/wordpress.nibis.de\/gshermann-loens\/wp-json\/wp\/v2\/types\/page"}],"author":[{"embeddable":true,"href":"https:\/\/wordpress.nibis.de\/gshermann-loens\/wp-json\/wp\/v2\/users\/9194392"}],"replies":[{"embeddable":true,"href":"https:\/\/wordpress.nibis.de\/gshermann-loens\/wp-json\/wp\/v2\/comments?post=92"}],"version-history":[{"count":2,"href":"https:\/\/wordpress.nibis.de\/gshermann-loens\/wp-json\/wp\/v2\/pages\/92\/revisions"}],"predecessor-version":[{"id":310,"href":"https:\/\/wordpress.nibis.de\/gshermann-loens\/wp-json\/wp\/v2\/pages\/92\/revisions\/310"}],"wp:attachment":[{"href":"https:\/\/wordpress.nibis.de\/gshermann-loens\/wp-json\/wp\/v2\/media?parent=92"}],"curies":[{"name":"wp","href":"https:\/\/api.w.org\/{rel}","templated":true}]}}