{"id":96,"date":"2024-07-01T15:40:51","date_gmt":"2024-07-01T13:40:51","guid":{"rendered":"https:\/\/wordpress.nibis.de\/gshermann-loens\/?page_id=96"},"modified":"2024-07-01T16:56:46","modified_gmt":"2024-07-01T14:56:46","slug":"foerderverein","status":"publish","type":"page","link":"https:\/\/wordpress.nibis.de\/gshermann-loens\/foerderverein\/","title":{"rendered":"F\u00f6rderverein"},"content":{"rendered":"\n<p>Der F\u00f6rderverein der Hermann-L\u00f6ns-Grundschule e. V. hat sich im Jahr 2000 durch die Initiative des Elternrates gebildet. Mitglieder sind Eltern, Lehrerinnen und&nbsp;Freunde der Schule.<\/p>\n\n\n\n<p>Unser Ziel ist, die nicht allt\u00e4glichen Dinge des Schullebens zu f\u00f6rdern.<\/p>\n\n\n\n<p>Unsere Einnahmen sind Mitgliedsbeitr\u00e4ge und&nbsp;Spenden. Dadurch k\u00f6nnen wir F\u00f6rdermittel bereitstellen, die im Schulhaushalt nicht vorgesehen sind. In den vergangenen Jahren haben wir zum Beispiel die Umgestaltung des Schulhofs, das Projekt&nbsp;Musikalische Grundschule, die&nbsp;T\u00f6pferwerkstatt&nbsp;und die Schulb\u00fccherei unterst\u00fctzt. Mehr lesen Sie auf der Seite&nbsp;F\u00f6rderprojekte.<\/p>\n\n\n\n<p>Der F\u00f6rderverein setzt sich ein f\u00fcr die Extraportion:<\/p>\n\n\n\n<ul class=\"wp-block-list\"><li>mehr F\u00f6rderung<\/li><li>mehr Wissen<\/li><li>mehr Chancen<br>f\u00fcr unsere Kinder.<\/li><\/ul>\n\n\n\n<h3 class=\"wp-block-heading\"><strong>Ansprechpartner<\/strong><\/h3>\n\n\n\n<p>Wir sind \u00fcber die Adresse der Schule schriftlich zu erreichen:<\/p>\n\n\n\n<p>F\u00f6rderverein der Hermann-L\u00f6ns-Grundschule e. V.<\/p>\n\n\n\n<p>Vor dem Neuen Tore 31<br>21339 L\u00fcneburg<\/p>\n\n\n\n<p>E-Mail:\u00a0<strong>&#102;&#111;&#x65;r&#100;&#x65;&#x72;v&#101;&#x72;&#x65;i&#110;&#x2e;&#x68;l&#115;&#x40;&#x68;l&#115;&#x2d;&#x6c;g&#46;&#x64;e<\/strong><\/p>\n\n\n\n<p><\/p>\n\n\n\n<h2 class=\"wp-block-heading\">Spenden<\/h2>\n\n\n\n<p>Konto 85 35 31 24 00, Volksbank L\u00fcneburger Heide (BLZ 240 603 00)<\/p>\n\n\n\n<p>IBAN: DE71240603008535312400<br>BIC: GENODEF1NBU<\/p>\n\n\n\n<p>Spenden k\u00f6nnen Sie von der Steuer absetzen. Damit wir Ihnen eine Zuwendungsbescheinigung zusenden k\u00f6nnen, geben Sie bitte bei der \u00dcberweisung Ihre Adresse an.<\/p>\n\n\n\n<p>Der F\u00f6rderverein der Hermann-L\u00f6ns-Grundschule e. V. ist wegen F\u00f6rderung der Erziehung nach dem letzten Freistellungsbescheid bzw. nach der Anlage zum K\u00f6rperschaftsteuerbescheid des Finanzamtes L\u00fcneburg, StNr 33\/270\/06832, vom 22.12.2011 nach \u00a7 5 Abs. 1 Nr. 9 des K\u00f6rperschaftsteuergesetzes von der K\u00f6rperschaftsteuer und nach \u00a7 3 Nr. 6 des Gewerbesteuergesetzes von der Gewerbesteuer befreit.<\/p>\n","protected":false},"excerpt":{"rendered":"<p>Der F\u00f6rderverein der Hermann-L\u00f6ns-Grundschule e. V. hat sich im Jahr 2000 durch die Initiative des Elternrates gebildet. Mitglieder sind Eltern, Lehrerinnen und&nbsp;Freunde der Schule. Unser Ziel ist, die nicht allt\u00e4glichen Dinge des Schullebens zu f\u00f6rdern. Unsere Einnahmen sind Mitgliedsbeitr\u00e4ge und&nbsp;Spenden. &hellip; <a href=\"https:\/\/wordpress.nibis.de\/gshermann-loens\/foerderverein\/\">Weiterlesen <span class=\"meta-nav\">&rarr;<\/span><\/a><\/p>\n","protected":false},"author":9194392,"featured_media":0,"parent":0,"menu_order":0,"comment_status":"closed","ping_status":"closed","template":"","meta":{"footnotes":""},"class_list":["post-96","page","type-page","status-publish","hentry"],"_links":{"self":[{"href":"https:\/\/wordpress.nibis.de\/gshermann-loens\/wp-json\/wp\/v2\/pages\/96","targetHints":{"allow":["GET"]}}],"collection":[{"href":"https:\/\/wordpress.nibis.de\/gshermann-loens\/wp-json\/wp\/v2\/pages"}],"about":[{"href":"https:\/\/wordpress.nibis.de\/gshermann-loens\/wp-json\/wp\/v2\/types\/page"}],"author":[{"embeddable":true,"href":"https:\/\/wordpress.nibis.de\/gshermann-loens\/wp-json\/wp\/v2\/users\/9194392"}],"replies":[{"embeddable":true,"href":"https:\/\/wordpress.nibis.de\/gshermann-loens\/wp-json\/wp\/v2\/comments?post=96"}],"version-history":[{"count":3,"href":"https:\/\/wordpress.nibis.de\/gshermann-loens\/wp-json\/wp\/v2\/pages\/96\/revisions"}],"predecessor-version":[{"id":155,"href":"https:\/\/wordpress.nibis.de\/gshermann-loens\/wp-json\/wp\/v2\/pages\/96\/revisions\/155"}],"wp:attachment":[{"href":"https:\/\/wordpress.nibis.de\/gshermann-loens\/wp-json\/wp\/v2\/media?parent=96"}],"curies":[{"name":"wp","href":"https:\/\/api.w.org\/{rel}","templated":true}]}}