{"id":104,"date":"2015-12-07T18:04:25","date_gmt":"2015-12-07T17:04:25","guid":{"rendered":"http:\/\/wordpress.nibis.de\/gshermanns\/?page_id=104"},"modified":"2015-12-27T14:08:33","modified_gmt":"2015-12-27T13:08:33","slug":"geschichte-2","status":"publish","type":"page","link":"https:\/\/wordpress.nibis.de\/gshermanns\/home\/geschichte-2\/","title":{"rendered":"Geschichte"},"content":{"rendered":"<h6 style=\"text-align: center\"><strong>50 Jahre Schule Hermannshagen<\/strong><\/h6>\n<h6 style=\"text-align: center\"><strong>Daten der Schulgeschichte<\/strong><\/h6>\n<p><strong>1954:<\/strong> Die Schule Hermannshagen wird in M\u00fcnden als erste neue Schule nach dem 2. Weltkrieg gegr\u00fcndet: 8 Klassen der Jahrg\u00e4nge 1 -8 mit ca. 300 Sch\u00fcler und Sch\u00fclerinnen und 9 Lehrkr\u00e4ften. Da der Neubau zum Schuljahresbeginn nicht bezugsfertig ist, erfolgt zun\u00e4chst eine provisorische Unterbringung im alten Geb\u00e4ude der &#8222;Gewerblichen Berufsschule&#8220; an der Blume (jetzt Parkplatz). Im August erfolgt dann der Umzug in den Neubau im Stadtteil Hermannshagen.<\/p>\n<p><strong>1959\/60:<\/strong> Die Sch\u00fclerzahl w\u00e4chst. Die Schule Hermannshagen wird zweiz\u00fcgig. Die Aula wird in einen Musikraum und in einen Klassenraum umgebaut.<\/p>\n<p><strong>1964:<\/strong> Die Turnhalle wird eingeweiht.<\/p>\n<p><strong>1966\/67: <\/strong>Durch die Aufgliederung des Schulsystems in Grund- und Hauptschule wird aus der Volksschule Hermannshagen die Grundschule Hermannshagen.<\/p>\n<p><strong>1971\/72:<\/strong> An der Grundschule Hermannshagen werden die beiden ersten Vorklassen in Hann. M\u00fcnden eingerichtet.<\/p>\n<p><strong>1974\/75:<\/strong> Die Grundschule Wiershausen wird in die Grundschule Hermannshagen eingegliedert. Gleichzeitig werden die beiden Vorklassen nach Wiershausen ausgelagert.<\/p>\n<p><strong>1979:<\/strong> Die Sch\u00fclerzahlen gehen zur\u00fcck. Die Vorklasse kann wieder in das Schulgeb\u00e4ude in Hermannshagen zur\u00fcck verlegt werden.<\/p>\n<p><strong>1980 &#8211; 2000:<\/strong> Die Grundschule bleibt eine zweiz\u00fcgige Schule mit zwei Vorklassen.<\/p>\n<p><strong>2000\/01:<\/strong> Die Grundschule Hermannshagen wird, wie alle Grundschulen der Stadt Hann. M\u00fcnden, mit Schuljahresbeginn eine verl\u00e4ssliche Grundschule.<\/p>\n<p><strong>2002\/03:<\/strong> Durch die Abschaffung der Vorklassen in Niedersachsen verliert auch die Grundschule in Hermannshagen ihre noch bestehende Vorklasse.<\/p>\n<p><strong>2003\/04:<\/strong> Die Grundschule Hermannshagen ist weiterhin zweiz\u00fcgig. Die Sch\u00fclerInnen kommen aus den Stadtteilen Hermannshagen und Hinter der Blume sowie aus dem Ortsteil Wiershausen.<\/p>\n<p><strong>2004:<\/strong> Die Grundschule feiert ihr 50j\u00e4hriges Bestehen.<\/p>\n<p><strong>2004\/05:<\/strong> Die Turnhalle wird renoviert.<\/p>\n<p><strong>2005:<\/strong> Einweihung der renovierten Turnhalle.<\/p>\n<p><strong>2009:<\/strong> In Kooperation mit dem Kindergarten St. Matth\u00e4us wird in den R\u00e4umen der Grundschule ein Hort eingerichtet.<\/p>\n<p><strong>2014<\/strong>: Mit Schuljahresbeginn wird die Grundschule Hermannshagen Ganztagsschule. Die Sch\u00fclerinnen und Sch\u00fcler haben nun die M\u00f6glichkeit nach dem Unterricht am Vormittag an einem Mittagessen und einer Hausaufgabenbetreuung teilzunehmen. Au\u00dferdem findet zwischen 14.30 Uhr und 15.30 Uhr ein freizeitp\u00e4dagogisches Angobt in Arbeitsgemeinschaften statt.<\/p>\n<p style=\"text-align: center\"><a href=\"http:\/\/wordpress.nibis.de\/gshermanns\/?p=104\">nach oben<\/a><\/p>\n","protected":false},"excerpt":{"rendered":"<p>50 Jahre Schule Hermannshagen Daten der Schulgeschichte 1954: Die Schule Hermannshagen wird in M\u00fcnden als erste neue Schule nach dem 2. Weltkrieg gegr\u00fcndet: 8 Klassen der Jahrg\u00e4nge 1 -8 mit ca. 300 Sch\u00fcler und Sch\u00fclerinnen und 9 Lehrkr\u00e4ften. Da der Neubau zum Schuljahresbeginn nicht bezugsfertig ist, erfolgt zun\u00e4chst eine provisorische Unterbringung im alten Geb\u00e4ude der&hellip; <a class=\"more-link\" href=\"https:\/\/wordpress.nibis.de\/gshermanns\/home\/geschichte-2\/\"><span class=\"screen-reader-text\">Geschichte<\/span> weiterlesen<\/a><\/p>\n","protected":false},"author":845,"featured_media":0,"parent":52,"menu_order":0,"comment_status":"closed","ping_status":"closed","template":"","meta":{"footnotes":""},"class_list":["post-104","page","type-page","status-publish","hentry","entry"],"_links":{"self":[{"href":"https:\/\/wordpress.nibis.de\/gshermanns\/wp-json\/wp\/v2\/pages\/104","targetHints":{"allow":["GET"]}}],"collection":[{"href":"https:\/\/wordpress.nibis.de\/gshermanns\/wp-json\/wp\/v2\/pages"}],"about":[{"href":"https:\/\/wordpress.nibis.de\/gshermanns\/wp-json\/wp\/v2\/types\/page"}],"author":[{"embeddable":true,"href":"https:\/\/wordpress.nibis.de\/gshermanns\/wp-json\/wp\/v2\/users\/845"}],"replies":[{"embeddable":true,"href":"https:\/\/wordpress.nibis.de\/gshermanns\/wp-json\/wp\/v2\/comments?post=104"}],"version-history":[{"count":4,"href":"https:\/\/wordpress.nibis.de\/gshermanns\/wp-json\/wp\/v2\/pages\/104\/revisions"}],"predecessor-version":[{"id":298,"href":"https:\/\/wordpress.nibis.de\/gshermanns\/wp-json\/wp\/v2\/pages\/104\/revisions\/298"}],"up":[{"embeddable":true,"href":"https:\/\/wordpress.nibis.de\/gshermanns\/wp-json\/wp\/v2\/pages\/52"}],"wp:attachment":[{"href":"https:\/\/wordpress.nibis.de\/gshermanns\/wp-json\/wp\/v2\/media?parent=104"}],"curies":[{"name":"wp","href":"https:\/\/api.w.org\/{rel}","templated":true}]}}