{"id":337,"date":"2015-12-30T11:35:09","date_gmt":"2015-12-30T10:35:09","guid":{"rendered":"http:\/\/wordpress.nibis.de\/gshermanns\/?page_id=337"},"modified":"2025-04-05T10:06:19","modified_gmt":"2025-04-05T08:06:19","slug":"ganztagsschule","status":"publish","type":"page","link":"https:\/\/wordpress.nibis.de\/gshermanns\/ganztagsschule\/","title":{"rendered":"Ganztagsschule"},"content":{"rendered":"\n<p class=\"tw-text-wide\">Seit Beginn des Schuljahres 2014\/15 bietet unsere Schule die M\u00f6glichkeit der Ganztagsbeschulung an. Einige wichtige Informationen erhalten Sie hier, oder auf Nachfrage in unserem Sekretariat.<\/p>\n\n\n\n<ul class=\"is-style-tw-arrow wp-block-list\"><li>Das Ganztagsangebot umfasst 4 Tage pro Woche (Montag bis Donnerstag), wobei die Eltern sich aussuchen k\u00f6nnen, an welchen und wie vielen Tagen ihr Kind an der Ganztagsbetreuung teilnehmen soll.<\/li><li>Die Anmeldung und Tageauswahl ist f\u00fcr ein Schulhalbjahr bindend.<\/li><li>F\u00fcr alle Kinder besteht das Angebot, die Ganztagsschule nach dem regul\u00e4ren Unterricht bis um 15.30 Uhr zu besuchen.<\/li><li>In dieser Zeit bieten wir den Kindern ein Mittagessen, eine Hausaufgabenbetreuung und ein einst\u00fcndiges Freizeitangebot (AGs). Diese Angebote beziehen sich derzeit u. a. auf den Bereich des Sports, der Kreativit\u00e4t, des Schulwaldes, des sozialen Miteinanders und \u00c4hnlichem.<\/li><li>Das AG-Angebot wechselt t\u00e4glich. Die Kinder k\u00f6nnen sich bis Unterrichtsschluss in die f\u00fcr den Tag gew\u00fcnschte AG einw\u00e4hlen.<\/li><li>Die Teilnahme am Ganztagsschulbetrieb ist kostenlos. Nur das gelieferte Mittagessen von D\u00f6rrig Dienstleistungen wird mit einem Betrag von 4 Euro pro Gericht berechnet. Sollten Allergien, Unvertr\u00e4glichkeiten oder W\u00fcnsche nach vegetarischer oder veganer Ern\u00e4hrung vorliegen, k\u00f6nnen Sie uns dies gern mitteilen.<\/li><li>Alle Kinder, die am Ganztag teilnehmen, nehmen auch am Mittagessen teil.<\/li><li>Am Ganztagsbetrieb nimmt ungef\u00e4hr die H\u00e4lfte unserer 130 Sch\u00fcler und Sch\u00fclerinnen teil.<\/li><\/ul>\n\n\n\n<div class=\"wp-block-image\"><figure class=\"aligncenter\"><a href=\"https:\/\/wordpress.nibis.de\/gshermanns\/files\/2019\/06\/QEGS-Stempel-1.jpeg\"><img loading=\"lazy\" decoding=\"async\" width=\"300\" height=\"159\" src=\"https:\/\/wordpress.nibis.de\/gshermanns\/files\/2019\/06\/QEGS-Stempel-1-300x159.jpeg\" alt=\"\" class=\"wp-image-3124\" srcset=\"https:\/\/wordpress.nibis.de\/gshermanns\/files\/2019\/06\/QEGS-Stempel-1-300x159.jpeg 300w, https:\/\/wordpress.nibis.de\/gshermanns\/files\/2019\/06\/QEGS-Stempel-1.jpeg 640w\" sizes=\"auto, (max-width: 300px) 100vw, 300px\" \/><\/a><\/figure><\/div>\n\n\n\n<p class=\"tw-text-wide\">Die Grundschule Hermannshagen nimmt am Modellprojekt Qualit\u00e4tsentwicklung Ganztag teil. Wir evaluieren unsere Ganztagsangebote und wollen auf Grundlage der Ergebnisse unsere Ganztagsschule anpassen.<\/p>\n\n\n\n<p><a href=\"https:\/\/wordpress.nibis.de\/gshermanns\/files\/2019\/06\/Steckbrief-1.docx\">Steckbrief (1)<\/a><\/p>\n\n\n\n<p class=\"tw-text-wide has-black-color has-text-color\"><strong>Grober Zeitplan des Ganztages:<br><\/strong><br>1. Essensausgabe in eingeteilten (Jahrgangs-)Gruppen von 12:45-14:00 Uhr.<br>2. Hausaufgabenbetreuung von 14:00 &#8211; 14:30 Uhr.<br>3. AG-Angebot von 14:30 &#8211; 15:30 Uhr.<br>4. Ganztagsende 15:30 Uhr, Abfahrt des Busses nach Wiershausen ca. 15:45 Uhr.<\/p>\n\n\n\n<p class=\"has-text-align-center\">&nbsp;<\/p>\n","protected":false},"excerpt":{"rendered":"<p>Seit Beginn des Schuljahres 2014\/15 bietet unsere Schule die M\u00f6glichkeit der Ganztagsbeschulung an. Einige wichtige Informationen erhalten Sie hier, oder auf Nachfrage in unserem Sekretariat. Das Ganztagsangebot umfasst 4 Tage pro Woche (Montag bis Donnerstag), wobei die Eltern sich aussuchen k\u00f6nnen, an welchen und wie vielen Tagen ihr Kind an der Ganztagsbetreuung teilnehmen soll. Die&hellip; <a class=\"more-link\" href=\"https:\/\/wordpress.nibis.de\/gshermanns\/ganztagsschule\/\"><span class=\"screen-reader-text\">Ganztagsschule<\/span> weiterlesen<\/a><\/p>\n","protected":false},"author":845,"featured_media":0,"parent":0,"menu_order":0,"comment_status":"closed","ping_status":"closed","template":"","meta":{"footnotes":""},"class_list":["post-337","page","type-page","status-publish","hentry","entry"],"_links":{"self":[{"href":"https:\/\/wordpress.nibis.de\/gshermanns\/wp-json\/wp\/v2\/pages\/337","targetHints":{"allow":["GET"]}}],"collection":[{"href":"https:\/\/wordpress.nibis.de\/gshermanns\/wp-json\/wp\/v2\/pages"}],"about":[{"href":"https:\/\/wordpress.nibis.de\/gshermanns\/wp-json\/wp\/v2\/types\/page"}],"author":[{"embeddable":true,"href":"https:\/\/wordpress.nibis.de\/gshermanns\/wp-json\/wp\/v2\/users\/845"}],"replies":[{"embeddable":true,"href":"https:\/\/wordpress.nibis.de\/gshermanns\/wp-json\/wp\/v2\/comments?post=337"}],"version-history":[{"count":14,"href":"https:\/\/wordpress.nibis.de\/gshermanns\/wp-json\/wp\/v2\/pages\/337\/revisions"}],"predecessor-version":[{"id":4168,"href":"https:\/\/wordpress.nibis.de\/gshermanns\/wp-json\/wp\/v2\/pages\/337\/revisions\/4168"}],"wp:attachment":[{"href":"https:\/\/wordpress.nibis.de\/gshermanns\/wp-json\/wp\/v2\/media?parent=337"}],"curies":[{"name":"wp","href":"https:\/\/api.w.org\/{rel}","templated":true}]}}