{"id":418,"date":"2016-01-01T15:57:33","date_gmt":"2016-01-01T14:57:33","guid":{"rendered":"http:\/\/wordpress.nibis.de\/gshermanns\/?page_id=418"},"modified":"2025-03-30T12:29:53","modified_gmt":"2025-03-30T10:29:53","slug":"schulgemeinschaft","status":"publish","type":"page","link":"https:\/\/wordpress.nibis.de\/gshermanns\/schulgemeinschaft\/","title":{"rendered":"Schulgemeinschaft"},"content":{"rendered":"\n<p class=\"has-text-align-center\">&nbsp;<\/p>\n\n\n\n<p class=\"tw-text-wide\">An der Grundschule Hermannshagen ist es uns wichtig, dass die Sch\u00fclerinnen und Sch\u00fcler ein tragendes und lernf\u00f6rderliches Gemeinschaftsklima erleben. Daran wird nicht nur aktiv in den jeweiligen Klassen gearbeitet, sondern wir treffen uns zu bestimmten Anl\u00e4ssen immer wieder mit der gesamten Schulgemeinschaft.<\/p>\n\n\n\n<p class=\"tw-text-wide\">Hier erleben sowohl die Kinder, wie auch die erwachsenen Angeh\u00f6rigen der Schule eine gro\u00dfe Gemeinschaft, in der alle miteinander zu tun haben und in der viele Veranstaltungen besser zum Tragen kommen, als wenn sie lediglich mit wenigen Beteiligten durchgef\u00fchrt werden w\u00fcrden. Anl\u00e4sse, zu denen die ganze Schulgemeinschaft zusammen kommt, sind z.B.:<\/p>\n\n\n\n<ul class=\"is-style-tw-checkmark wp-block-list\"><li>Das Adventssingen<\/li><li>Feiern zum Beginn der Schule nach den Ferien<\/li><li>Feiern vor Beginn der Ferien<\/li><li>Schulfeste<\/li><li>Projektwochen<\/li><li>Bundesjugendspiele<\/li><li>Der Weihnachtsbasar<\/li><li>Das Fastenbrechen<\/li><li>Das Herbstfr\u00fchst\u00fcck mit Gottesdienst<\/li><\/ul>\n","protected":false},"excerpt":{"rendered":"<p>&nbsp; An der Grundschule Hermannshagen ist es uns wichtig, dass die Sch\u00fclerinnen und Sch\u00fcler ein tragendes und lernf\u00f6rderliches Gemeinschaftsklima erleben. Daran wird nicht nur aktiv in den jeweiligen Klassen gearbeitet, sondern wir treffen uns zu bestimmten Anl\u00e4ssen immer wieder mit der gesamten Schulgemeinschaft. Hier erleben sowohl die Kinder, wie auch die erwachsenen Angeh\u00f6rigen der Schule&hellip; <a class=\"more-link\" href=\"https:\/\/wordpress.nibis.de\/gshermanns\/schulgemeinschaft\/\"><span class=\"screen-reader-text\">Schulgemeinschaft<\/span> weiterlesen<\/a><\/p>\n","protected":false},"author":845,"featured_media":0,"parent":0,"menu_order":0,"comment_status":"closed","ping_status":"closed","template":"","meta":{"footnotes":""},"class_list":["post-418","page","type-page","status-publish","hentry","entry"],"_links":{"self":[{"href":"https:\/\/wordpress.nibis.de\/gshermanns\/wp-json\/wp\/v2\/pages\/418","targetHints":{"allow":["GET"]}}],"collection":[{"href":"https:\/\/wordpress.nibis.de\/gshermanns\/wp-json\/wp\/v2\/pages"}],"about":[{"href":"https:\/\/wordpress.nibis.de\/gshermanns\/wp-json\/wp\/v2\/types\/page"}],"author":[{"embeddable":true,"href":"https:\/\/wordpress.nibis.de\/gshermanns\/wp-json\/wp\/v2\/users\/845"}],"replies":[{"embeddable":true,"href":"https:\/\/wordpress.nibis.de\/gshermanns\/wp-json\/wp\/v2\/comments?post=418"}],"version-history":[{"count":4,"href":"https:\/\/wordpress.nibis.de\/gshermanns\/wp-json\/wp\/v2\/pages\/418\/revisions"}],"predecessor-version":[{"id":4062,"href":"https:\/\/wordpress.nibis.de\/gshermanns\/wp-json\/wp\/v2\/pages\/418\/revisions\/4062"}],"wp:attachment":[{"href":"https:\/\/wordpress.nibis.de\/gshermanns\/wp-json\/wp\/v2\/media?parent=418"}],"curies":[{"name":"wp","href":"https:\/\/api.w.org\/{rel}","templated":true}]}}