{"id":73,"date":"2015-12-06T22:35:23","date_gmt":"2015-12-06T21:35:23","guid":{"rendered":"http:\/\/wordpress.nibis.de\/gshermanns\/?page_id=73"},"modified":"2025-04-12T11:45:36","modified_gmt":"2025-04-12T09:45:36","slug":"eltern","status":"publish","type":"page","link":"https:\/\/wordpress.nibis.de\/gshermanns\/eltern\/","title":{"rendered":"Impressum"},"content":{"rendered":"\n<p><span style=\"font-family: Arial,sans-serif\"><b>Impressum<\/b><\/span><\/p>\n\n\n\n<p class=\"tw-text-wide\"><span style=\"font-family: Arial,sans-serif\">Land Niedersachsen <\/span><\/p>\n\n\n\n<p class=\"tw-text-wide\"><span style=\"font-family: Arial,sans-serif\">Das Land Niedersachsen ist eine juristische Person des \u00f6ffentlichen Rechts<br>vertreten durch:<\/span><\/p>\n\n\n\n<p><span style=\"font-family: Arial,sans-serif\">Herrn Philipp Speck, kommissarischer Schulleiter<\/span><\/p>\n\n\n\n<p><span style=\"font-family: Arial,sans-serif\">Grundschule Hermanshagen<br>Hermannsh\u00e4ger Str. 17<br>34346 Hann. M\u00fcnden<\/span><\/p>\n\n\n\n<p><span style=\"font-family: Arial,sans-serif\">Telefon: 05541 72420<\/span><\/p>\n\n\n\n<p><span style=\"font-family: Arial,sans-serif\">E-Mail: <a href=\"&#x6d;a&#x69;&#108;&#x74;&#111;:&#x47;&#83;&#x48;&#101;r&#x6d;&#97;&#x6e;&#110;s&#x68;a&#x67;&#101;&#x6e;&#x40;h&#x61;&#110;&#x6e;&#46;m&#x75;&#101;&#x6e;&#100;e&#x6e;&#46;&#x64;&#101;\">G&#83;&#72;&#x65;&#x72;&#x6d;&#x61;n&#110;&#115;&#104;&#x61;&#x67;&#x65;n&#64;&#104;&#97;&#x6e;&#x6e;&#x2e;mu&#101;&#110;&#x64;&#x65;&#x6e;&#46;d&#101;<\/a><\/span><\/p>\n\n\n\n<p class=\"tw-text-wide\"><span style=\"font-family: Arial,sans-serif\">Durch das Urteil vom 12.5.2000 des Landgerichts Hamburg wurde festgelegt, dass man durch das Setzen von Links die Inhalte der verlinkten Seiten mit zu verantworten hat. Dies kann nur dadurch verhindert werden, dass man sich ausdr\u00fccklich von diesen Seiten distanziert.<\/span><\/p>\n\n\n\n<p><span style=\"font-family: Arial,sans-serif\">Hiermit distanziert sich sich die Grundschule Hermannshagen ausdr\u00fccklich von allen Inhalten aller Websites, auf die durch Links auf unserer Homepage hingewiesen wird.<\/span><\/p>\n\n\n\n<p class=\"tw-text-wide\"><span style=\"font-family: Arial,sans-serif\">Die Inhalte der Homepage der Grundschule Hermannshagen sind urheberrechtlich gesch\u00fctzt. <\/span><\/p>\n\n\n\n<p><span style=\"font-family: Arial,sans-serif\">Sollten wir versehentlich Urheberrechte verletzt haben, bitten wir um eine Nachricht. Schicken Sie uns eine Email an folgende Adresse: <\/span><\/p>\n\n\n\n<p><span style=\"font-family: Arial,sans-serif\"><a href=\"mail&#116;&#111;&#58;&#71;&#114;&#x75;&#x6e;&#x64;&#x73;&#x63;&#x68;&#x75;le_H&#101;&#114;&#109;&#97;&#110;&#x6e;&#x73;&#x68;&#x61;&#x67;&#x65;&#x6e;&#x40;t-on&#108;&#105;&#110;&#101;&#46;&#x64;&#x65;\">&#x47;&#x53;&#72;e&#x72;&#x6d;&#97;nn&#x73;&#x68;&#97;g&#x65;&#x6e;&#64;&#104;a&#x6e;&#x6e;&#46;m&#x75;&#x65;&#110;&#100;e&#x6e;&#x2e;&#100;e<\/a>. <\/span><\/p>\n\n\n\n<p class=\"tw-text-wide\"><span style=\"font-family: Arial,sans-serif\">Nach einer \u00dcberpr\u00fcfung werden wir den Text oder die Grafik sofort aus unserer Homepage entfernen.<\/span><\/p>\n\n\n\n<p class=\"tw-text-wide\"><span style=\"font-family: Arial, sans-serif;color: #000000\">Auch w\u00fcrden wir uns \u00fcber weitere R\u00fcckmeldungen sehr freuen.<\/span><\/p>\n\n\n\n<p class=\"has-text-align-left\"><span style=\"color: #000000\"><strong>Datebschutzerk\u00e4rung<\/strong><\/span><\/p>\n\n\n\n<p><em><strong>Name und Anschrift des Verantwortlichen<\/strong><\/em><\/p>\n\n\n\n<p>Grundschule Hermannshagen<br>Hermannsh\u00e4ger Stra\u00dfe 17<br>34346 Hann. M\u00fcnden<br>Telefon: 05541 72420<br>E-Mail: G&#83;&#x48;&#x65;r&#109;&#97;&#x6e;&#x6e;s&#104;&#x61;&#x67;e&#110;&#64;&#x68;&#x61;n&#110;&#x2e;&#x6d;u&#101;&#110;&#x64;&#x65;n&#46;&#x64;&#x65;<\/p>\n\n\n\n<p><em><strong>Vertretungsberechtigt<\/strong><\/em><\/p>\n\n\n\n<p>Philipp Speck, komm. Schulleitung<\/p>\n\n\n\n<p><em><strong>Kontaktdaten der oder des Datenschutzbeauftragten<\/strong><\/em><\/p>\n\n\n\n<p>E-Mail: nicola&#46;&#98;&#97;&#97;&#107;&#101;&#64;&#x73;&#x63;&#x68;&#x75;&#x6c;&#x65;&#x2d;&#x6e;&#x64;&#x73;&#x2e;&#x64;e<\/p>\n\n\n\n<p><em><strong>Bereitstellung der Website und Erstellung von Logfiles<\/strong><\/em><\/p>\n\n\n\n<p class=\"tw-text-wide\">Bei jedem Aufruf unserer Internetseite erfasst unser System automatisiert Daten und Informationen vom Computersystem des aufrufenden Rechners. Folgende Daten werden hierbei erhoben:<\/p>\n\n\n\n<ol class=\"wp-block-list\"><li>Datum und Uhrzeit des Zugriffes<\/li><li>Die IP-Adresse des Nutzers<\/li><li>Die Betriebssystemversion des Nutzers<\/li><li>Der Browsertyp des Nutzers<\/li><li>Die vom Nutzer aufgerufene Seite<\/li><\/ol>\n\n\n\n<p class=\"tw-text-wide\">Die Daten werden in den Logfiles unseres Systems gespeichert. Eine Speicherung dieser Daten zusammen mit anderen personenbezogenen Daten des Nutzers findet nicht statt. Zweck der Datenspeicherung ist die technische Optimierung unserer Internetseite. Rechtsgrundlage f\u00fcr die vor\u00fcbergehende Speicherung der Daten ist Art. 6 Abs.1 lit.f DSGVO.<\/p>\n\n\n\n<p class=\"tw-text-wide\">Die Daten werden f\u00fcr zwei Monate <em>(<\/em>gespeichert, sie werden lediglich statistisch ausgewertet).<\/p>\n\n\n\n<p><em><strong>Verwendung von Cookies<\/strong><\/em><\/p>\n\n\n\n<p class=\"tw-text-wide\">Unsere Website verwendet Cookies. Dies sind kleine Textdateien, die automatisch von Ihrem Browser auf Ihrem Rechner gespeichert werden. Diese dienen folgenden Zwecken: z.B. Optimierung der Benutzerfreundlichkeit, \u2026 [Dies muss individuell angepasst werden]. Einige Funktionen unserer Internetseite k\u00f6nnen ohne den Einsatz von Cookies nicht angeboten werden. F\u00fcr diese ist es erforderlich, dass der Browser auch in einer neuen Sitzung wiedererkannt wird.<\/p>\n\n\n\n<p class=\"tw-text-wide\">Die durch diese Cookies verarbeiteten Daten sind f\u00fcr die genannten Zwecke zur Wahrung unserer berechtigten Interessen nach Art. 6 Abs. 1 S. 1 lit. f DSGVO erforderlich. Diese bestehen in einer technischen Optimierung der Bereitstellung unserer Internetseite.<\/p>\n\n\n\n<p class=\"tw-text-wide\">Es besteht die M\u00f6glichkeit, den Browser so einzustellen, dass keine Cookies gespeichert werden. In diesem Fall besteht allerdings die M\u00f6glichkeit, dass Sie nicht den vollen Funktionsumfang unserer Internetseiten nutzen k\u00f6nnen.<\/p>\n\n\n\n<p><em><strong>Betroffenenrechte<\/strong><\/em><\/p>\n\n\n\n<p class=\"tw-text-wide\">Sie k\u00f6nnen folgende Rechte geltend machen:<\/p>\n\n\n\n<p><strong>Auskunft\/ Akteneinsicht<\/strong><\/p>\n\n\n\n<p>Gem. Art. 15 DSGVO haben Sie das Recht, Auskunft bzw. Akteneinsicht \u00fcber die von uns verarbeiteten personenbezogenen Daten zu erhalten.<\/p>\n\n\n\n<p><strong>Berichtigung<\/strong><\/p>\n\n\n\n<p>Sind bei uns gespeicherte personenbezogene Daten unrichtig oder unvollst\u00e4ndig, haben Sie gem. Art. 16 DSGVO das Recht, diese berichtigen bzw. vervollst\u00e4ndigen zu lassen.<\/p>\n\n\n\n<p><strong>L\u00f6schung<\/strong><\/p>\n\n\n\n<p>Art. 17 DSGVO normiert das Recht auf L\u00f6schung personenbezogener Daten. Dieses Recht steht Ihnen insbesondere dann zu, wenn die Speicherung der personenbezogenen Daten zur Erf\u00fcllung unserer gesetzlichen Aufgaben nicht mehr erforderlich ist oder Sie Ihre Einwilligung zur Datenverarbeitung mit Wirkung f\u00fcr die Zukunft widerrufen haben.<\/p>\n\n\n\n<p><strong>Einschr\u00e4nkung der Verarbeitung<\/strong><\/p>\n\n\n\n<p>Gem. Art. 18 DSGVO k\u00f6nnen Sie die Einschr\u00e4nkung der personenbezogenen Daten verlangen, wenn<\/p>\n\n\n\n<ul class=\"wp-block-list\"><li>die Richtigkeit der Daten von Ihnen bestritten wird<\/li><li>die Verarbeitung unrechtm\u00e4\u00dfig ist, Sie aber deren L\u00f6schung ablehnen<\/li><li>wir die Daten nicht mehr ben\u00f6tigen, Sie jedoch diese zur Geltendmachung, Aus\u00fcbung oder Verteidigung von Rechtsanspr\u00fcchen ben\u00f6tigen<\/li><li>oder Sie gem\u00e4\u00df Art. 21 DSGVO Widerspruch gegen die Verarbeitung eingelegt haben<\/li><\/ul>\n\n\n\n<p><strong>Widerspruch<\/strong><\/p>\n\n\n\n<p>Sie k\u00f6nnen bei Gr\u00fcnden, die sich aus Ihrer besonderen Situation ergeben, ein Widerspruchsrecht geltend machen. Gem. Art. 21 DSGVO ist jedoch zu ber\u00fccksichtigten, ob schutzw\u00fcrdige Gr\u00fcnde f\u00fcr die Verarbeitung vorliegen oder die Verarbeitung der Geltendmachung, Aus\u00fcbung oder Verteidigung von Rechtsanspr\u00fcchen dient.<\/p>\n\n\n\n<p><strong>Daten\u00fcbertragbarkeit<\/strong><\/p>\n\n\n\n<p>Ist die Verarbeitung Ihrer Daten mit &nbsp;Hilfe eines automatisierten Verfahrens erfolgt, haben Sie gem. Art. 20 DSGVO das Recht, die Daten in einem g\u00e4ngigen und maschinenlesbaren Format zu erhalten und an eine andere Schule zu \u00fcbermitteln bzw. durch uns \u00fcbermitteln zu lassen.<\/p>\n\n\n\n<p><strong>Widerruf der Einwilligung<\/strong><\/p>\n\n\n\n<p>Sie haben gem. Art. 7 Absatz 3 DSGVO das Recht, uns erteilte Einwilligungen jederzeit mit Wirkung f\u00fcr die Zukunft zu widerrufen.<\/p>\n\n\n\n<p><strong>Beschwerde<\/strong><\/p>\n\n\n\n<p>Art. 77 DSGVO normiert ein Beschwerderecht bei der Aufsichtsbeh\u00f6rde. Die f\u00fcr uns zust\u00e4ndige Aufsichtsbeh\u00f6rde ist die Landesbeauftragte f\u00fcr den Datenschutz Niedersachsen, Prinzenstra\u00dfe 5, 30159 Hannover. E-Mail: <a href=\"mail&#116;&#111;&#58;&#112;&#111;&#x73;&#x74;&#x73;&#x74;&#x65;&#x6c;&#x6c;e&#64;lf&#100;&#46;&#110;&#105;&#101;&#x64;&#x65;&#x72;&#x73;&#x61;&#x63;&#x68;&#x73;en&#46;d&#101;\">&#x70;&#x6f;&#x73;&#x74;&#x73;&#x74;&#x65;&#x6c;&#x6c;&#x65;&#x40;&#x6c;&#x66;&#x64;&#x2e;&#x6e;&#x69;&#x65;&#x64;&#x65;&#x72;&#x73;&#x61;&#x63;&#x68;&#x73;&#x65;&#x6e;&#x2e;&#x64;&#x65;<\/a><\/p>\n","protected":false},"excerpt":{"rendered":"<p>Impressum Land Niedersachsen Das Land Niedersachsen ist eine juristische Person des \u00f6ffentlichen Rechtsvertreten durch: Herrn Philipp Speck, kommissarischer Schulleiter Grundschule HermanshagenHermannsh\u00e4ger Str. 1734346 Hann. M\u00fcnden Telefon: 05541 72420 E-Mail: &#71;&#83;&#x48;e&#114;&#x6d;&#x61;n&#110;&#x73;&#x68;a&#103;&#x65;n&#64;&#x68;&#x61;n&#110;&#x2e;&#x6d;u&#101;&#x6e;d&#101;&#x6e;&#x2e;d&#101; Durch das Urteil vom 12.5.2000 des Landgerichts Hamburg wurde festgelegt, dass man durch das Setzen von Links die Inhalte der verlinkten Seiten mit zu verantworten&hellip; <a class=\"more-link\" href=\"https:\/\/wordpress.nibis.de\/gshermanns\/eltern\/\"><span class=\"screen-reader-text\">Impressum<\/span> weiterlesen<\/a><\/p>\n","protected":false},"author":845,"featured_media":0,"parent":0,"menu_order":0,"comment_status":"closed","ping_status":"closed","template":"","meta":{"footnotes":""},"class_list":["post-73","page","type-page","status-publish","hentry","entry"],"_links":{"self":[{"href":"https:\/\/wordpress.nibis.de\/gshermanns\/wp-json\/wp\/v2\/pages\/73","targetHints":{"allow":["GET"]}}],"collection":[{"href":"https:\/\/wordpress.nibis.de\/gshermanns\/wp-json\/wp\/v2\/pages"}],"about":[{"href":"https:\/\/wordpress.nibis.de\/gshermanns\/wp-json\/wp\/v2\/types\/page"}],"author":[{"embeddable":true,"href":"https:\/\/wordpress.nibis.de\/gshermanns\/wp-json\/wp\/v2\/users\/845"}],"replies":[{"embeddable":true,"href":"https:\/\/wordpress.nibis.de\/gshermanns\/wp-json\/wp\/v2\/comments?post=73"}],"version-history":[{"count":12,"href":"https:\/\/wordpress.nibis.de\/gshermanns\/wp-json\/wp\/v2\/pages\/73\/revisions"}],"predecessor-version":[{"id":4185,"href":"https:\/\/wordpress.nibis.de\/gshermanns\/wp-json\/wp\/v2\/pages\/73\/revisions\/4185"}],"wp:attachment":[{"href":"https:\/\/wordpress.nibis.de\/gshermanns\/wp-json\/wp\/v2\/media?parent=73"}],"curies":[{"name":"wp","href":"https:\/\/api.w.org\/{rel}","templated":true}]}}