{"id":309,"date":"2021-02-22T16:41:40","date_gmt":"2021-02-22T15:41:40","guid":{"rendered":"https:\/\/wordpress.nibis.de\/gsherzlake\/?page_id=309"},"modified":"2021-02-25T16:51:37","modified_gmt":"2021-02-25T15:51:37","slug":"foerderverein","status":"publish","type":"page","link":"https:\/\/wordpress.nibis.de\/gsherzlake\/?page_id=309","title":{"rendered":"F\u00f6rderverein der Grundschule St. Nikolaus Herzlake e.V."},"content":{"rendered":"\n<div class=\"wp-block-image\"><figure class=\"aligncenter size-large is-resized\"><img loading=\"lazy\" decoding=\"async\" src=\"https:\/\/wordpress.nibis.de\/gsherzlake\/files\/2021\/02\/LOGO-F\u00d6RDERVEREIN-1024x535.jpg\" alt=\"\" class=\"wp-image-310\" width=\"358\" height=\"187\" srcset=\"https:\/\/wordpress.nibis.de\/gsherzlake\/files\/2021\/02\/LOGO-F\u00d6RDERVEREIN-1024x535.jpg 1024w, https:\/\/wordpress.nibis.de\/gsherzlake\/files\/2021\/02\/LOGO-F\u00d6RDERVEREIN-300x157.jpg 300w, https:\/\/wordpress.nibis.de\/gsherzlake\/files\/2021\/02\/LOGO-F\u00d6RDERVEREIN-768x401.jpg 768w, https:\/\/wordpress.nibis.de\/gsherzlake\/files\/2021\/02\/LOGO-F\u00d6RDERVEREIN-1536x802.jpg 1536w, https:\/\/wordpress.nibis.de\/gsherzlake\/files\/2021\/02\/LOGO-F\u00d6RDERVEREIN-2048x1070.jpg 2048w\" sizes=\"auto, (max-width: 358px) 100vw, 358px\" \/><\/figure><\/div>\n\n\n\n<p>Aufgabe und Ziel des F\u00f6rdervereins ist es, eine erfolgreiche und fr\u00f6hliche Schulzeit f\u00fcr unsere Kinder aktiv mitzugestalten. Wir m\u00f6chten ihnen erm\u00f6glichen, in einem ansprechenden und kindgerechten Umfeld zu lernen, welches bewegtes Lernen zul\u00e4sst, die zum Lernen ben\u00f6tigten Sinne anspricht und die Neugier auf Wissen weckt.<br>Darum machen wir uns stark f\u00fcr ein Mehr an Grundschule in allen Bereichen und verstehen uns nicht als Ersatz f\u00fcr die Leistungen des Schultr\u00e4gers.<\/p>\n\n\n\n<p>Unsere Ziele: <\/p>\n\n\n\n<ul class=\"wp-block-list\"><li>eine r\u00e4umliche und technische Modernisierung (ansprechende Farben, neues Mobiliar und technische Ger\u00e4te wie Notebooks und Smartboards)<\/li><li>ansprechende Schulhofgestaltung <\/li><li>den Gemeinschaftssinn durch Schulausfl\u00fcge und Projekte f\u00f6rdern<\/li><li>die Kreativit\u00e4t der Kinder durch neue Musikinstrumente, kreative Spielger\u00e4te und ein &#8222;Gr\u00fcnes Klassenzimmer&#8220; f\u00f6rdern<\/li><\/ul>\n\n\n\n<p>Unser F\u00f6rderverein lebt durch die Unterst\u00fctzung engagierter Mitgliederinnen und Mitglieder. Mit Ihrer Hilfe als Eltern, Gro\u00dfeltern, Firmen und anderer F\u00f6rderer wollen wir viel Gutes tun und noch einiges bewirken.<br>Aus diesem Grund ben\u00f6tigen wir neben helfenden H\u00e4nden, Engagement und vielen Ideen auch finanzielle Unterst\u00fctzung.<\/p>\n\n\n\n<p class=\"has-text-align-center\"><strong><span class=\"has-inline-color has-vivid-red-color\">Werden Sie Mitglied und unterst\u00fctzen Sie uns, Ihren Kindern eine sch\u00f6ne Schulzeit zu gestalten!<br>Bitte f\u00fcllen Sie die beigef\u00fcgte Einzugserm\u00e4chtigung aus. Geben Sie diese entweder direkt bei uns oder in der Schule ab!<\/span><\/strong><br>Ihre Spenden sind steuerlich absetzbar.<br><br><\/p>\n\n\n\n<div class=\"wp-block-file aligncenter\"><a href=\"https:\/\/wordpress.nibis.de\/gsherzlake\/files\/2021\/02\/Mitglied-im-F\u00f6rderverein-werden.pdf\">Mitglied-im-F\u00f6rderverein-werden<\/a><a href=\"https:\/\/wordpress.nibis.de\/gsherzlake\/files\/2021\/02\/Mitglied-im-F\u00f6rderverein-werden.pdf\" class=\"wp-block-file__button\" download>Herunterladen<\/a><\/div>\n\n\n\n<p class=\"has-text-align-center\"><em>Der Verein dient ausschlie\u00dflich und unmittelbar steuerbeg\u00fcnstigten Zwecken im Sinne der Abgabenordnung.<br>Eingetragen unter VR 200325 beim Amtsgericht Osnabr\u00fcck.<\/em><\/p>\n\n\n","protected":false},"excerpt":{"rendered":"<p>Aufgabe und Ziel des F\u00f6rdervereins ist es, eine erfolgreiche und fr\u00f6hliche Schulzeit f\u00fcr unsere Kinder aktiv mitzugestalten. Wir m\u00f6chten ihnen erm\u00f6glichen, in einem ansprechenden und kindgerechten Umfeld zu lernen, welches bewegtes Lernen zul\u00e4sst, die zum Lernen ben\u00f6tigten Sinne anspricht und die Neugier auf Wissen weckt.Darum machen wir uns stark f\u00fcr ein Mehr an Grundschule in [&hellip;]<\/p>\n","protected":false},"author":9193591,"featured_media":310,"parent":0,"menu_order":0,"comment_status":"closed","ping_status":"closed","template":"","meta":{"footnotes":""},"class_list":["post-309","page","type-page","status-publish","has-post-thumbnail","hentry"],"_links":{"self":[{"href":"https:\/\/wordpress.nibis.de\/gsherzlake\/index.php?rest_route=\/wp\/v2\/pages\/309","targetHints":{"allow":["GET"]}}],"collection":[{"href":"https:\/\/wordpress.nibis.de\/gsherzlake\/index.php?rest_route=\/wp\/v2\/pages"}],"about":[{"href":"https:\/\/wordpress.nibis.de\/gsherzlake\/index.php?rest_route=\/wp\/v2\/types\/page"}],"author":[{"embeddable":true,"href":"https:\/\/wordpress.nibis.de\/gsherzlake\/index.php?rest_route=\/wp\/v2\/users\/9193591"}],"replies":[{"embeddable":true,"href":"https:\/\/wordpress.nibis.de\/gsherzlake\/index.php?rest_route=%2Fwp%2Fv2%2Fcomments&post=309"}],"version-history":[{"count":8,"href":"https:\/\/wordpress.nibis.de\/gsherzlake\/index.php?rest_route=\/wp\/v2\/pages\/309\/revisions"}],"predecessor-version":[{"id":332,"href":"https:\/\/wordpress.nibis.de\/gsherzlake\/index.php?rest_route=\/wp\/v2\/pages\/309\/revisions\/332"}],"wp:featuredmedia":[{"embeddable":true,"href":"https:\/\/wordpress.nibis.de\/gsherzlake\/index.php?rest_route=\/wp\/v2\/media\/310"}],"wp:attachment":[{"href":"https:\/\/wordpress.nibis.de\/gsherzlake\/index.php?rest_route=%2Fwp%2Fv2%2Fmedia&parent=309"}],"curies":[{"name":"wp","href":"https:\/\/api.w.org\/{rel}","templated":true}]}}