{"id":89,"date":"2021-02-01T12:36:33","date_gmt":"2021-02-01T11:36:33","guid":{"rendered":"https:\/\/wordpress.nibis.de\/gsherzlake\/?page_id=89"},"modified":"2026-02-25T15:34:05","modified_gmt":"2026-02-25T14:34:05","slug":"paedagogische-mitarbeiterinnen","status":"publish","type":"page","link":"https:\/\/wordpress.nibis.de\/gsherzlake\/?page_id=89","title":{"rendered":"P\u00e4dagogische Mitarbeiterinnen"},"content":{"rendered":"\n<figure class=\"wp-block-image size-large is-resized\"><img loading=\"lazy\" decoding=\"async\" width=\"1024\" height=\"739\" src=\"https:\/\/wordpress.nibis.de\/gsherzlake\/files\/2024\/10\/IMG_0502-1024x739.jpeg\" alt=\"\" class=\"wp-image-895\" srcset=\"https:\/\/wordpress.nibis.de\/gsherzlake\/files\/2024\/10\/IMG_0502-1024x739.jpeg 1024w, https:\/\/wordpress.nibis.de\/gsherzlake\/files\/2024\/10\/IMG_0502-300x217.jpeg 300w, https:\/\/wordpress.nibis.de\/gsherzlake\/files\/2024\/10\/IMG_0502-768x555.jpeg 768w, https:\/\/wordpress.nibis.de\/gsherzlake\/files\/2024\/10\/IMG_0502-1536x1109.jpeg 1536w, https:\/\/wordpress.nibis.de\/gsherzlake\/files\/2024\/10\/IMG_0502-2048x1479.jpeg 2048w\" sizes=\"auto, (max-width: 1024px) 100vw, 1024px\" \/><figcaption class=\"wp-element-caption\">Von links nach rechts: Frau Sandhaus, Frau Zajac, Frau Zach und Frau Feye<\/figcaption><\/figure>\n\n\n\n<p><\/p>\n\n\n\n<p>Im Ganztag unterst\u00fctzen uns:<br \/>Frau Sandhaus, Frau Zach und Frau Zajac<\/p>\n<p>Vertretungsunterricht erteilt:<br \/>Frau Zajac<\/p>\n<p>Unsere K\u00fcchenfee hei\u00dft Frau Hegger.<br \/><br \/>Unsere FSJlerin hei\u00dft in diesem Schuljahr Diana Kawa.<\/p>\n","protected":false},"excerpt":{"rendered":"<p>Im Ganztag unterst\u00fctzen uns:Frau Sandhaus, Frau Zach und Frau Zajac Vertretungsunterricht erteilt:Frau Zajac Unsere K\u00fcchenfee hei\u00dft Frau Hegger. Unsere FSJlerin hei\u00dft in diesem Schuljahr Diana Kawa.<\/p>\n","protected":false},"author":9193591,"featured_media":0,"parent":0,"menu_order":0,"comment_status":"closed","ping_status":"closed","template":"","meta":{"footnotes":""},"class_list":["post-89","page","type-page","status-publish","hentry"],"_links":{"self":[{"href":"https:\/\/wordpress.nibis.de\/gsherzlake\/index.php?rest_route=\/wp\/v2\/pages\/89","targetHints":{"allow":["GET"]}}],"collection":[{"href":"https:\/\/wordpress.nibis.de\/gsherzlake\/index.php?rest_route=\/wp\/v2\/pages"}],"about":[{"href":"https:\/\/wordpress.nibis.de\/gsherzlake\/index.php?rest_route=\/wp\/v2\/types\/page"}],"author":[{"embeddable":true,"href":"https:\/\/wordpress.nibis.de\/gsherzlake\/index.php?rest_route=\/wp\/v2\/users\/9193591"}],"replies":[{"embeddable":true,"href":"https:\/\/wordpress.nibis.de\/gsherzlake\/index.php?rest_route=%2Fwp%2Fv2%2Fcomments&post=89"}],"version-history":[{"count":14,"href":"https:\/\/wordpress.nibis.de\/gsherzlake\/index.php?rest_route=\/wp\/v2\/pages\/89\/revisions"}],"predecessor-version":[{"id":1256,"href":"https:\/\/wordpress.nibis.de\/gsherzlake\/index.php?rest_route=\/wp\/v2\/pages\/89\/revisions\/1256"}],"wp:attachment":[{"href":"https:\/\/wordpress.nibis.de\/gsherzlake\/index.php?rest_route=%2Fwp%2Fv2%2Fmedia&parent=89"}],"curies":[{"name":"wp","href":"https:\/\/api.w.org\/{rel}","templated":true}]}}