{"id":128,"date":"2017-03-15T15:18:15","date_gmt":"2017-03-15T14:18:15","guid":{"rendered":"http:\/\/wordpress.nibis.de\/gshes\/?page_id=128"},"modified":"2021-06-24T11:11:55","modified_gmt":"2021-06-24T09:11:55","slug":"impressum","status":"publish","type":"page","link":"https:\/\/wordpress.nibis.de\/gshes\/impressum\/","title":{"rendered":"Impressum &amp; Datenschutz"},"content":{"rendered":"<table width=\"100%\">\n<tbody>\n<tr>\n<td width=\"28%\"><span style=\"font-family: arial, helvetica, sans-serif\">Name der Schule:<\/span><\/td>\n<td width=\"71%\"><span style=\"font-family: arial, helvetica, sans-serif\">Hoheellernschule<\/span><\/td>\n<\/tr>\n<tr>\n<td width=\"28%\"><span style=\"font-family: arial, helvetica, sans-serif\">Anschrift:<\/span><\/td>\n<td width=\"71%\"><span style=\"font-family: arial, helvetica, sans-serif\">Hoheellernweg 6<\/span><\/td>\n<\/tr>\n<tr>\n<td width=\"28%\"><span style=\"font-family: arial, helvetica, sans-serif\">\u00a0<\/span><\/td>\n<td width=\"71%\"><span style=\"font-family: arial, helvetica, sans-serif\">26789 Leer<\/span><\/td>\n<\/tr>\n<tr>\n<td width=\"28%\"><span style=\"font-family: arial, helvetica, sans-serif\">vertreten durch:<\/span><\/td>\n<td width=\"71%\"><span style=\"font-family: arial, helvetica, sans-serif\">Schulleiterin Kim-Astrid Weers-Blank<br \/>\n<\/span><\/td>\n<\/tr>\n<tr>\n<td width=\"28%\"><span style=\"font-family: arial, helvetica, sans-serif\">Erreichbarkeit:<\/span><\/td>\n<td width=\"71%\"><span style=\"font-family: arial, helvetica, sans-serif\">&#x69;&#110;&#x66;&#x6f;&#64;&#x68;&#111;h&#x65;&#101;l&#x6c;&#101;r&#x6e;&#115;c&#x68;&#117;&#x6c;&#x65;&#46;&#x6e;&#x65;&#116;<\/span><\/td>\n<\/tr>\n<tr>\n<td width=\"28%\"><span style=\"font-family: arial, helvetica, sans-serif\">\u00a0<\/span><\/td>\n<td width=\"71%\"><span style=\"font-family: arial, helvetica, sans-serif\">0491-13058<\/span><\/td>\n<\/tr>\n<\/tbody>\n<\/table>\n<p>Haftungsausschluss<\/p>\n<p>Die Informationen, die Sie auf diesem Internetauftritt vorfinden, wurden nach bestem Wissen und Gewissen sorgf\u00e4ltig zusammengestellt und gepr\u00fcft. Es wird jedoch keine Gew\u00e4hr &#8211; weder ausdr\u00fccklich noch stillschweigend &#8211; f\u00fcr die Vollst\u00e4ndigkeit, Richtigkeit, Aktualit\u00e4t oder Qualit\u00e4t und jederzeitige Verf\u00fcgbarkeit der bereit gestellten Informationen \u00fcbernommen. In keinem Fall wird f\u00fcr Sch\u00e4den, die sich aus der Verwendung der abgerufenen Informationen ergeben, eine Haftung \u00fcbernommen.<\/p>\n<p>Internetseiten dritter Anbieter \/ Links<\/p>\n<p>Diese Internetseite enth\u00e4lt auch Links oder Verweise auf Internetauftritte Dritter. Diese Links zu den Internetauftritten Dritter stellen keine Zustimmung zu deren Inhalten durch den Herausgeber dar. Es wird keine Verantwortung f\u00fcr die Verf\u00fcgbarkeit oder den Inhalt solcher Internetauftritte \u00fcbernommen und keine Haftung f\u00fcr Sch\u00e4den oder Verletzungen, die aus der Nutzung &#8211; gleich welcher Art &#8211; solcher Inhalte entstehen. Mit den Links zu anderen Internetauftritten wird den Nutzern lediglich der Zugang zur Nutzung der Inhalte vermittelt. F\u00fcr illegale, fehlerhafte oder unvollst\u00e4ndige Inhalte und f\u00fcr Sch\u00e4den, die aus der Nutzung entstehen, haftet allein der Anbieter der Seite, auf welche verwiesen wurde.<\/p>\n<p>Quelle: https:\/\/lehrerfortbildung-bw.de\/st_recht\/urheber\/urh\/homep\/impress\/muster\/<\/p>\n<p>Unsere Datenschutzerkl\u00e4rung kann <a href=\"http:\/\/wordpress.nibis.de\/gshes\/datenschutzerklaerung\/\">hier<\/a> eingesehen werden<\/p>\n","protected":false},"excerpt":{"rendered":"<p>Name der Schule: Hoheellernschule Anschrift: Hoheellernweg 6 \u00a0 26789 Leer vertreten durch: Schulleiterin Kim-Astrid Weers-Blank Erreichbarkeit: &#105;n&#x66;o&#x40;h&#x6f;&#104;&#x65;&#101;&#x6c;&#108;e&#x72;n&#x73;c&#x68;&#117;&#x6c;&#101;&#x2e;&#110;&#x65;&#116; \u00a0 0491-13058 Haftungsausschluss Die Informationen, die Sie auf diesem Internetauftritt vorfinden, wurden nach bestem Wissen und Gewissen sorgf\u00e4ltig zusammengestellt und gepr\u00fcft. Es wird &hellip; <a href=\"https:\/\/wordpress.nibis.de\/gshes\/impressum\/\">Weiterlesen <span class=\"meta-nav\">&rarr;<\/span><\/a><\/p>\n","protected":false},"author":1377,"featured_media":0,"parent":0,"menu_order":0,"comment_status":"closed","ping_status":"closed","template":"","meta":{"footnotes":""},"class_list":["post-128","page","type-page","status-publish","hentry"],"_links":{"self":[{"href":"https:\/\/wordpress.nibis.de\/gshes\/wp-json\/wp\/v2\/pages\/128","targetHints":{"allow":["GET"]}}],"collection":[{"href":"https:\/\/wordpress.nibis.de\/gshes\/wp-json\/wp\/v2\/pages"}],"about":[{"href":"https:\/\/wordpress.nibis.de\/gshes\/wp-json\/wp\/v2\/types\/page"}],"author":[{"embeddable":true,"href":"https:\/\/wordpress.nibis.de\/gshes\/wp-json\/wp\/v2\/users\/1377"}],"replies":[{"embeddable":true,"href":"https:\/\/wordpress.nibis.de\/gshes\/wp-json\/wp\/v2\/comments?post=128"}],"version-history":[{"count":13,"href":"https:\/\/wordpress.nibis.de\/gshes\/wp-json\/wp\/v2\/pages\/128\/revisions"}],"predecessor-version":[{"id":2746,"href":"https:\/\/wordpress.nibis.de\/gshes\/wp-json\/wp\/v2\/pages\/128\/revisions\/2746"}],"wp:attachment":[{"href":"https:\/\/wordpress.nibis.de\/gshes\/wp-json\/wp\/v2\/media?parent=128"}],"curies":[{"name":"wp","href":"https:\/\/api.w.org\/{rel}","templated":true}]}}