{"id":2447,"date":"2020-11-22T10:52:46","date_gmt":"2020-11-22T09:52:46","guid":{"rendered":"https:\/\/wordpress.nibis.de\/gshes\/?page_id=2447"},"modified":"2020-11-22T10:52:46","modified_gmt":"2020-11-22T09:52:46","slug":"ausserschulische-hilfen","status":"publish","type":"page","link":"https:\/\/wordpress.nibis.de\/gshes\/ausserschulische-hilfen\/","title":{"rendered":"Au\u00dferschulische Hilfen"},"content":{"rendered":"\n<p><\/p>\n\n\n\n<h1 class=\"wp-block-heading\">Sozialp\u00e4diatrisches Zentrum<\/h1>\n\n\n\n<p>Ein Sozialp\u00e4diatrisches Zentrum (SPZ) ist zust\u00e4ndig f\u00fcr die Untersuchung, Diagnostik, Beratung und Begleitung von S\u00e4uglingen, Kleinkindern, Schulkindern und Jugendlichen, die Krankheiten wie z.B. Entwicklungsst\u00f6rungen, drohende oder bestehende Behinderungen, seelische, Verhaltens- oder begleitende St\u00f6rungen zeigen.<\/p>\n\n\n\n<p>Die ganzheitliche Sichtweise f\u00fchrt zu einer umfassenden Einbeziehung und W\u00fcrdigung des Kindes bzw. Jugendlichen, seiner Familie und des sozialen Umfeldes. Das Sozialp\u00e4diatrische Zentrum nutzt dabei seine spezielle Konzeption der interdisziplin\u00e4ren Zusammenarbeit in einem multiprofessionellen Team.<\/p>\n\n\n\n<p>Prof. Dr. med. Andrea CabyHauptkanal rechts 75<br>26871 Papenburg<br>Telefon: 04961 93-1384&nbsp;&nbsp;<br>Fax: 04961 93-1459&nbsp;&nbsp;<br><a href=\"&#x6d;a&#x69;&#108;&#x74;&#111;:&#x73;&#112;&#x7a;&#64;h&#x6f;&#115;&#x70;&#105;t&#x61;l&#x2d;&#112;&#x61;&#x70;e&#x6e;&#98;&#x75;&#114;g&#x2e;&#100;&#x65;\">sp&#122;&#64;&#x68;&#x6f;&#x73;&#x70;it&#97;&#108;&#x2d;&#x70;&#x61;&#x70;en&#98;&#117;&#114;&#x67;&#x2e;&#x64;&#x65;<\/a><\/p>\n","protected":false},"excerpt":{"rendered":"<p>Sozialp\u00e4diatrisches Zentrum Ein Sozialp\u00e4diatrisches Zentrum (SPZ) ist zust\u00e4ndig f\u00fcr die Untersuchung, Diagnostik, Beratung und Begleitung von S\u00e4uglingen, Kleinkindern, Schulkindern und Jugendlichen, die Krankheiten wie z.B. Entwicklungsst\u00f6rungen, drohende oder bestehende Behinderungen, seelische, Verhaltens- oder begleitende St\u00f6rungen zeigen. Die ganzheitliche Sichtweise f\u00fchrt &hellip; <a href=\"https:\/\/wordpress.nibis.de\/gshes\/ausserschulische-hilfen\/\">Weiterlesen <span class=\"meta-nav\">&rarr;<\/span><\/a><\/p>\n","protected":false},"author":1392,"featured_media":0,"parent":0,"menu_order":0,"comment_status":"closed","ping_status":"closed","template":"","meta":{"footnotes":""},"class_list":["post-2447","page","type-page","status-publish","hentry"],"_links":{"self":[{"href":"https:\/\/wordpress.nibis.de\/gshes\/wp-json\/wp\/v2\/pages\/2447","targetHints":{"allow":["GET"]}}],"collection":[{"href":"https:\/\/wordpress.nibis.de\/gshes\/wp-json\/wp\/v2\/pages"}],"about":[{"href":"https:\/\/wordpress.nibis.de\/gshes\/wp-json\/wp\/v2\/types\/page"}],"author":[{"embeddable":true,"href":"https:\/\/wordpress.nibis.de\/gshes\/wp-json\/wp\/v2\/users\/1392"}],"replies":[{"embeddable":true,"href":"https:\/\/wordpress.nibis.de\/gshes\/wp-json\/wp\/v2\/comments?post=2447"}],"version-history":[{"count":1,"href":"https:\/\/wordpress.nibis.de\/gshes\/wp-json\/wp\/v2\/pages\/2447\/revisions"}],"predecessor-version":[{"id":2448,"href":"https:\/\/wordpress.nibis.de\/gshes\/wp-json\/wp\/v2\/pages\/2447\/revisions\/2448"}],"wp:attachment":[{"href":"https:\/\/wordpress.nibis.de\/gshes\/wp-json\/wp\/v2\/media?parent=2447"}],"curies":[{"name":"wp","href":"https:\/\/api.w.org\/{rel}","templated":true}]}}