{"id":29,"date":"2017-03-15T10:45:51","date_gmt":"2017-03-15T09:45:51","guid":{"rendered":"http:\/\/wordpress.nibis.de\/gshes\/?page_id=29"},"modified":"2025-02-16T17:12:21","modified_gmt":"2025-02-16T16:12:21","slug":"kollegium","status":"publish","type":"page","link":"https:\/\/wordpress.nibis.de\/gshes\/kollegium\/","title":{"rendered":"Unser Team"},"content":{"rendered":"\n<p><img loading=\"lazy\" decoding=\"async\" class=\"\" src=\"https:\/\/wordpress.nibis.de\/gshes\/files\/2025\/02\/Bildschirmfoto-2025-02-16-um-17.04.54.png\" width=\"680\" height=\"496\" \/><\/p>\n\n\n\n<p><span style=\"color: #0000ff\">Das sind wir:<\/span><\/p>\n<p>ca. 325 Sch\u00fclerinnen und Sch\u00fcler in 15 Grundschul- und 5 Sprachheilklassen<\/p>\n<p>1 Schulleiterin, 1 stellvertretende Schulleiterin, \u00fcber 25 Lehrerinnen und Lehrer<\/p>\n<p>10 p\u00e4dagogische Mitarbeiterinnen und Mitarbeiter<\/p>\n<p>3 Sozialp\u00e4dagoginnen<\/p>\n<p>3 Bufdis<\/p>\n<p>1 Sekret\u00e4rin<\/p>\n<p>1 Hausmeister<\/p>\n<p>3 Reinigungskr\u00e4fte<\/p>\n<p>viele hilfsbereite Eltern<\/p>\n<p><img decoding=\"async\" src=\"https:\/\/wordpress.nibis.de\/gshes\/files\/2022\/03\/kollegium-Kopie-1-scaled.jpg\" \/><\/p>\n","protected":false},"excerpt":{"rendered":"<p>Das sind wir: ca. 325 Sch\u00fclerinnen und Sch\u00fcler in 15 Grundschul- und 5 Sprachheilklassen 1 Schulleiterin, 1 stellvertretende Schulleiterin, \u00fcber 25 Lehrerinnen und Lehrer 10 p\u00e4dagogische Mitarbeiterinnen und Mitarbeiter 3 Sozialp\u00e4dagoginnen 3 Bufdis 1 Sekret\u00e4rin 1 Hausmeister 3 Reinigungskr\u00e4fte viele &hellip; <a href=\"https:\/\/wordpress.nibis.de\/gshes\/kollegium\/\">Weiterlesen <span class=\"meta-nav\">&rarr;<\/span><\/a><\/p>\n","protected":false},"author":1377,"featured_media":0,"parent":0,"menu_order":0,"comment_status":"closed","ping_status":"closed","template":"","meta":{"footnotes":""},"class_list":["post-29","page","type-page","status-publish","hentry"],"_links":{"self":[{"href":"https:\/\/wordpress.nibis.de\/gshes\/wp-json\/wp\/v2\/pages\/29","targetHints":{"allow":["GET"]}}],"collection":[{"href":"https:\/\/wordpress.nibis.de\/gshes\/wp-json\/wp\/v2\/pages"}],"about":[{"href":"https:\/\/wordpress.nibis.de\/gshes\/wp-json\/wp\/v2\/types\/page"}],"author":[{"embeddable":true,"href":"https:\/\/wordpress.nibis.de\/gshes\/wp-json\/wp\/v2\/users\/1377"}],"replies":[{"embeddable":true,"href":"https:\/\/wordpress.nibis.de\/gshes\/wp-json\/wp\/v2\/comments?post=29"}],"version-history":[{"count":18,"href":"https:\/\/wordpress.nibis.de\/gshes\/wp-json\/wp\/v2\/pages\/29\/revisions"}],"predecessor-version":[{"id":4721,"href":"https:\/\/wordpress.nibis.de\/gshes\/wp-json\/wp\/v2\/pages\/29\/revisions\/4721"}],"wp:attachment":[{"href":"https:\/\/wordpress.nibis.de\/gshes\/wp-json\/wp\/v2\/media?parent=29"}],"curies":[{"name":"wp","href":"https:\/\/api.w.org\/{rel}","templated":true}]}}