{"id":75,"date":"2017-03-15T11:24:03","date_gmt":"2017-03-15T10:24:03","guid":{"rendered":"http:\/\/wordpress.nibis.de\/gshes\/?page_id=75"},"modified":"2018-02-16T14:50:05","modified_gmt":"2018-02-16T13:50:05","slug":"das-brueckenjahr","status":"publish","type":"page","link":"https:\/\/wordpress.nibis.de\/gshes\/das-brueckenjahr\/","title":{"rendered":"Das Br\u00fcckenjahr"},"content":{"rendered":"<p><span style=\"font-family: arial, helvetica, sans-serif;font-size: 12pt\">Als &#8222;Br\u00fcckenjahr&#8220; wird das letzte Kindergartenjahr vor der Einschulung bezeichnet. In enger Zusammenarbeit mit den umliegenden Kinderg\u00e4rten versuchen wir, den \u00dcbergang vom Kindergarten in die Schule m\u00f6glichst reibungslos zu gestalten. <\/span><\/p>\n<p><span style=\"font-family: arial, helvetica, sans-serif;font-size: 12pt\">Unsere Lehrkr\u00e4fte besuchen die Kinderg\u00e4rten und lernen die zuk\u00fcnftigen Sch\u00fclerinnen und Sch\u00fcler bereits vor Schulbeginn kennen. Im stetigen Austausch werden Informationen im Team\u00a0&#8211; bestehend aus\u00a0Fachkr\u00e4ften aus Kindergarten und Schule &#8211; ausgetauscht und hierdurch gemeinsam an einem f\u00fcr alle Kinder gelingenden \u00dcbergang in die Grundschule gearbeitet.<\/span><\/p>\n","protected":false},"excerpt":{"rendered":"<p>Als &#8222;Br\u00fcckenjahr&#8220; wird das letzte Kindergartenjahr vor der Einschulung bezeichnet. In enger Zusammenarbeit mit den umliegenden Kinderg\u00e4rten versuchen wir, den \u00dcbergang vom Kindergarten in die Schule m\u00f6glichst reibungslos zu gestalten. Unsere Lehrkr\u00e4fte besuchen die Kinderg\u00e4rten und lernen die zuk\u00fcnftigen Sch\u00fclerinnen &hellip; <a href=\"https:\/\/wordpress.nibis.de\/gshes\/das-brueckenjahr\/\">Weiterlesen <span class=\"meta-nav\">&rarr;<\/span><\/a><\/p>\n","protected":false},"author":1377,"featured_media":0,"parent":0,"menu_order":0,"comment_status":"closed","ping_status":"closed","template":"","meta":{"footnotes":""},"class_list":["post-75","page","type-page","status-publish","hentry"],"_links":{"self":[{"href":"https:\/\/wordpress.nibis.de\/gshes\/wp-json\/wp\/v2\/pages\/75","targetHints":{"allow":["GET"]}}],"collection":[{"href":"https:\/\/wordpress.nibis.de\/gshes\/wp-json\/wp\/v2\/pages"}],"about":[{"href":"https:\/\/wordpress.nibis.de\/gshes\/wp-json\/wp\/v2\/types\/page"}],"author":[{"embeddable":true,"href":"https:\/\/wordpress.nibis.de\/gshes\/wp-json\/wp\/v2\/users\/1377"}],"replies":[{"embeddable":true,"href":"https:\/\/wordpress.nibis.de\/gshes\/wp-json\/wp\/v2\/comments?post=75"}],"version-history":[{"count":5,"href":"https:\/\/wordpress.nibis.de\/gshes\/wp-json\/wp\/v2\/pages\/75\/revisions"}],"predecessor-version":[{"id":696,"href":"https:\/\/wordpress.nibis.de\/gshes\/wp-json\/wp\/v2\/pages\/75\/revisions\/696"}],"wp:attachment":[{"href":"https:\/\/wordpress.nibis.de\/gshes\/wp-json\/wp\/v2\/media?parent=75"}],"curies":[{"name":"wp","href":"https:\/\/api.w.org\/{rel}","templated":true}]}}