{"id":18,"date":"2019-11-14T15:11:27","date_gmt":"2019-11-14T14:11:27","guid":{"rendered":"https:\/\/wordpress.nibis.de\/gshimmel\/?page_id=18"},"modified":"2023-08-16T15:46:43","modified_gmt":"2023-08-16T13:46:43","slug":"informationen-zur-schule","status":"publish","type":"page","link":"https:\/\/wordpress.nibis.de\/gshimmel\/informationen-zur-schule\/","title":{"rendered":"Informationen zur Schule"},"content":{"rendered":"\n<p>Die Verl\u00e4ssliche Grundschule Himmelsth\u00fcr (VGS) liegt im Zentrum des Hildesheimer Stadtteils Himmelsth\u00fcr. Das Wohngebiet am nordwestlichen Stadtrand hat sich einen eher kleinst\u00e4dtisch d\u00f6rflichen Charakter erhalten. Es gibt ein aktives, kommunales Eigenleben des Stadtteils, das auch nach der Eingemeindung 1974 bestehen blieb.<\/p>\n<p>Die beiden Geb\u00e4ude der VGS Himmelsth\u00fcr wurden 1954 erbaut und befinden sich auf einem gro\u00dfen Schulgel\u00e4nde. Die Turnhalle teilen wir uns mit der Realschule Himmelsth\u00fcr, in einem der Geb\u00e4ude ist auch der st\u00e4dtische Hort Himmelsth\u00fcr beheimatet. In der direkten Nachbarschaft liegt, nur durch einen Zaun vom Schulhof getrennt, die Kindertagesst\u00e4tte \u201eHimmelsth\u00fcrchen\u201c, mit der seit Jahren ein enger Kontakt gepflegt wird.<\/p>\n<p>Derzeit besuchen ca. 170 Sch\u00fclerinnen und Sch\u00fcler in 9 Klassen unsere Schule.<\/p>\n<p>Seit dem Schuljahr 2012\/2013 ist die Grundschule Himmelsth\u00fcr eine offene Ganztagsschule. Das Ganztagsangebot findet montags, dienstags und donnerstags in der Zeit von 13.00 &#8211; 15.45 Uhr statt. In diesem Rahmen werden neben einem gemeinsamen Mittagessen, eine Hausaufgaben-Betreuung, F\u00f6rder- und Forderunterricht und Arbeitsgemeinschaften im sportlichen, musischen und kreativen Bereich angeboten. Seit dem Schuljahr 2022.2023 w\u00e4chst unsere Schule schrittweise um Kinder aus dem Bereich westlich der Steuerwalder Stra\u00dfe, die mit dem Schulbus zu uns kommen. Hierdurch und durch Anstieg der Geburtenzahlen auch in Himmelsth\u00fcr haben wir im Schulahr 2023.2024 erstmals einen weiteren Zug hinzugewonnen. In den n\u00e4chsten Jahren bauen wir schrittweise aus.<\/p>\n<p>Hierf\u00fcr wurden neben neuen Klassenr\u00e4umen auch ein Bewegungsraum, ein Ruheraum und ein Werkraum neu eingerichtet.<\/p>\n<p>\u00a0<\/p>\n","protected":false},"excerpt":{"rendered":"<p>Die Verl\u00e4ssliche Grundschule Himmelsth\u00fcr (VGS) liegt im Zentrum des Hildesheimer Stadtteils Himmelsth\u00fcr. Das Wohngebiet am nordwestlichen Stadtrand hat sich einen eher kleinst\u00e4dtisch d\u00f6rflichen Charakter erhalten. Es gibt ein aktives, kommunales Eigenleben des Stadtteils, das auch nach der Eingemeindung 1974 bestehen blieb. Die beiden Geb\u00e4ude der VGS Himmelsth\u00fcr wurden 1954 erbaut und befinden sich auf einem [&hellip;]<\/p>\n","protected":false},"author":9193299,"featured_media":0,"parent":0,"menu_order":0,"comment_status":"closed","ping_status":"closed","template":"","meta":{"footnotes":""},"class_list":["post-18","page","type-page","status-publish","hentry"],"_links":{"self":[{"href":"https:\/\/wordpress.nibis.de\/gshimmel\/wp-json\/wp\/v2\/pages\/18","targetHints":{"allow":["GET"]}}],"collection":[{"href":"https:\/\/wordpress.nibis.de\/gshimmel\/wp-json\/wp\/v2\/pages"}],"about":[{"href":"https:\/\/wordpress.nibis.de\/gshimmel\/wp-json\/wp\/v2\/types\/page"}],"author":[{"embeddable":true,"href":"https:\/\/wordpress.nibis.de\/gshimmel\/wp-json\/wp\/v2\/users\/9193299"}],"replies":[{"embeddable":true,"href":"https:\/\/wordpress.nibis.de\/gshimmel\/wp-json\/wp\/v2\/comments?post=18"}],"version-history":[{"count":3,"href":"https:\/\/wordpress.nibis.de\/gshimmel\/wp-json\/wp\/v2\/pages\/18\/revisions"}],"predecessor-version":[{"id":1406,"href":"https:\/\/wordpress.nibis.de\/gshimmel\/wp-json\/wp\/v2\/pages\/18\/revisions\/1406"}],"wp:attachment":[{"href":"https:\/\/wordpress.nibis.de\/gshimmel\/wp-json\/wp\/v2\/media?parent=18"}],"curies":[{"name":"wp","href":"https:\/\/api.w.org\/{rel}","templated":true}]}}