{"id":410,"date":"2020-03-18T09:19:47","date_gmt":"2020-03-18T08:19:47","guid":{"rendered":"https:\/\/wordpress.nibis.de\/gshimmel\/?page_id=410"},"modified":"2024-06-21T09:29:57","modified_gmt":"2024-06-21T07:29:57","slug":"downloads","status":"publish","type":"page","link":"https:\/\/wordpress.nibis.de\/gshimmel\/downloads\/","title":{"rendered":"Downloads"},"content":{"rendered":"\n<p>An dieser Stelle auf der Homepage finden Sie Informationen, Briefe und Arbeitsbl\u00e4tter der Schule, die Sie herunterladen k\u00f6nnen. <\/p>\n\n\n\n<p><strong>Sch\u00fclerbef\u00f6rderung<\/strong><\/p>\n\n\n\n<div data-wp-interactive=\"core\/file\" class=\"wp-block-file\"><object data-wp-bind--hidden=\"!state.hasPdfPreview\" hidden class=\"wp-block-file__embed\" data=\"https:\/\/wordpress.nibis.de\/gshimmel\/files\/2023\/08\/2023_08_16_Fahrplan-Schulbus-Himmelsthuer-003-1.pdf\" type=\"application\/pdf\" style=\"width:100%;height:200px\" aria-label=\"Einbettung von Einbettung von 2023_08_16_Fahrplan-Schulbus-Himmelsthuer-003-1..\"><\/object><a id=\"wp-block-file--media-2ed2f67c-a39e-49aa-a15a-0bea92e58325\" href=\"https:\/\/wordpress.nibis.de\/gshimmel\/files\/2023\/08\/2023_08_16_Fahrplan-Schulbus-Himmelsthuer-003-1.pdf\">2023_08_16_Fahrplan-Schulbus-Himmelsthuer-003-1<\/a><a href=\"https:\/\/wordpress.nibis.de\/gshimmel\/files\/2023\/08\/2023_08_16_Fahrplan-Schulbus-Himmelsthuer-003-1.pdf\" class=\"wp-block-file__button\" download aria-describedby=\"wp-block-file--media-2ed2f67c-a39e-49aa-a15a-0bea92e58325\">Herunterladen<\/a><\/div>\n\n\n\n<div class=\"wp-block-file\"><a id=\"wp-block-file--media-737d92f9-196a-476f-98cf-9bb93090babf\" href=\"https:\/\/wordpress.nibis.de\/gshimmel\/files\/2022\/08\/2022_07_14_Haltestellen-Schulbus-Himmelsthuer.pdf\">2022_07_14_Haltestellen-Schulbus-Himmelsthuer<\/a><a href=\"https:\/\/wordpress.nibis.de\/gshimmel\/files\/2022\/08\/2022_07_14_Haltestellen-Schulbus-Himmelsthuer.pdf\" class=\"wp-block-file__button\" download aria-describedby=\"wp-block-file--media-737d92f9-196a-476f-98cf-9bb93090babf\">Herunterladen<\/a><\/div>\n\n\n\n<p><strong>Sonstige Downloads<\/strong><\/p>\n\n\n\n<div data-wp-interactive=\"core\/file\" class=\"wp-block-file\"><object data-wp-bind--hidden=\"!state.hasPdfPreview\" hidden class=\"wp-block-file__embed\" data=\"https:\/\/wordpress.nibis.de\/gshimmel\/files\/2024\/06\/Flyer-Foerderverein-2024.pdf\" type=\"application\/pdf\" style=\"width:100%;height:600px\" aria-label=\"Einbettung von Einbettung von Flyer-Foerderverein-2024..\"><\/object><a id=\"wp-block-file--media-59509119-5965-4e57-a152-64a06fbb416d\" href=\"https:\/\/wordpress.nibis.de\/gshimmel\/files\/2024\/06\/Flyer-Foerderverein-2024.pdf\">Flyer-Foerderverein-2024<\/a><a href=\"https:\/\/wordpress.nibis.de\/gshimmel\/files\/2024\/06\/Flyer-Foerderverein-2024.pdf\" class=\"wp-block-file__button\" download aria-describedby=\"wp-block-file--media-59509119-5965-4e57-a152-64a06fbb416d\">Herunterladen<\/a><\/div>\n\n\n\n<div class=\"wp-block-file\"><a id=\"wp-block-file--media-73a1e415-7937-440e-aa55-b3733230eacf\" href=\"https:\/\/wordpress.nibis.de\/gshimmel\/files\/2021\/01\/2020_12_09_Leihvertrag-\u00fcber-die-Leihe-eines-mobilen-Endger\u00e4ts-f\u00fcr-Sch\u00fclerinnen-und-Sch\u00fcler.pdf\">2020_12_09_Leihvertrag-\u00fcber-die-Leihe-eines-mobilen-Endger\u00e4ts-f\u00fcr-Sch\u00fclerinnen-und-Sch\u00fcler<\/a><a href=\"https:\/\/wordpress.nibis.de\/gshimmel\/files\/2021\/01\/2020_12_09_Leihvertrag-\u00fcber-die-Leihe-eines-mobilen-Endger\u00e4ts-f\u00fcr-Sch\u00fclerinnen-und-Sch\u00fcler.pdf\" class=\"wp-block-file__button\" download aria-describedby=\"wp-block-file--media-73a1e415-7937-440e-aa55-b3733230eacf\">Herunterladen<\/a><\/div>\n\n\n\n<div class=\"wp-block-file\"><a id=\"wp-block-file--media-68d43011-0ca8-434d-8284-dc5eb00ca42b\" href=\"https:\/\/wordpress.nibis.de\/gshimmel\/files\/2020\/03\/Leerer-Stundenplan.pdf\">Leerer Stundenplan<\/a><a href=\"https:\/\/wordpress.nibis.de\/gshimmel\/files\/2020\/03\/Leerer-Stundenplan.pdf\" class=\"wp-block-file__button\" download aria-describedby=\"wp-block-file--media-68d43011-0ca8-434d-8284-dc5eb00ca42b\">Herunterladen<\/a><\/div>\n\n\n<p><\/p>\n<p><strong>Corona Regeln und Materialien<\/strong><\/p>\n\n\n<div class=\"wp-block-file\"><a id=\"wp-block-file--media-51f3d686-23a1-4b6d-ad74-0e13e5c01449\" href=\"https:\/\/wordpress.nibis.de\/gshimmel\/files\/2020\/09\/2020.09.21._Plakat_Schule_Erkaeltungssymptome_DIN_A4_Eltern_v07_RZ.pdf\">2020.09.21._Plakat_Schule_Erkaeltungssymptome_DIN_A4_Eltern_v07_RZ<\/a><a href=\"https:\/\/wordpress.nibis.de\/gshimmel\/files\/2020\/09\/2020.09.21._Plakat_Schule_Erkaeltungssymptome_DIN_A4_Eltern_v07_RZ.pdf\" class=\"wp-block-file__button\" download aria-describedby=\"wp-block-file--media-51f3d686-23a1-4b6d-ad74-0e13e5c01449\">Herunterladen<\/a><\/div>\n\n\n\n\n\n<p><\/p>\n","protected":false},"excerpt":{"rendered":"<p>An dieser Stelle auf der Homepage finden Sie Informationen, Briefe und Arbeitsbl\u00e4tter der Schule, die Sie herunterladen k\u00f6nnen. Sch\u00fclerbef\u00f6rderung Sonstige Downloads Corona Regeln und Materialien<\/p>\n","protected":false},"author":9193299,"featured_media":0,"parent":0,"menu_order":0,"comment_status":"closed","ping_status":"closed","template":"","meta":{"footnotes":""},"class_list":["post-410","page","type-page","status-publish","hentry"],"_links":{"self":[{"href":"https:\/\/wordpress.nibis.de\/gshimmel\/wp-json\/wp\/v2\/pages\/410","targetHints":{"allow":["GET"]}}],"collection":[{"href":"https:\/\/wordpress.nibis.de\/gshimmel\/wp-json\/wp\/v2\/pages"}],"about":[{"href":"https:\/\/wordpress.nibis.de\/gshimmel\/wp-json\/wp\/v2\/types\/page"}],"author":[{"embeddable":true,"href":"https:\/\/wordpress.nibis.de\/gshimmel\/wp-json\/wp\/v2\/users\/9193299"}],"replies":[{"embeddable":true,"href":"https:\/\/wordpress.nibis.de\/gshimmel\/wp-json\/wp\/v2\/comments?post=410"}],"version-history":[{"count":32,"href":"https:\/\/wordpress.nibis.de\/gshimmel\/wp-json\/wp\/v2\/pages\/410\/revisions"}],"predecessor-version":[{"id":1452,"href":"https:\/\/wordpress.nibis.de\/gshimmel\/wp-json\/wp\/v2\/pages\/410\/revisions\/1452"}],"wp:attachment":[{"href":"https:\/\/wordpress.nibis.de\/gshimmel\/wp-json\/wp\/v2\/media?parent=410"}],"curies":[{"name":"wp","href":"https:\/\/api.w.org\/{rel}","templated":true}]}}