{"id":32,"date":"2019-10-08T22:18:41","date_gmt":"2019-10-08T20:18:41","guid":{"rendered":"https:\/\/wordpress.nibis.de\/gshmoor\/?page_id=32"},"modified":"2019-10-08T22:18:41","modified_gmt":"2019-10-08T20:18:41","slug":"chronik-der-grundschule-holtermoor","status":"publish","type":"page","link":"https:\/\/wordpress.nibis.de\/gshmoor\/chronik-der-grundschule-holtermoor\/","title":{"rendered":"Chronik der Grundschule Holtermoor"},"content":{"rendered":"\n<p>Die Grundschule Holtermoor blickt auf eine \u00fcber 200j\u00e4hrige Geschichte zur\u00fcck. Engagierte Mitarbeiter und Mitarbeiterinnen pr\u00e4gten den Schulalltag in manchen F\u00e4llen sogar \u00fcber mehrere Jahrzehnte mit viel Einsatz, Leidenschaft und Hingabe. Das Bild der Schule sah nicht immer so aus wie heute. Mehrmals wurde sie umgebaut oder gar abgerissen und neu errichtet. Im Ort Holterfehn und der Gemeinde Ostrhauderfehn nimmt die Schule eine wichtige Funktion als Bildungseinrichtung, beliebter Ort f\u00fcr Versammlungen oder auch als R\u00e4umlichkeit f\u00fcr Wahlen ein.<\/p>\n<p>Hier ver\u00f6ffentlichte Angaben beziehen sich auf das vom langj\u00e4hrigen Lehrer und Schulleiter Edo Meinen verfasste Buch &#8222;Holterfehn &#8211; Holtermoor. Eine Dorf und seine Schulgeschichte&#8220;, das 2003 im Selbstverlag erschienen ist und in der Gemeindeb\u00fccherei, die sich in unserer Schule befindet, entliehen werden kann.<\/p>\n<table>\n<tbody>\n<tr>\n<td>Datum<\/td>\n<td>Ereignis<\/td>\n<\/tr>\n<tr>\n<td>&nbsp;September 1791<\/td>\n<td>Einweihung der ersten Schule im Holter Moor mit Vorsteher Will Christoffers&nbsp;<\/td>\n<\/tr>\n<tr>\n<td>&nbsp;1843<\/td>\n<td>Bau einer neuen Schule wird nach Vereinigung von Holtermoor und Holterfehn zu einer Schulgemeinde abgeschlossen (Sch\u00fclerzahl 1845: 125)&nbsp;<\/td>\n<\/tr>\n<tr>\n<td>1865<\/td>\n<td>Neubau nord\u00f6stlich der alten Schule mit zwei Klassenr\u00e4umen und einem Schulturm samt Glocke<\/td>\n<\/tr>\n<tr>\n<td>&nbsp;1879<\/td>\n<td>Hauptlehrer und Schulleiter Johann R\u00f6ben Meinen unterrichtet 200 Kinder in der Schule Holtermoor alleine<\/td>\n<\/tr>\n<tr>\n<td>&nbsp;1914-1919<\/td>\n<td>kriegsbedingt ist der Schulbetrieb stark eingeschr\u00e4nkt &nbsp;<\/td>\n<\/tr>\n<tr>\n<td>&nbsp;1923<\/td>\n<td>Erweiterung der Schule um einen dritten und vierten Klassenraum<\/td>\n<\/tr>\n<\/tbody>\n<\/table>\n<p>&nbsp;<\/p>\n<p style=\"text-align: center\"><img loading=\"lazy\" decoding=\"async\" class=\"aligncenter\" src=\"https:\/\/www.gs-holtermoor.de\/images\/bilder\/Chronik\/Alte-Schule-um-1928---S.-198.png-Medium.jpg\" alt=\"\" width=\"388\" height=\"252\">Die alte Schule um 1923<br>(Bildquelle: Edo Meinen 2003, Holtermoor &#8211; Holterfehn, S. 198)<\/p>\n<table>\n<tbody>\n<tr>\n<td>\n<p>Datum<\/p>\n<\/td>\n<td>\n<p>Ereignis<\/p>\n<\/td>\n<\/tr>\n<tr>\n<td>\n<p>&nbsp;1947<\/p>\n<\/td>\n<td>\n<p>An der Volksschule Holtermoor werden in f\u00fcnf Klassenr\u00e4umen 236 Sch\u00fclerInnen von der 1. bis zur 8. Jahrgangsstufe durch lediglich zwei Lehrkr\u00e4fte unterrichtet<\/p>\n<\/td>\n<\/tr>\n<tr>\n<td>\n<p>&nbsp;1957\/58<\/p>\n<\/td>\n<td>\n<p>Edo Meinen wird Hauptlehrer und Schulleiter &#8211; Anlage eines Schulwaldes mit Teich sowie eines bis dahin in Ostfriesland einmaligen Schulturngartens<\/p>\n<\/td>\n<\/tr>\n<tr>\n<td>\n<p>1965-1968<\/p>\n<\/td>\n<td>\n<p>Bau und Einweihung des Lehrschwimmbeckens &#8211; Abriss des alten Schulgeb\u00e4udes und des Glockenturms &#8211; Inbetriebnahme des heutigen Schulgeb\u00e4udes &#8211; Einweihung der Turnhalle<\/p>\n<\/td>\n<\/tr>\n<tr>\n<td>\n<p>1979<\/p>\n<\/td>\n<td>\n<p>Die Schule wird &#8217;nur&#8216; noch als Grundschule genutzt<\/p>\n<\/td>\n<\/tr>\n<tr>\n<td>\n<p>2016<\/p>\n<\/td>\n<td>\n<p>umgreifende Bauma\u00dfnahmen und naturnahe Schulhofumgestaltung<\/p>\n<\/td>\n<\/tr>\n<\/tbody>\n<\/table>\n<p>&nbsp;<\/p>\n<p>&nbsp;<\/p>\n","protected":false},"excerpt":{"rendered":"<p>Die Grundschule Holtermoor blickt auf eine \u00fcber 200j\u00e4hrige Geschichte zur\u00fcck. Engagierte Mitarbeiter und Mitarbeiterinnen pr\u00e4gten den Schulalltag in manchen F\u00e4llen sogar \u00fcber mehrere Jahrzehnte mit viel Einsatz, Leidenschaft und Hingabe. Das Bild der Schule sah nicht immer so aus wie &hellip; <a href=\"https:\/\/wordpress.nibis.de\/gshmoor\/chronik-der-grundschule-holtermoor\/\">Weiterlesen <span class=\"meta-nav\">&rarr;<\/span><\/a><\/p>\n","protected":false},"author":9193307,"featured_media":0,"parent":0,"menu_order":0,"comment_status":"closed","ping_status":"closed","template":"","meta":{"footnotes":""},"class_list":["post-32","page","type-page","status-publish","hentry"],"_links":{"self":[{"href":"https:\/\/wordpress.nibis.de\/gshmoor\/wp-json\/wp\/v2\/pages\/32","targetHints":{"allow":["GET"]}}],"collection":[{"href":"https:\/\/wordpress.nibis.de\/gshmoor\/wp-json\/wp\/v2\/pages"}],"about":[{"href":"https:\/\/wordpress.nibis.de\/gshmoor\/wp-json\/wp\/v2\/types\/page"}],"author":[{"embeddable":true,"href":"https:\/\/wordpress.nibis.de\/gshmoor\/wp-json\/wp\/v2\/users\/9193307"}],"replies":[{"embeddable":true,"href":"https:\/\/wordpress.nibis.de\/gshmoor\/wp-json\/wp\/v2\/comments?post=32"}],"version-history":[{"count":2,"href":"https:\/\/wordpress.nibis.de\/gshmoor\/wp-json\/wp\/v2\/pages\/32\/revisions"}],"predecessor-version":[{"id":34,"href":"https:\/\/wordpress.nibis.de\/gshmoor\/wp-json\/wp\/v2\/pages\/32\/revisions\/34"}],"wp:attachment":[{"href":"https:\/\/wordpress.nibis.de\/gshmoor\/wp-json\/wp\/v2\/media?parent=32"}],"curies":[{"name":"wp","href":"https:\/\/api.w.org\/{rel}","templated":true}]}}

<p>Die Grundschule Holtermoor blickt auf eine über 200jährige Geschichte zurück. Engagierte Mitarbeiter und Mitarbeiterinnen prägten den Schulalltag in manchen Fällen sogar über mehrere Jahrzehnte mit viel Einsatz, Leidenschaft und Hingabe. Das Bild der Schule sah nicht immer so aus wie heute. Mehrmals wurde sie umgebaut oder gar abgerissen und neu errichtet. Im Ort Holterfehn und der Gemeinde Ostrhauderfehn nimmt die Schule eine wichtige Funktion als Bildungseinrichtung, beliebter Ort für Versammlungen oder auch als Räumlichkeit für Wahlen ein.</p>
<p>Hier veröffentlichte Angaben beziehen sich auf das vom langjährigen Lehrer und Schulleiter Edo Meinen verfasste Buch &#8222;Holterfehn &#8211; Holtermoor. Eine Dorf und seine Schulgeschichte&#8220;, das 2003 im Selbstverlag erschienen ist und in der Gemeindebücherei, die sich in unserer Schule befindet, entliehen werden kann.</p>
<table>
<tbody>
<tr>
<td>Datum</td>
<td>Ereignis</td>
</tr>
<tr>
<td>&nbsp;September 1791</td>
<td>Einweihung der ersten Schule im Holter Moor mit Vorsteher Will Christoffers&nbsp;</td>
</tr>
<tr>
<td>&nbsp;1843</td>
<td>Bau einer neuen Schule wird nach Vereinigung von Holtermoor und Holterfehn zu einer Schulgemeinde abgeschlossen (Schülerzahl 1845: 125)&nbsp;</td>
</tr>
<tr>
<td>1865</td>
<td>Neubau nordöstlich der alten Schule mit zwei Klassenräumen und einem Schulturm samt Glocke</td>
</tr>
<tr>
<td>&nbsp;1879</td>
<td>Hauptlehrer und Schulleiter Johann Röben Meinen unterrichtet 200 Kinder in der Schule Holtermoor alleine</td>
</tr>
<tr>
<td>&nbsp;1914-1919</td>
<td>kriegsbedingt ist der Schulbetrieb stark eingeschränkt &nbsp;</td>
</tr>
<tr>
<td>&nbsp;1923</td>
<td>Erweiterung der Schule um einen dritten und vierten Klassenraum</td>
</tr>
</tbody>
</table>
<p>&nbsp;</p>
<p style="text-align: center"><img loading="lazy" decoding="async" class="aligncenter" src="https://www.gs-holtermoor.de/images/bilder/Chronik/Alte-Schule-um-1928---S.-198.png-Medium.jpg" alt="" width="388" height="252">Die alte Schule um 1923<br>(Bildquelle: Edo Meinen 2003, Holtermoor &#8211; Holterfehn, S. 198)</p>
<table>
<tbody>
<tr>
<td>
<p>Datum</p>
</td>
<td>
<p>Ereignis</p>
</td>
</tr>
<tr>
<td>
<p>&nbsp;1947</p>
</td>
<td>
<p>An der Volksschule Holtermoor werden in fünf Klassenräumen 236 SchülerInnen von der 1. bis zur 8. Jahrgangsstufe durch lediglich zwei Lehrkräfte unterrichtet</p>
</td>
</tr>
<tr>
<td>
<p>&nbsp;1957/58</p>
</td>
<td>
<p>Edo Meinen wird Hauptlehrer und Schulleiter &#8211; Anlage eines Schulwaldes mit Teich sowie eines bis dahin in Ostfriesland einmaligen Schulturngartens</p>
</td>
</tr>
<tr>
<td>
<p>1965-1968</p>
</td>
<td>
<p>Bau und Einweihung des Lehrschwimmbeckens &#8211; Abriss des alten Schulgebäudes und des Glockenturms &#8211; Inbetriebnahme des heutigen Schulgebäudes &#8211; Einweihung der Turnhalle</p>
</td>
</tr>
<tr>
<td>
<p>1979</p>
</td>
<td>
<p>Die Schule wird &#8217;nur&#8216; noch als Grundschule genutzt</p>
</td>
</tr>
<tr>
<td>
<p>2016</p>
</td>
<td>
<p>umgreifende Baumaßnahmen und naturnahe Schulhofumgestaltung</p>
</td>
</tr>
</tbody>
</table>
<p>&nbsp;</p>
<p>&nbsp;</p>

<p>Die Grundschule Holtermoor blickt auf eine über 200jährige Geschichte zurück. Engagierte Mitarbeiter und Mitarbeiterinnen prägten den Schulalltag in manchen Fällen sogar über mehrere Jahrzehnte mit viel Einsatz, Leidenschaft und Hingabe. Das Bild der Schule sah nicht immer so aus wie &hellip; <a href="https://wordpress.nibis.de/gshmoor/chronik-der-grundschule-holtermoor/">Weiterlesen <span class="meta-nav">&rarr;</span></a></p>
