{"id":5738,"date":"2021-01-09T08:36:43","date_gmt":"2021-01-09T07:36:43","guid":{"rendered":"https:\/\/wordpress.nibis.de\/gsholbein\/?page_id=5738"},"modified":"2025-05-03T08:01:16","modified_gmt":"2025-05-03T06:01:16","slug":"beratung","status":"publish","type":"page","link":"https:\/\/wordpress.nibis.de\/gsholbein\/beratung\/","title":{"rendered":"BERATUNGSLEHRERIN"},"content":{"rendered":"\n<p><\/p>\n\n\n\n<div class=\"wp-block-image is-style-default\"><figure class=\"aligncenter is-resized\"><img loading=\"lazy\" decoding=\"async\" src=\"https:\/\/wordpress.nibis.de\/gsholbein\/files\/2021\/01\/Kerstin-B%C3%A4uning.jpg\" alt=\"Dieses Bild hat ein leeres Alt-Attribut. Der Dateiname ist Kerstin-B%C3%A4uning.jpg\" width=\"234\" height=\"301\" \/><\/figure><\/div>\n\n\n\n<p>Mein Name ist Kerstin B\u00e4uning und ich bin nun seit rund 12 Jahren gl\u00fccklich als Lehrerin hier an der Holbeinschule. Neben meiner T\u00e4tigkeit als Klassenlehrerin in der Eingangsstufe habe ich eine zweij\u00e4hrige Weiterbildung zur Beratungslehrerin absolviert und bin in dieser Funktion seit 2017 t\u00e4tig.<\/p>\n\n\n\n<p>Schwerpunkte meiner Arbeit liegen in der Beratung von Kindern, Eltern und ggf. Kollegen und der individuellen F\u00f6rderung einzelner Kinder. Nach Abschluss der Fortbildung \u201eLesen macht stark\u201c werde ich hier zus\u00e4tzlich Diagnostik in diesem Bereich anbieten.<\/p>\n\n\n\n<p>F\u00fcr die Kinder bin ich Anlaufstelle um einfach einmal Kummer, Sorgen und N\u00f6te loszuwerden und zu besprechen, Hilfe bei Streitigkeiten zu leisten, Gespr\u00e4che zu initiieren, L\u00f6sungsstrategien zu entwickeln. Dar\u00fcber hinaus bilde ich die Pausenhelfer aus.<\/p>\n\n\n\n<p>Als unparteiische Dritte helfe ich Gespr\u00e4che zwischen Eltern und Lehrern zu moderieren und zu begleiten. Sie k\u00f6nnen aber nat\u00fcrlich auch separat mit mir sprechen und Ihr Anliegen, Ihre Fragen schildern. Au\u00dferdem besteht auch immer die M\u00f6glichkeit, Gespr\u00e4che gemeinsam mit Frau Fellner (Schulsozialarbeit) oder Frau L\u00fchrs (Sonderschulp\u00e4dagogin) und mir zu f\u00fchren.<\/p>\n\n\n\n<p>Meine Beratungsstunden sind am Montag, Mittwoch und Donnerstag in der Zeit von&nbsp;<strong>12.15 Uhr bis 13.15 Uhr, hier w\u00fcrde ich Sie bitten mit mir bei Bedarf per Mail einen Termin unter folgender Adresse:&nbsp;<\/strong><a href=\"&#109;&#x61;&#105;&#x6c;&#116;&#x6f;&#58;&#x4b;&#101;&#x72;&#115;&#x74;i&#x6e;&#46;&#x62;a&#x65;u&#x6e;i&#x6e;g&#64;&#x68;&#111;&#x6c;&#98;&#x65;&#105;&#x6e;&#115;&#x63;&#104;&#x75;&#108;&#x65;&#46;&#x69;n&#x66;o\"><strong>&#x4b;&#x65;&#x72;&#x73;&#x74;&#x69;&#x6e;&#x2e;&#x62;&#x61;&#x65;&#x75;&#x6e;&#x69;&#x6e;&#x67;&#x40;&#x68;&#x6f;&#x6c;&#x62;&#x65;&#x69;&#x6e;&#x73;&#x63;&#x68;&#x75;&#x6c;&#x65;&#x2e;&#x69;&#x6e;&#x66;&#x6f;<\/strong><\/a><strong>&nbsp;zu vereinbaren.<\/strong><\/p>\n\n\n\n<div class=\"wp-block-media-text alignwide is-stacked-on-mobile\"><figure class=\"wp-block-media-text__media\"><\/figure><div class=\"wp-block-media-text__content\">\n<p class=\"has-large-font-size\"><\/p>\n<\/div><\/div>\n","protected":false},"excerpt":{"rendered":"<p>Mein Name ist Kerstin B\u00e4uning und ich bin nun seit rund 12 Jahren gl\u00fccklich als Lehrerin hier an der Holbeinschule. Neben meiner T\u00e4tigkeit als Klassenlehrerin in der Eingangsstufe habe ich eine zweij\u00e4hrige Weiterbildung zur Beratungslehrerin absolviert und bin in dieser Funktion seit 2017 t\u00e4tig. Schwerpunkte meiner Arbeit liegen in der Beratung von Kindern, Eltern und &#8230; <a title=\"BERATUNGSLEHRERIN\" class=\"read-more\" href=\"https:\/\/wordpress.nibis.de\/gsholbein\/beratung\/\" aria-label=\"Mehr Informationen \u00fcber BERATUNGSLEHRERIN\">Weiterlesen<\/a><\/p>\n","protected":false},"author":605,"featured_media":0,"parent":0,"menu_order":0,"comment_status":"closed","ping_status":"closed","template":"","meta":{"footnotes":""},"class_list":["post-5738","page","type-page","status-publish"],"_links":{"self":[{"href":"https:\/\/wordpress.nibis.de\/gsholbein\/wp-json\/wp\/v2\/pages\/5738","targetHints":{"allow":["GET"]}}],"collection":[{"href":"https:\/\/wordpress.nibis.de\/gsholbein\/wp-json\/wp\/v2\/pages"}],"about":[{"href":"https:\/\/wordpress.nibis.de\/gsholbein\/wp-json\/wp\/v2\/types\/page"}],"author":[{"embeddable":true,"href":"https:\/\/wordpress.nibis.de\/gsholbein\/wp-json\/wp\/v2\/users\/605"}],"replies":[{"embeddable":true,"href":"https:\/\/wordpress.nibis.de\/gsholbein\/wp-json\/wp\/v2\/comments?post=5738"}],"version-history":[{"count":6,"href":"https:\/\/wordpress.nibis.de\/gsholbein\/wp-json\/wp\/v2\/pages\/5738\/revisions"}],"predecessor-version":[{"id":8398,"href":"https:\/\/wordpress.nibis.de\/gsholbein\/wp-json\/wp\/v2\/pages\/5738\/revisions\/8398"}],"wp:attachment":[{"href":"https:\/\/wordpress.nibis.de\/gsholbein\/wp-json\/wp\/v2\/media?parent=5738"}],"curies":[{"name":"wp","href":"https:\/\/api.w.org\/{rel}","templated":true}]}}