{"id":64,"date":"2014-11-21T12:59:21","date_gmt":"2014-11-21T11:59:21","guid":{"rendered":"http:\/\/wordpress.nibis.de\/gsholbein\/?page_id=64"},"modified":"2025-08-23T18:58:28","modified_gmt":"2025-08-23T16:58:28","slug":"kollegium","status":"publish","type":"page","link":"https:\/\/wordpress.nibis.de\/gsholbein\/kollegium\/","title":{"rendered":"KOLLEGIUM"},"content":{"rendered":"\n\n\n<h1 style=\"text-align: center\"><span style=\"font-family: tahoma,arial,helvetica,sans-serif\"><strong>DAS SIND WIR!<\/strong><br><\/span><\/h1>\n\n\n<h1 style=\"text-align: center\">\u00a0<\/h1>\n<h1 style=\"text-align: center\"><img loading=\"lazy\" decoding=\"async\" class=\"aligncenter wp-image-8531 size-large\" src=\"https:\/\/wordpress.nibis.de\/gsholbein\/files\/2025\/08\/IMG_2189-1200x675.jpeg\" alt=\"\" width=\"1200\" height=\"675\" srcset=\"https:\/\/wordpress.nibis.de\/gsholbein\/files\/2025\/08\/IMG_2189-1200x675.jpeg 1200w, https:\/\/wordpress.nibis.de\/gsholbein\/files\/2025\/08\/IMG_2189-850x478.jpeg 850w, https:\/\/wordpress.nibis.de\/gsholbein\/files\/2025\/08\/IMG_2189-250x141.jpeg 250w\" sizes=\"auto, (max-width: 1200px) 100vw, 1200px\" \/><\/h1>\n<p>\u00a0<\/p>\n<p><span style=\"font-family: tahoma,arial,helvetica,sans-serif;font-size: 12pt\"><strong>vorne sitzend v. l.:\u00a0<\/strong> Merle Weber (im Mutterschutz), Sabrina Glei\u00dfner-Wiebe, Charlotte L\u00f6pmeier, Pia Kleinichen, Sabrina Abramowski (Konrektorin), Ann-Kristin Meyer, Stefanie Weitzel<\/span><\/p>\n<p><span style=\"font-family: tahoma,arial,helvetica,sans-serif;font-size: 12pt\"><strong>stehend v. l.: <\/strong>Kristina H\u00fcmme, Tina Hanneken (Sekretariat), Katja J\u00f6llenbeck, J\u00f6rn Huxhold, Birgit Koschnitzke (PM), Jasmine L\u00fchrs (F\u00f6rderschulkollegin), Laura Fellner (Schulsozialarbeit), Marion M\u00fces, Sigrid Welz (PM), Lena Blasse, Stefanie Tonn, Kerstin B\u00e4uning, Brigitta Kaufmann (PM), Melanie Brandes (PM), Tim Albus, Inga H\u00fclskamp, Isa Albus (PM), Eske Niemann, Inke Bajorat (Schulleiterin), Laura Piepgras, Kerstin Burdik (Abordnung), Christina Stumpe, Priska K\u00fchling (Abordnung), Anne Meier, Karen Helms, Tsvetina Mihaylova (Dolmetscherin)<\/span><\/p>\n<p>nicht auf dem Foto: Christian Bothe (Hausmeister)<\/p>\n<p>\u00a0<\/p>\n<h2 style=\"text-align: center\"><strong>Wir k\u00f6nnen auch so:<\/strong><\/h2>\n<p>\u00a0<\/p>\n<p><img loading=\"lazy\" decoding=\"async\" class=\"aligncenter wp-image-8535 size-large\" src=\"https:\/\/wordpress.nibis.de\/gsholbein\/files\/2025\/08\/IMG_2236-scaled-e1755967578164-1200x675.jpeg\" alt=\"\" width=\"1200\" height=\"675\" srcset=\"https:\/\/wordpress.nibis.de\/gsholbein\/files\/2025\/08\/IMG_2236-scaled-e1755967578164-1200x675.jpeg 1200w, https:\/\/wordpress.nibis.de\/gsholbein\/files\/2025\/08\/IMG_2236-scaled-e1755967578164-850x478.jpeg 850w, https:\/\/wordpress.nibis.de\/gsholbein\/files\/2025\/08\/IMG_2236-scaled-e1755967578164-250x141.jpeg 250w\" sizes=\"auto, (max-width: 1200px) 100vw, 1200px\" \/><\/p>\n<p>\u00a0<\/p>\n<p>Sie erreichen unsere Kolleginnen und Kollegen unter der folgenden IServ Mailadresse: V&#111;&#114;&#x6e;&#x61;m&#101;&#46;&#x4e;&#x61;&#x63;h&#110;&#97;&#x6d;&#x65;&#64;h&#111;&#x6c;&#x62;&#x65;i&#110;&#115;&#x63;&#x68;ul&#101;&#x2e;&#x69;&#x6e;f&#111; (Beispiel: &#105;&#x6e;&#107;&#x65;&#46;&#x62;&#97;&#x6a;&#111;&#x72;&#97;&#x74;&#64;&#x68;&#111;&#x6c;&#98;&#x65;&#105;&#x6e;&#115;&#x63;&#104;&#x75;&#108;&#x65;&#46;&#x69;n&#x66;o)<\/p>\n<p><a href=\"http:\/\/wordpress.nibis.de\/gsholbein\/files\/2014\/12\/71.jpg\"><br \/><img loading=\"lazy\" decoding=\"async\" class=\"aligncenter wp-image-523 size-thumbnail\" src=\"http:\/\/wordpress.nibis.de\/gsholbein\/files\/2014\/12\/71-150x150.jpg\" alt=\"7\" width=\"150\" height=\"150\" \/><\/a><\/p>\n\n\n<p><\/p>\n\n\n\n<p><\/p>\n","protected":false},"excerpt":{"rendered":"<p>DAS SIND WIR! \u00a0 \u00a0 vorne sitzend v. l.:\u00a0 Merle Weber (im Mutterschutz), Sabrina Glei\u00dfner-Wiebe, Charlotte L\u00f6pmeier, Pia Kleinichen, Sabrina Abramowski (Konrektorin), Ann-Kristin Meyer, Stefanie Weitzel stehend v. l.: Kristina H\u00fcmme, Tina Hanneken (Sekretariat), Katja J\u00f6llenbeck, J\u00f6rn Huxhold, Birgit Koschnitzke (PM), Jasmine L\u00fchrs (F\u00f6rderschulkollegin), Laura Fellner (Schulsozialarbeit), Marion M\u00fces, Sigrid Welz (PM), Lena Blasse, Stefanie &#8230; <a title=\"KOLLEGIUM\" class=\"read-more\" href=\"https:\/\/wordpress.nibis.de\/gsholbein\/kollegium\/\" aria-label=\"Mehr Informationen \u00fcber KOLLEGIUM\">Weiterlesen<\/a><\/p>\n","protected":false},"author":605,"featured_media":0,"parent":0,"menu_order":0,"comment_status":"closed","ping_status":"open","template":"","meta":{"footnotes":""},"class_list":["post-64","page","type-page","status-publish"],"_links":{"self":[{"href":"https:\/\/wordpress.nibis.de\/gsholbein\/wp-json\/wp\/v2\/pages\/64","targetHints":{"allow":["GET"]}}],"collection":[{"href":"https:\/\/wordpress.nibis.de\/gsholbein\/wp-json\/wp\/v2\/pages"}],"about":[{"href":"https:\/\/wordpress.nibis.de\/gsholbein\/wp-json\/wp\/v2\/types\/page"}],"author":[{"embeddable":true,"href":"https:\/\/wordpress.nibis.de\/gsholbein\/wp-json\/wp\/v2\/users\/605"}],"replies":[{"embeddable":true,"href":"https:\/\/wordpress.nibis.de\/gsholbein\/wp-json\/wp\/v2\/comments?post=64"}],"version-history":[{"count":73,"href":"https:\/\/wordpress.nibis.de\/gsholbein\/wp-json\/wp\/v2\/pages\/64\/revisions"}],"predecessor-version":[{"id":8538,"href":"https:\/\/wordpress.nibis.de\/gsholbein\/wp-json\/wp\/v2\/pages\/64\/revisions\/8538"}],"wp:attachment":[{"href":"https:\/\/wordpress.nibis.de\/gsholbein\/wp-json\/wp\/v2\/media?parent=64"}],"curies":[{"name":"wp","href":"https:\/\/api.w.org\/{rel}","templated":true}]}}