{"id":1362,"date":"2017-08-06T19:51:34","date_gmt":"2017-08-06T17:51:34","guid":{"rendered":"http:\/\/wordpress.nibis.de\/gshonde\/?page_id=1362"},"modified":"2023-11-09T13:25:33","modified_gmt":"2023-11-09T11:25:33","slug":"die-ehemaligen-2","status":"publish","type":"page","link":"https:\/\/wordpress.nibis.de\/gshonde\/schule\/das-team\/die-ehemaligen-2\/","title":{"rendered":"Die &#8222;Ehemaligen&#8220;"},"content":{"rendered":"<p>Hier finden Sie ehemalige Lehrkr\u00e4fte, die aus den verschiedensten Gr\u00fcnden nicht mehr dem Kollegium angeh\u00f6ren.<\/p>\n<table>\n<tbody>\n<tr>\n<td><img loading=\"lazy\" decoding=\"async\" class=\"wp-image-1718 aligncenter\" src=\"https:\/\/wordpress.nibis.de\/gshonde\/files\/2015\/01\/IMG_7095-e1517770469754-450x478.jpg\" alt=\"\" width=\"182\" height=\"192\" \/><\/td>\n<td><img loading=\"lazy\" decoding=\"async\" class=\"wp-image-1717 aligncenter\" src=\"https:\/\/wordpress.nibis.de\/gshonde\/files\/2015\/01\/IMG_7070-e1517770432137-450x478.jpg\" alt=\"\" width=\"176\" height=\"187\" \/><\/td>\n<\/tr>\n<tr>\n<td><img loading=\"lazy\" decoding=\"async\" class=\" wp-image-563 aligncenter\" src=\"https:\/\/wordpress.nibis.de\/gshonde\/files\/2015\/01\/Kandora-205x300.jpg\" alt=\"\" width=\"116\" height=\"170\" \/><\/td>\n<td><img loading=\"lazy\" decoding=\"async\" class=\"wp-image-2419 aligncenter\" src=\"https:\/\/wordpress.nibis.de\/gshonde\/files\/2020\/03\/DSCN0158-850x478.jpg\" alt=\"\" width=\"291\" height=\"164\" \/><\/td>\n<\/tr>\n<tr>\n<td><\/td>\n<td><img loading=\"lazy\" decoding=\"async\" class=\"aligncenter\" src=\"https:\/\/wordpress.nibis.de\/gshonde\/files\/2015\/01\/W%C3%B6hler-683x1024.jpg\" width=\"148\" height=\"222\" \/><\/td>\n<\/tr>\n<tr>\n<td><img loading=\"lazy\" decoding=\"async\" class=\"aligncenter\" src=\"https:\/\/wordpress.nibis.de\/gshonde\/files\/2015\/01\/Folwaczny-683x1024.jpg\" width=\"168\" height=\"251\" \/><\/td>\n<td><img loading=\"lazy\" decoding=\"async\" class=\"aligncenter\" src=\"https:\/\/wordpress.nibis.de\/gshonde\/files\/2015\/01\/Springer-683x1024.jpg\" width=\"152\" height=\"228\" \/><\/td>\n<\/tr>\n<tr>\n<td>\n<table>\n<tbody>\n<tr>\n<td><\/td>\n<td><\/td>\n<\/tr>\n<\/tbody>\n<\/table>\n<p><img loading=\"lazy\" decoding=\"async\" class=\"aligncenter\" src=\"https:\/\/wordpress.nibis.de\/gshonde\/files\/2015\/01\/Tina.jpg\" width=\"208\" height=\"290\" \/><\/td>\n<td><a href=\"http:\/\/wordpress.nibis.de\/gshonde\/files\/2015\/01\/Heeg.jpg\"><img loading=\"lazy\" decoding=\"async\" class=\"aligncenter size-medium wp-image-552\" src=\"http:\/\/wordpress.nibis.de\/gshonde\/files\/2015\/01\/Heeg-200x300.jpg\" alt=\"Heeg\" width=\"200\" height=\"300\" srcset=\"https:\/\/wordpress.nibis.de\/gshonde\/files\/2015\/01\/Heeg-200x300.jpg 200w, https:\/\/wordpress.nibis.de\/gshonde\/files\/2015\/01\/Heeg.jpg 683w\" sizes=\"auto, (max-width: 200px) 100vw, 200px\" \/><\/a><\/td>\n<\/tr>\n<\/tbody>\n<\/table>\n","protected":false},"excerpt":{"rendered":"<p>Hier finden Sie ehemalige Lehrkr\u00e4fte, die aus den verschiedensten Gr\u00fcnden nicht mehr dem Kollegium angeh\u00f6ren.<\/p>\n","protected":false},"author":1075,"featured_media":0,"parent":188,"menu_order":0,"comment_status":"closed","ping_status":"closed","template":"","meta":{"footnotes":""},"class_list":["post-1362","page","type-page","status-publish","hentry"],"_links":{"self":[{"href":"https:\/\/wordpress.nibis.de\/gshonde\/wp-json\/wp\/v2\/pages\/1362","targetHints":{"allow":["GET"]}}],"collection":[{"href":"https:\/\/wordpress.nibis.de\/gshonde\/wp-json\/wp\/v2\/pages"}],"about":[{"href":"https:\/\/wordpress.nibis.de\/gshonde\/wp-json\/wp\/v2\/types\/page"}],"author":[{"embeddable":true,"href":"https:\/\/wordpress.nibis.de\/gshonde\/wp-json\/wp\/v2\/users\/1075"}],"replies":[{"embeddable":true,"href":"https:\/\/wordpress.nibis.de\/gshonde\/wp-json\/wp\/v2\/comments?post=1362"}],"version-history":[{"count":13,"href":"https:\/\/wordpress.nibis.de\/gshonde\/wp-json\/wp\/v2\/pages\/1362\/revisions"}],"predecessor-version":[{"id":3780,"href":"https:\/\/wordpress.nibis.de\/gshonde\/wp-json\/wp\/v2\/pages\/1362\/revisions\/3780"}],"up":[{"embeddable":true,"href":"https:\/\/wordpress.nibis.de\/gshonde\/wp-json\/wp\/v2\/pages\/188"}],"wp:attachment":[{"href":"https:\/\/wordpress.nibis.de\/gshonde\/wp-json\/wp\/v2\/media?parent=1362"}],"curies":[{"name":"wp","href":"https:\/\/api.w.org\/{rel}","templated":true}]}}