{"id":208,"date":"2015-01-23T22:37:02","date_gmt":"2015-01-23T20:37:02","guid":{"rendered":"http:\/\/wordpress.nibis.de\/gshonde\/?page_id=208"},"modified":"2025-09-25T19:33:10","modified_gmt":"2025-09-25T17:33:10","slug":"arbeitsgemeinschaften","status":"publish","type":"page","link":"https:\/\/wordpress.nibis.de\/gshonde\/klassen-201415\/arbeitsgemeinschaften\/","title":{"rendered":"Arbeitsgemeinschaften"},"content":{"rendered":"<p>Die Kinder der 3. und 4. Klassen nehmen in jedem Schulhalbjahr an einer Arbeitsgemeinschaft teil.<\/p>\n<p>In den Arbeitsgemeinschaften erhalten die Sch\u00fcler die M\u00f6glichkeit, sich &#8211; ihren individuellen Neigungen entsprechend &#8211; \u00fcber einen l\u00e4ngeren Zeitraum mit einem Thema auseinanderzusetzen.<\/p>\n<p>Die Arbeitsgemeinschaften finden jahrgangs\u00fcbergreifend immer dienstags in der 5. (und 6.) Stunde statt.<\/p>\n<p>Im Schuljahr 2025\/2026 werden folgende Arbeitsgemeinschaften angeboten:<\/p>\n<ul>\n<li>Basketball (Kooperation mit der SG Braunschweig)<\/li>\n<li>Musical<\/li>\n<li>Natur und Umwelt (Kooperation mit dem FUN)<\/li>\n<li>Theater<\/li>\n<li>Erste Hilfe<\/li>\n<li>Geschickt mit Nadel und Faden<\/li>\n<\/ul>\n<p>\u00dcber die Dienstags -AGs hinaus bieten wir auf freiwilliger Basis noch die die Zusatzangebote &#8222;Spa\u00df an Musik&#8220; und &#8222;Radfahrtraining Klasse 3&#8220; an.<\/p>\n","protected":false},"excerpt":{"rendered":"<p>Die Kinder der 3. und 4. Klassen nehmen in jedem Schulhalbjahr an einer Arbeitsgemeinschaft teil. In den Arbeitsgemeinschaften erhalten die Sch\u00fcler die M\u00f6glichkeit, sich &#8211; ihren individuellen Neigungen entsprechend &#8211; \u00fcber einen l\u00e4ngeren Zeitraum mit einem Thema auseinanderzusetzen. Die Arbeitsgemeinschaften finden jahrgangs\u00fcbergreifend immer dienstags in der 5. (und 6.) Stunde statt. Im Schuljahr 2025\/2026 werden &hellip; <a href=\"https:\/\/wordpress.nibis.de\/gshonde\/klassen-201415\/arbeitsgemeinschaften\/\" class=\"more-link\"><span class=\"screen-reader-text\">Arbeitsgemeinschaften<\/span> weiterlesen <span class=\"meta-nav\">&rarr;<\/span><\/a><\/p>\n","protected":false},"author":553,"featured_media":0,"parent":85,"menu_order":0,"comment_status":"closed","ping_status":"closed","template":"","meta":{"footnotes":""},"class_list":["post-208","page","type-page","status-publish","hentry"],"_links":{"self":[{"href":"https:\/\/wordpress.nibis.de\/gshonde\/wp-json\/wp\/v2\/pages\/208","targetHints":{"allow":["GET"]}}],"collection":[{"href":"https:\/\/wordpress.nibis.de\/gshonde\/wp-json\/wp\/v2\/pages"}],"about":[{"href":"https:\/\/wordpress.nibis.de\/gshonde\/wp-json\/wp\/v2\/types\/page"}],"author":[{"embeddable":true,"href":"https:\/\/wordpress.nibis.de\/gshonde\/wp-json\/wp\/v2\/users\/553"}],"replies":[{"embeddable":true,"href":"https:\/\/wordpress.nibis.de\/gshonde\/wp-json\/wp\/v2\/comments?post=208"}],"version-history":[{"count":14,"href":"https:\/\/wordpress.nibis.de\/gshonde\/wp-json\/wp\/v2\/pages\/208\/revisions"}],"predecessor-version":[{"id":4540,"href":"https:\/\/wordpress.nibis.de\/gshonde\/wp-json\/wp\/v2\/pages\/208\/revisions\/4540"}],"up":[{"embeddable":true,"href":"https:\/\/wordpress.nibis.de\/gshonde\/wp-json\/wp\/v2\/pages\/85"}],"wp:attachment":[{"href":"https:\/\/wordpress.nibis.de\/gshonde\/wp-json\/wp\/v2\/media?parent=208"}],"curies":[{"name":"wp","href":"https:\/\/api.w.org\/{rel}","templated":true}]}}