{"id":218,"date":"2015-01-23T22:48:26","date_gmt":"2015-01-23T20:48:26","guid":{"rendered":"http:\/\/wordpress.nibis.de\/gshonde\/?page_id=218"},"modified":"2026-03-20T09:31:39","modified_gmt":"2026-03-20T07:31:39","slug":"elterninformationen","status":"publish","type":"page","link":"https:\/\/wordpress.nibis.de\/gshonde\/eltern\/elterninformationen\/","title":{"rendered":"Elternbriefe"},"content":{"rendered":"<div style=\"text-align: left\" align=\"center\">\n<p>An dieser Stelle ver\u00f6ffentlichen wir die regelm\u00e4\u00dfig erscheinenden Elternbriefe.<\/p>\n<div style=\"text-align: left\" align=\"center\">Diese erhalten Sie regelm\u00e4\u00dfig vor den Ferien:<\/div>\n<div style=\"text-align: left\" align=\"center\"><\/div>\n<div style=\"text-align: left\" align=\"center\">\n<table style=\"height: 1101px;width: 100%\">\n<tbody>\n<tr>\n<td style=\"width: 38.68px\"><\/td>\n<td style=\"width: 500.73px;text-align: center\"><a href=\"https:\/\/wordpress.nibis.de\/gshonde\/files\/2026\/03\/Osterbrief-2026.pdf\">Osterbrief 2026<\/a><\/td>\n<td style=\"width: 18.59px\"><\/td>\n<\/tr>\n<tr style=\"height: 28px\">\n<td style=\"width: 38.68px;height: 28px\"><\/td>\n<td style=\"width: 500.73px;text-align: center;height: 28px\"><a href=\"https:\/\/wordpress.nibis.de\/gshonde\/files\/2025\/12\/Weihnachtsbrief-2025.pdf\">Weihnachtsbrief 2025<\/a><\/td>\n<td style=\"width: 18.59px;height: 28px\"><\/td>\n<\/tr>\n<tr style=\"height: 28px\">\n<td style=\"width: 38.68px;height: 28px\"><\/td>\n<td style=\"width: 500.73px;text-align: center;height: 28px\"><a href=\"https:\/\/wordpress.nibis.de\/gshonde\/files\/2025\/12\/Herbstbrief-2025.pdf\">Herbstbrief 2025<\/a><\/td>\n<td style=\"width: 18.59px;height: 28px\"><\/td>\n<\/tr>\n<tr style=\"height: 28px\">\n<td style=\"width: 38.68px;height: 28px\"><\/td>\n<td style=\"width: 500.73px;text-align: center;height: 28px\"><a href=\"https:\/\/wordpress.nibis.de\/gshonde\/files\/2025\/07\/Sommerbrief-2025.pdf\">Sommerbrief 2025<\/a><\/td>\n<td style=\"width: 18.59px;height: 28px\"><\/td>\n<\/tr>\n<tr style=\"height: 28px\">\n<td style=\"width: 38.68px;height: 28px\"><\/td>\n<td style=\"width: 500.73px;text-align: center;height: 28px\"><a href=\"https:\/\/wordpress.nibis.de\/gshonde\/files\/2025\/04\/Osterbrief-2025.pdf\">Osterbrief 2025<\/a><\/td>\n<td style=\"width: 18.59px;height: 28px\"><\/td>\n<\/tr>\n<tr style=\"height: 28px\">\n<td style=\"width: 38.68px;height: 28px\"><\/td>\n<td style=\"width: 500.73px;text-align: center;height: 28px\"><a href=\"https:\/\/wordpress.nibis.de\/gshonde\/files\/2024\/12\/Weihnachtsbrief-2024.pdf\">Weihnachtsbrief 2024<\/a><\/td>\n<td style=\"width: 18.59px;height: 28px\"><\/td>\n<\/tr>\n<tr style=\"height: 28px\">\n<td style=\"width: 38.68px;height: 28px\"><\/td>\n<td style=\"width: 500.73px;text-align: center;height: 28px\"><a href=\"https:\/\/wordpress.nibis.de\/gshonde\/files\/2024\/10\/Herbstbrief-2024.pdf\">Herbstbrief 2024<\/a><\/td>\n<td style=\"width: 18.59px;height: 28px\"><\/td>\n<\/tr>\n<tr style=\"height: 28px\">\n<td style=\"width: 38.68px;height: 28px\"><\/td>\n<td style=\"width: 500.73px;text-align: center;height: 28px\"><a href=\"https:\/\/wordpress.nibis.de\/gshonde\/files\/2024\/08\/Sommerbrief-2024.pdf\">Sommerbrief 2024<\/a><\/td>\n<td style=\"width: 18.59px;height: 28px\"><\/td>\n<\/tr>\n<tr style=\"height: 28px\">\n<td style=\"width: 38.68px;height: 28px\"><\/td>\n<td style=\"width: 500.73px;text-align: center;height: 28px\"><a href=\"https:\/\/wordpress.nibis.de\/gshonde\/files\/2024\/03\/Osterbrief-2024.pdf\">Osterbrief 2024<\/a><\/td>\n<td style=\"width: 18.59px;height: 28px\"><\/td>\n<\/tr>\n<tr style=\"height: 28px\">\n<td style=\"width: 38.68px;height: 28px\"><\/td>\n<td style=\"width: 500.73px;text-align: center;height: 28px\"><a href=\"https:\/\/wordpress.nibis.de\/gshonde\/files\/2023\/12\/Weihnachtsbrief-2023.pdf\">Weihnachtsbrief 2023<\/a><\/td>\n<td style=\"width: 18.59px;height: 28px\"><\/td>\n<\/tr>\n<tr style=\"height: 28px\">\n<td style=\"width: 38.68px;height: 28px\"><\/td>\n<td style=\"width: 500.73px;text-align: center;height: 28px\"><a href=\"https:\/\/wordpress.nibis.de\/gshonde\/files\/2023\/10\/Herbstbrief-2023.pdf\">Herbstbrief 2023<\/a><\/td>\n<td style=\"width: 18.59px;height: 28px\"><\/td>\n<\/tr>\n<tr style=\"height: 41px\">\n<td style=\"width: 38.68px;height: 41px\"><\/td>\n<td style=\"width: 500.73px;text-align: center;height: 41px\"><a href=\"https:\/\/wordpress.nibis.de\/gshonde\/files\/2023\/07\/Sommerbrief-2023.pdf\">Sommerbrief 2023<\/a><\/td>\n<td style=\"width: 18.59px;height: 41px\"><\/td>\n<\/tr>\n<tr style=\"height: 43px\">\n<td style=\"width: 38.68px;height: 43px\"><\/td>\n<td style=\"width: 500.73px;text-align: center;height: 43px\"><a href=\"https:\/\/wordpress.nibis.de\/gshonde\/files\/2023\/07\/Osterbrief-2023.pdf\">Osterbrief 2023<\/a><\/td>\n<td style=\"width: 18.59px;height: 43px\"><\/td>\n<\/tr>\n<tr style=\"height: 41px\">\n<td style=\"width: 38.68px;height: 41px\"><\/td>\n<td style=\"width: 500.73px;text-align: center;height: 41px\"><a href=\"https:\/\/wordpress.nibis.de\/gshonde\/files\/2022\/12\/Weihnachtsbrief-2022.pdf\">Weihnachtsbrief 2022<\/a><\/td>\n<td style=\"width: 18.59px;height: 41px\"><\/td>\n<\/tr>\n<tr style=\"height: 41px\">\n<td style=\"width: 38.68px;height: 41px\"><\/td>\n<td style=\"width: 500.73px;text-align: center;height: 41px\"><a href=\"https:\/\/wordpress.nibis.de\/gshonde\/files\/2022\/11\/Herbstbrief-2022.pdf\">Herbstbrief 2022<\/a><\/td>\n<td style=\"width: 18.59px;height: 41px\"><\/td>\n<\/tr>\n<tr style=\"height: 41px\">\n<td style=\"width: 38.68px;height: 41px\"><\/td>\n<td style=\"width: 500.73px;text-align: center;height: 41px\"><a href=\"https:\/\/wordpress.nibis.de\/gshonde\/files\/2022\/07\/Sommerbrief-2022.pdf\">Sommerbrief 2022<\/a><\/td>\n<td style=\"width: 18.59px;height: 41px\"><\/td>\n<\/tr>\n<tr style=\"height: 41px\">\n<td style=\"width: 38.68px;height: 41px\"><\/td>\n<td style=\"width: 500.73px;text-align: center;height: 41px\"><a href=\"https:\/\/wordpress.nibis.de\/gshonde\/files\/2022\/04\/Osterbrief-2022.pdf\">Osterbrief 2022<\/a><\/td>\n<td style=\"width: 18.59px;height: 41px\"><\/td>\n<\/tr>\n<tr style=\"height: 41px\">\n<td style=\"width: 38.68px;height: 41px\"><\/td>\n<td style=\"width: 500.73px;text-align: center;height: 41px\"><a href=\"https:\/\/wordpress.nibis.de\/gshonde\/files\/2021\/12\/Weihnachtsbrief-2021.pdf\">Weihnachtsbrief 2021<\/a><\/td>\n<td style=\"width: 18.59px;height: 41px\"><\/td>\n<\/tr>\n<tr style=\"height: 41px\">\n<td style=\"width: 38.68px;height: 41px\"><\/td>\n<td style=\"width: 500.73px;text-align: center;height: 41px\"><a href=\"https:\/\/wordpress.nibis.de\/gshonde\/files\/2021\/11\/Herbstbrief-2021.pdf\">Herbstbrief 2021<\/a><\/td>\n<td style=\"width: 18.59px;height: 41px\"><\/td>\n<\/tr>\n<tr style=\"height: 41px\">\n<td style=\"width: 38.68px;height: 41px\"><\/td>\n<td style=\"width: 500.73px;text-align: center;height: 41px\"><a href=\"https:\/\/wordpress.nibis.de\/gshonde\/files\/2021\/11\/Sommerbrief-2021.pdf\">Sommerbrief 2021<\/a><\/td>\n<td style=\"width: 18.59px;height: 41px\"><\/td>\n<\/tr>\n<tr style=\"height: 41px\">\n<td style=\"width: 38.68px;height: 41px\"><\/td>\n<td style=\"width: 500.73px;text-align: center;height: 41px\"><a href=\"https:\/\/wordpress.nibis.de\/gshonde\/files\/2021\/03\/Osterbrief-2021.pdf\">Osterbrief 2021<\/a><\/td>\n<td style=\"width: 18.59px;height: 41px\"><\/td>\n<\/tr>\n<tr style=\"height: 41px\">\n<td style=\"width: 38.68px;height: 41px\"><\/td>\n<td style=\"width: 500.73px;text-align: center;height: 41px\"><a href=\"https:\/\/wordpress.nibis.de\/gshonde\/files\/2021\/01\/Zeugnisbrief-2021.pdf\">Zeugnisbrief 2021<\/a><\/td>\n<td style=\"width: 18.59px;height: 41px\"><\/td>\n<\/tr>\n<tr style=\"height: 41px\">\n<td style=\"width: 38.68px;height: 41px\"><\/td>\n<td style=\"width: 500.73px;text-align: center;height: 41px\"><a href=\"https:\/\/wordpress.nibis.de\/gshonde\/files\/2020\/12\/Weihnachtsbrief-2020.pdf\">Weihnachtsbrief 2020<\/a><\/td>\n<td style=\"width: 18.59px;height: 41px\"><\/td>\n<\/tr>\n<tr style=\"height: 41px\">\n<td style=\"width: 38.68px;height: 41px\"><\/td>\n<td style=\"width: 500.73px;text-align: center;height: 41px\"><a href=\"https:\/\/wordpress.nibis.de\/gshonde\/files\/2020\/10\/Herbstbrief-2020.pdf\">Herbstbrief 2020<\/a><\/td>\n<td style=\"width: 18.59px;height: 41px\"><\/td>\n<\/tr>\n<tr style=\"height: 41px\">\n<td style=\"width: 38.68px;height: 41px\"><\/td>\n<td style=\"width: 500.73px;text-align: center;height: 41px\"><a href=\"https:\/\/wordpress.nibis.de\/gshonde\/files\/2020\/07\/Sommerbrief-2020.pdf\">Sommerbrief 2020<\/a><\/td>\n<td style=\"width: 18.59px;height: 41px\"><\/td>\n<\/tr>\n<tr style=\"height: 41px\">\n<td style=\"width: 38.68px;height: 41px\"><\/td>\n<td style=\"width: 500.73px;text-align: center;height: 41px\"><a href=\"https:\/\/wordpress.nibis.de\/gshonde\/files\/2020\/03\/Osterbrief-2020.pdf\">Osterbrief 2020<\/a><\/td>\n<td style=\"width: 18.59px;height: 41px\"><\/td>\n<\/tr>\n<tr style=\"height: 40px\">\n<td style=\"width: 38.68px;height: 40px\"><\/td>\n<td style=\"width: 500.73px;height: 40px;text-align: center\"><a href=\"https:\/\/wordpress.nibis.de\/gshonde\/files\/2019\/12\/Weihnachtsbrief-2019.pdf\">Weihnachtsbrief 2019<\/a><\/td>\n<td style=\"width: 18.59px;height: 40px\"><\/td>\n<\/tr>\n<tr style=\"height: 41px\">\n<td style=\"width: 38.68px;height: 41px\"><\/td>\n<td style=\"width: 500.73px;height: 41px;text-align: center\"><a href=\"https:\/\/wordpress.nibis.de\/gshonde\/files\/2019\/10\/Herbstbrief-2019.pdf\">Herbstbrief 2019<\/a><\/td>\n<td style=\"width: 18.59px;height: 41px\"><\/td>\n<\/tr>\n<tr style=\"height: 41px\">\n<td style=\"width: 38.68px;height: 41px\"><\/td>\n<td style=\"width: 500.73px;height: 41px;text-align: center\"><a href=\"https:\/\/wordpress.nibis.de\/gshonde\/files\/2019\/07\/Sommerbrief-2019.pdf\">Sommerbrief 2019<\/a><\/td>\n<td style=\"width: 18.59px;height: 41px\"><\/td>\n<\/tr>\n<tr style=\"height: 41px\">\n<td style=\"width: 38.68px;height: 41px\"><\/td>\n<td style=\"width: 500.73px;height: 41px;text-align: center\"><a href=\"https:\/\/wordpress.nibis.de\/gshonde\/files\/2019\/07\/Osterbrief-2019.pdf\">Osterbrief 2019<\/a><\/td>\n<td style=\"width: 18.59px;height: 41px\"><\/td>\n<\/tr>\n<tr style=\"height: 41px\">\n<td style=\"width: 38.68px;height: 41px\"><\/td>\n<td style=\"width: 500.73px;height: 41px;text-align: center\"><\/td>\n<td style=\"width: 18.59px;height: 41px\"><\/td>\n<\/tr>\n<\/tbody>\n<\/table>\n<\/div>\n<div style=\"text-align: center\" align=\"center\"><\/div>\n<div style=\"text-align: center\" align=\"center\"><\/div>\n<\/div>\n<div align=\"center\"><\/div>\n<div style=\"text-align: center\" align=\"center\"><\/div>\n","protected":false},"excerpt":{"rendered":"<p>An dieser Stelle ver\u00f6ffentlichen wir die regelm\u00e4\u00dfig erscheinenden Elternbriefe. Diese erhalten Sie regelm\u00e4\u00dfig vor den Ferien: Osterbrief 2026 Weihnachtsbrief 2025 Herbstbrief 2025 Sommerbrief 2025 Osterbrief 2025 Weihnachtsbrief 2024 Herbstbrief 2024 Sommerbrief 2024 Osterbrief 2024 Weihnachtsbrief 2023 Herbstbrief 2023 Sommerbrief 2023 Osterbrief 2023 Weihnachtsbrief 2022 Herbstbrief 2022 Sommerbrief 2022 Osterbrief 2022 Weihnachtsbrief 2021 Herbstbrief 2021 Sommerbrief &hellip; <a href=\"https:\/\/wordpress.nibis.de\/gshonde\/eltern\/elterninformationen\/\" class=\"more-link\"><span class=\"screen-reader-text\">Elternbriefe<\/span> weiterlesen <span class=\"meta-nav\">&rarr;<\/span><\/a><\/p>\n","protected":false},"author":553,"featured_media":0,"parent":79,"menu_order":0,"comment_status":"closed","ping_status":"closed","template":"","meta":{"footnotes":""},"class_list":["post-218","page","type-page","status-publish","hentry"],"_links":{"self":[{"href":"https:\/\/wordpress.nibis.de\/gshonde\/wp-json\/wp\/v2\/pages\/218","targetHints":{"allow":["GET"]}}],"collection":[{"href":"https:\/\/wordpress.nibis.de\/gshonde\/wp-json\/wp\/v2\/pages"}],"about":[{"href":"https:\/\/wordpress.nibis.de\/gshonde\/wp-json\/wp\/v2\/types\/page"}],"author":[{"embeddable":true,"href":"https:\/\/wordpress.nibis.de\/gshonde\/wp-json\/wp\/v2\/users\/553"}],"replies":[{"embeddable":true,"href":"https:\/\/wordpress.nibis.de\/gshonde\/wp-json\/wp\/v2\/comments?post=218"}],"version-history":[{"count":73,"href":"https:\/\/wordpress.nibis.de\/gshonde\/wp-json\/wp\/v2\/pages\/218\/revisions"}],"predecessor-version":[{"id":4867,"href":"https:\/\/wordpress.nibis.de\/gshonde\/wp-json\/wp\/v2\/pages\/218\/revisions\/4867"}],"up":[{"embeddable":true,"href":"https:\/\/wordpress.nibis.de\/gshonde\/wp-json\/wp\/v2\/pages\/79"}],"wp:attachment":[{"href":"https:\/\/wordpress.nibis.de\/gshonde\/wp-json\/wp\/v2\/media?parent=218"}],"curies":[{"name":"wp","href":"https:\/\/api.w.org\/{rel}","templated":true}]}}