{"id":3370,"date":"2022-07-01T18:42:41","date_gmt":"2022-07-01T16:42:41","guid":{"rendered":"https:\/\/wordpress.nibis.de\/gshonde\/?page_id=3370"},"modified":"2024-04-02T12:20:14","modified_gmt":"2024-04-02T10:20:14","slug":"neu-schulische-sozialarbeit","status":"publish","type":"page","link":"https:\/\/wordpress.nibis.de\/gshonde\/schule\/neu-schulische-sozialarbeit\/","title":{"rendered":"Schulische Sozialarbeit"},"content":{"rendered":"\n<p><strong>Mein Name ist Katharina Bla\u00df.<\/strong><\/p>\n<p>Seit dem 20.06.2022 bin ich als Schulsozialarbeiterin an der Grundschule Hondelage\u00a0 angestellt.<\/p>\n<p>Schulsozialarbeit ist ein <em>kostenloses, freiwilliges und vertrauliches <\/em>Angebot f\u00fcr alle Sch\u00fclerInnen, Eltern und LehrerInnen.<br \/>Bei Problemen, Konflikten oder Sorgen k\u00f6nnen sich Sch\u00fclerInnen, Eltern und LehrerInnen an mich wenden.<\/p>\n<p>Schulsozialarbeit beinhaltet:<\/p>\n<ul>\n<li>\u00a0Beratung der Sch\u00fclerInnen bei Problemen oder Konflikten mit Freunden, Eltern oder Lehrern<\/li>\n<li>Zeit zum &#8222;Zuh\u00f6ren&#8220; f\u00fcr die Sch\u00fclerInnen<\/li>\n<li>\u00a0Sozialtraining f\u00fcr einzelne Sch\u00fclerInnen und in Klassen<\/li>\n<li>Soziales Lernen in Klassen<\/li>\n<li>\u00a0Unterst\u00fctzung bei Eltern-Lehrer-Gespr\u00e4chen\/ Entlastung der Lehrkr\u00e4fte in Konfliktsituationen<\/li>\n<li>\u00a0Beratungsangebot f\u00fcr Lehrkr\u00e4fte<\/li>\n<li>\u00a0Beratungsgespr\u00e4che f\u00fcr Eltern<\/li>\n<li>\u00a0Vermittlung zu anderen Institutionen, weiterf\u00fchrenden Hilfen<\/li>\n<li>\u00a0Sch\u00fclerrat<\/li>\n<li>\u00a0Netzwerkarbeit<\/li>\n<\/ul>\n<p>\u00a0<\/p>\n<p><strong>Erreichbarkeit und Sprechzeiten:<\/strong><\/p>\n<p>Um einen Termin mit mir zu vereinbaren, rufen Sie bitte<\/p>\n<ul>\n<li>\u00fcber die Nummer der Schule 05309-5257<\/li>\n<li><strong>\u00fcber die direkte Durchwahl 05309-2903917 <\/strong><\/li>\n<\/ul>\n<p>an oder melden Sie sich per Mail (bl&#97;&#115;&#115;&#x40;&#x67;&#x73;&#x2d;&#x68;on&#100;&#101;&#108;&#x61;&#x67;&#x65;&#x2e;&#x64;e) bei mir. Zu folgenden Sprechzeiten k\u00f6nnen wir einen Gespr\u00e4chstermin vereinbaren:<\/p>\n<p>Montag:\u00a0 \u00a0 \u00a0 \u00a0 \u00a0 \u00a0 \u00a0 \u00a0 \u00a0 \u00a0 \u00a0 \u00a0 \u00a0 \u00a0 \u00a0 \u00a08:00 &#8211; 14:00 Uhr<\/p>\n<p>Dienstag- Donnerstag:\u00a0 8:00 &#8211; 13:00 Uhr<\/p>\n<p>Freitags ist Frau Bla\u00df NICHT in der Schule.<\/p>\n<p>Dar\u00fcber hinaus ist nat\u00fcrlich auch eine individuelle Terminvereinbarung m\u00f6glich.<\/p>\n<p>Und denken Sie immer daran: Schulsozialarbeit ist ein kostenloses, freiwilliges und vertrauliches Angebot!<\/p>\n<p><img loading=\"lazy\" decoding=\"async\" class=\"aligncenter\" src=\"https:\/\/wordpress.nibis.de\/gshonde\/wp-admin\/admin-ajax.php?action=imgedit-preview&amp;_ajax_nonce=0c2769b934&amp;postid=3712&amp;rand=15198\" width=\"123\" height=\"184\" \/><\/p>\n<p>\u00a0<\/p>\n","protected":false},"excerpt":{"rendered":"<p>Mein Name ist Katharina Bla\u00df. Seit dem 20.06.2022 bin ich als Schulsozialarbeiterin an der Grundschule Hondelage\u00a0 angestellt. Schulsozialarbeit ist ein kostenloses, freiwilliges und vertrauliches Angebot f\u00fcr alle Sch\u00fclerInnen, Eltern und LehrerInnen.Bei Problemen, Konflikten oder Sorgen k\u00f6nnen sich Sch\u00fclerInnen, Eltern und LehrerInnen an mich wenden. Schulsozialarbeit beinhaltet: \u00a0Beratung der Sch\u00fclerInnen bei Problemen oder Konflikten mit Freunden, &hellip; <a href=\"https:\/\/wordpress.nibis.de\/gshonde\/schule\/neu-schulische-sozialarbeit\/\" class=\"more-link\"><span class=\"screen-reader-text\">Schulische Sozialarbeit<\/span> weiterlesen <span class=\"meta-nav\">&rarr;<\/span><\/a><\/p>\n","protected":false},"author":1075,"featured_media":0,"parent":13,"menu_order":0,"comment_status":"closed","ping_status":"closed","template":"","meta":{"footnotes":""},"class_list":["post-3370","page","type-page","status-publish","hentry"],"_links":{"self":[{"href":"https:\/\/wordpress.nibis.de\/gshonde\/wp-json\/wp\/v2\/pages\/3370","targetHints":{"allow":["GET"]}}],"collection":[{"href":"https:\/\/wordpress.nibis.de\/gshonde\/wp-json\/wp\/v2\/pages"}],"about":[{"href":"https:\/\/wordpress.nibis.de\/gshonde\/wp-json\/wp\/v2\/types\/page"}],"author":[{"embeddable":true,"href":"https:\/\/wordpress.nibis.de\/gshonde\/wp-json\/wp\/v2\/users\/1075"}],"replies":[{"embeddable":true,"href":"https:\/\/wordpress.nibis.de\/gshonde\/wp-json\/wp\/v2\/comments?post=3370"}],"version-history":[{"count":18,"href":"https:\/\/wordpress.nibis.de\/gshonde\/wp-json\/wp\/v2\/pages\/3370\/revisions"}],"predecessor-version":[{"id":3864,"href":"https:\/\/wordpress.nibis.de\/gshonde\/wp-json\/wp\/v2\/pages\/3370\/revisions\/3864"}],"up":[{"embeddable":true,"href":"https:\/\/wordpress.nibis.de\/gshonde\/wp-json\/wp\/v2\/pages\/13"}],"wp:attachment":[{"href":"https:\/\/wordpress.nibis.de\/gshonde\/wp-json\/wp\/v2\/media?parent=3370"}],"curies":[{"name":"wp","href":"https:\/\/api.w.org\/{rel}","templated":true}]}}