{"id":4258,"date":"2025-05-13T12:32:41","date_gmt":"2025-05-13T10:32:41","guid":{"rendered":"https:\/\/wordpress.nibis.de\/gshonde\/?page_id=4258"},"modified":"2025-05-21T12:18:43","modified_gmt":"2025-05-21T10:18:43","slug":"projekttage-2025","status":"publish","type":"page","link":"https:\/\/wordpress.nibis.de\/gshonde\/projekttage-2025\/","title":{"rendered":"Projekttage 2025"},"content":{"rendered":"\n<p>Die Grundschule Hondelage wird 55 Jahre alt. Unter dem Motto &#8222;gestern-heute-morgen&#8220; feiern wir vom 19.-21. Mai 2025. An den Projekttagen setzen wir im Sinne von Nachhaltigkeit Ideen um, wie wir den Schulhof versch\u00f6nern und neu gestalten k\u00f6nnen, damit wir alle uns an unserer Schule noch wohler f\u00fchlen.<\/p>\n<p>Der vierte Jahrgang malt Spiele auf den Pausenhof.\u00a0<\/p>\n<p><a href=\"https:\/\/wordpress.nibis.de\/gshonde\/files\/2025\/05\/00.jpg\"><img loading=\"lazy\" decoding=\"async\" class=\"alignnone  wp-image-4271\" src=\"https:\/\/wordpress.nibis.de\/gshonde\/files\/2025\/05\/00.jpg\" alt=\"\" width=\"147\" height=\"196\" \/><\/a>\u00a0 \u00a0 \u00a0 \u00a0 <a href=\"https:\/\/wordpress.nibis.de\/gshonde\/files\/2025\/05\/09.jpg\"><img loading=\"lazy\" decoding=\"async\" class=\"wp-image-4273 alignnone\" src=\"https:\/\/wordpress.nibis.de\/gshonde\/files\/2025\/05\/09.jpg\" alt=\"\" width=\"147\" height=\"196\" \/>\u00a0\u00a0\u00a0\u00a0\u00a0\u00a0\u00a0 <\/a><a href=\"https:\/\/wordpress.nibis.de\/gshonde\/files\/2025\/05\/07.jpg\"><img loading=\"lazy\" decoding=\"async\" class=\"alignnone  wp-image-4272\" src=\"https:\/\/wordpress.nibis.de\/gshonde\/files\/2025\/05\/07.jpg\" alt=\"\" width=\"145\" height=\"194\" \/>\u00a0\u00a0 <\/a><a href=\"https:\/\/wordpress.nibis.de\/gshonde\/files\/2025\/05\/14.jpg\"><img loading=\"lazy\" decoding=\"async\" class=\"alignnone  wp-image-4275\" src=\"https:\/\/wordpress.nibis.de\/gshonde\/files\/2025\/05\/14.jpg\" alt=\"\" width=\"147\" height=\"196\" \/>\u00a0 \u00a0 \u00a0 \u00a0 <\/a><a href=\"https:\/\/wordpress.nibis.de\/gshonde\/files\/2025\/05\/13.jpg\"><img loading=\"lazy\" decoding=\"async\" class=\"alignnone  wp-image-4274\" src=\"https:\/\/wordpress.nibis.de\/gshonde\/files\/2025\/05\/13.jpg\" alt=\"\" width=\"147\" height=\"196\" \/><\/a><\/p>\n<p>Die 4a erstellt noch Erkl\u00e4rvideos, damit alle auch wissen, wie welches Spiel gespielt werden kann.<\/p>\n<p>Wir danken an dieser Stelle besonders der Firma <a href=\"https:\/\/malermeister-roeneke.de\/\">&#8222;Malermeister R\u00f6neke&#8220;<\/a>\u00a0 bei der Beratung und Unterst\u00fctzung zur Umsetzung dieses Projektes.<\/p>\n<p>Der Hausmeister hat mit Elternhilfe dem Spieleh\u00e4uschen einen neuen Anstrich verpasst. Vielen Dank f\u00fcr die Unterst\u00fctzung aller flei\u00dfigen Helfer.<\/p>\n<p><a href=\"https:\/\/wordpress.nibis.de\/gshonde\/files\/2025\/05\/Haus-01.jpg\"><img loading=\"lazy\" decoding=\"async\" class=\"alignnone  wp-image-4282\" src=\"https:\/\/wordpress.nibis.de\/gshonde\/files\/2025\/05\/Haus-01.jpg\" alt=\"\" width=\"146\" height=\"195\" \/>\u00a0\u00a0\u00a0\u00a0\u00a0 <\/a><a href=\"https:\/\/wordpress.nibis.de\/gshonde\/files\/2025\/05\/Haus-07.jpg\"><img loading=\"lazy\" decoding=\"async\" class=\"alignnone  wp-image-4283\" src=\"https:\/\/wordpress.nibis.de\/gshonde\/files\/2025\/05\/Haus-07.jpg\" alt=\"\" width=\"148\" height=\"197\" \/>\u00a0\u00a0\u00a0 <\/a><a href=\"https:\/\/wordpress.nibis.de\/gshonde\/files\/2025\/05\/Haus-09.jpg\"><img loading=\"lazy\" decoding=\"async\" class=\"alignnone  wp-image-4284\" src=\"https:\/\/wordpress.nibis.de\/gshonde\/files\/2025\/05\/Haus-09.jpg\" alt=\"\" width=\"146\" height=\"195\" \/><\/a><\/p>\n<p>Die Klasse 3a legt ein Hochbeet an.<\/p>\n<p><a href=\"https:\/\/wordpress.nibis.de\/gshonde\/files\/2025\/05\/02.jpg\"><img loading=\"lazy\" decoding=\"async\" class=\"alignnone  wp-image-4288\" src=\"https:\/\/wordpress.nibis.de\/gshonde\/files\/2025\/05\/02.jpg\" alt=\"\" width=\"147\" height=\"196\" \/>\u00a0\u00a0\u00a0\u00a0\u00a0 <\/a><a href=\"https:\/\/wordpress.nibis.de\/gshonde\/files\/2025\/05\/03.jpg\"><img loading=\"lazy\" decoding=\"async\" class=\"alignnone  wp-image-4289\" src=\"https:\/\/wordpress.nibis.de\/gshonde\/files\/2025\/05\/03.jpg\" alt=\"\" width=\"146\" height=\"195\" \/>\u00a0\u00a0\u00a0\u00a0 <\/a><a href=\"https:\/\/wordpress.nibis.de\/gshonde\/files\/2025\/05\/05.jpg\"><img loading=\"lazy\" decoding=\"async\" class=\"alignnone  wp-image-4290\" src=\"https:\/\/wordpress.nibis.de\/gshonde\/files\/2025\/05\/05.jpg\" alt=\"\" width=\"146\" height=\"195\" \/>\u00a0\u00a0 <\/a><a href=\"https:\/\/wordpress.nibis.de\/gshonde\/files\/2025\/05\/07-1.jpg\"><img loading=\"lazy\" decoding=\"async\" class=\"wp-image-4294 alignleft\" src=\"https:\/\/wordpress.nibis.de\/gshonde\/files\/2025\/05\/07-1.jpg\" alt=\"\" width=\"184\" height=\"138\" \/> <\/a><\/p>\n<p>Und fertig !\u00a0<\/p>\n<p>\u00a0<\/p>\n<p>\u00a0<\/p>\n<p>Die Klasse 3b hast Nistk\u00e4sten selber gebaut. Sie h\u00e4ngen auch schon. Schaut euch doch mal auf dem Schulhof um, ob ihr alle entdeckt&#8230;<\/p>\n<p><a href=\"https:\/\/wordpress.nibis.de\/gshonde\/files\/2025\/05\/02-1.jpg\"><img loading=\"lazy\" decoding=\"async\" class=\"alignnone  wp-image-4297\" src=\"https:\/\/wordpress.nibis.de\/gshonde\/files\/2025\/05\/02-1.jpg\" alt=\"\" width=\"147\" height=\"196\" \/>\u00a0\u00a0 <\/a><a href=\"https:\/\/wordpress.nibis.de\/gshonde\/files\/2025\/05\/03-1.jpg\"><img loading=\"lazy\" decoding=\"async\" class=\"alignnone  wp-image-4298\" src=\"https:\/\/wordpress.nibis.de\/gshonde\/files\/2025\/05\/03-1.jpg\" alt=\"\" width=\"148\" height=\"197\" \/>\u00a0\u00a0\u00a0\u00a0 <\/a> <a href=\"https:\/\/wordpress.nibis.de\/gshonde\/files\/2025\/05\/04.jpg\"><img loading=\"lazy\" decoding=\"async\" class=\"alignnone  wp-image-4299\" src=\"https:\/\/wordpress.nibis.de\/gshonde\/files\/2025\/05\/04.jpg\" alt=\"\" width=\"148\" height=\"197\" \/>\u00a0\u00a0 <\/a><a href=\"https:\/\/wordpress.nibis.de\/gshonde\/files\/2025\/05\/05-1.jpg\"><img loading=\"lazy\" decoding=\"async\" class=\"alignnone  wp-image-4300\" src=\"https:\/\/wordpress.nibis.de\/gshonde\/files\/2025\/05\/05-1.jpg\" alt=\"\" width=\"146\" height=\"195\" \/><\/a><\/p>\n<p><a href=\"https:\/\/wordpress.nibis.de\/gshonde\/files\/2025\/05\/06.jpg\"><img loading=\"lazy\" decoding=\"async\" class=\"alignnone  wp-image-4301\" src=\"https:\/\/wordpress.nibis.de\/gshonde\/files\/2025\/05\/06.jpg\" alt=\"\" width=\"146\" height=\"195\" \/>\u00a0<\/a><\/p>\n<p>Die\u00a0 Klasse 1b hat sich im &#8222;Indoor Gardening&#8220; versucht und T\u00f6pfe bemalt sowie Setzlinge gepflanzt. Mal sehen, was daraus wird und ob sie sp\u00e4ter nach drau\u00dfen umgepflanzt werden k\u00f6nnen.<\/p>\n<p><a href=\"https:\/\/wordpress.nibis.de\/gshonde\/files\/2025\/05\/03-2.jpg\"><img loading=\"lazy\" decoding=\"async\" class=\"alignnone  wp-image-4309\" src=\"https:\/\/wordpress.nibis.de\/gshonde\/files\/2025\/05\/03-2.jpg\" alt=\"\" width=\"199\" height=\"149\" \/>\u00a0\u00a0\u00a0\u00a0 <\/a><a href=\"https:\/\/wordpress.nibis.de\/gshonde\/files\/2025\/05\/04-1.jpg\"><img loading=\"lazy\" decoding=\"async\" class=\"alignnone  wp-image-4310\" src=\"https:\/\/wordpress.nibis.de\/gshonde\/files\/2025\/05\/04-1.jpg\" alt=\"\" width=\"195\" height=\"147\" \/><\/a><\/p>\n<p>In der 4b wurden Vogeltr\u00e4nken und Bienen- bzw. Insektenhotels gebastelt.<\/p>\n<p><a href=\"https:\/\/wordpress.nibis.de\/gshonde\/files\/2025\/05\/01.jpg\"><img loading=\"lazy\" decoding=\"async\" class=\"alignnone  wp-image-4315\" src=\"https:\/\/wordpress.nibis.de\/gshonde\/files\/2025\/05\/01.jpg\" alt=\"\" width=\"149\" height=\"199\" \/>\u00a0\u00a0\u00a0 <\/a><a href=\"https:\/\/wordpress.nibis.de\/gshonde\/files\/2025\/05\/03-3.jpg\"><img loading=\"lazy\" decoding=\"async\" class=\"alignnone  wp-image-4316\" src=\"https:\/\/wordpress.nibis.de\/gshonde\/files\/2025\/05\/03-3.jpg\" alt=\"\" width=\"147\" height=\"196\" \/>\u00a0\u00a0\u00a0 <\/a><a href=\"https:\/\/wordpress.nibis.de\/gshonde\/files\/2025\/05\/04-2.jpg\"><img loading=\"lazy\" decoding=\"async\" class=\"alignnone  wp-image-4317\" src=\"https:\/\/wordpress.nibis.de\/gshonde\/files\/2025\/05\/04-2.jpg\" alt=\"\" width=\"147\" height=\"196\" \/>\u00a0 <\/a><a href=\"https:\/\/wordpress.nibis.de\/gshonde\/files\/2025\/05\/06-1.jpg\"><img loading=\"lazy\" decoding=\"async\" class=\"alignnone  wp-image-4321\" src=\"https:\/\/wordpress.nibis.de\/gshonde\/files\/2025\/05\/06-1.jpg\" alt=\"\" width=\"148\" height=\"197\" \/><\/a><\/p>\n<p>Der zweite Jahrgang hat den Eingangsbereich neu gestaltet, sodass der Tag schon morgens am Schultor mit einem herzlichen Willkommen beginnen kann.<\/p>\n<p><a href=\"https:\/\/wordpress.nibis.de\/gshonde\/files\/2025\/05\/00-1.jpg\"><img loading=\"lazy\" decoding=\"async\" class=\"wp-image-4328 alignleft\" src=\"https:\/\/wordpress.nibis.de\/gshonde\/files\/2025\/05\/00-1.jpg\" alt=\"\" width=\"196\" height=\"147\" \/>\u00a0 <\/a><a href=\"https:\/\/wordpress.nibis.de\/gshonde\/files\/2025\/05\/0.jpg\"><img loading=\"lazy\" decoding=\"async\" class=\"wp-image-4329 alignleft\" src=\"https:\/\/wordpress.nibis.de\/gshonde\/files\/2025\/05\/0.jpg\" alt=\"\" width=\"197\" height=\"148\" \/><\/a><\/p>\n<p>Vorher&#8230;<\/p>\n<p>\u00a0<\/p>\n<p>\u00a0<\/p>\n<p><a href=\"https:\/\/wordpress.nibis.de\/gshonde\/files\/2025\/05\/03-4.jpg\"><img loading=\"lazy\" decoding=\"async\" class=\"alignnone  wp-image-4330\" src=\"https:\/\/wordpress.nibis.de\/gshonde\/files\/2025\/05\/03-4.jpg\" alt=\"\" width=\"148\" height=\"197\" \/>\u00a0\u00a0 <\/a><a href=\"https:\/\/wordpress.nibis.de\/gshonde\/files\/2025\/05\/07-3.jpg\"><img loading=\"lazy\" decoding=\"async\" class=\"alignnone  wp-image-4331\" src=\"https:\/\/wordpress.nibis.de\/gshonde\/files\/2025\/05\/07-3.jpg\" alt=\"\" width=\"148\" height=\"197\" \/><\/a><\/p>\n<p><a href=\"https:\/\/wordpress.nibis.de\/gshonde\/files\/2025\/05\/09-1.jpg\"><img loading=\"lazy\" decoding=\"async\" class=\"wp-image-4332 alignleft\" src=\"https:\/\/wordpress.nibis.de\/gshonde\/files\/2025\/05\/09-1.jpg\" alt=\"\" width=\"197\" height=\"148\" \/><\/a><a href=\"https:\/\/wordpress.nibis.de\/gshonde\/files\/2025\/05\/10.jpg\"><img loading=\"lazy\" decoding=\"async\" class=\"wp-image-4333 alignleft\" src=\"https:\/\/wordpress.nibis.de\/gshonde\/files\/2025\/05\/10.jpg\" alt=\"\" width=\"196\" height=\"147\" \/><\/a><\/p>\n<p>\u00a0<\/p>\n<p>Nachher! Toll, oder?<\/p>\n<p>\u00a0<\/p>\n<p>\u00a0<\/p>\n","protected":false},"excerpt":{"rendered":"<p>Die Grundschule Hondelage wird 55 Jahre alt. Unter dem Motto &#8222;gestern-heute-morgen&#8220; feiern wir vom 19.-21. Mai 2025. An den Projekttagen setzen wir im Sinne von Nachhaltigkeit Ideen um, wie wir den Schulhof versch\u00f6nern und neu gestalten k\u00f6nnen, damit wir alle uns an unserer Schule noch wohler f\u00fchlen. Der vierte Jahrgang malt Spiele auf den Pausenhof.\u00a0 &hellip; <a href=\"https:\/\/wordpress.nibis.de\/gshonde\/projekttage-2025\/\" class=\"more-link\"><span class=\"screen-reader-text\">Projekttage 2025<\/span> weiterlesen <span class=\"meta-nav\">&rarr;<\/span><\/a><\/p>\n","protected":false},"author":1075,"featured_media":0,"parent":0,"menu_order":0,"comment_status":"closed","ping_status":"closed","template":"","meta":{"footnotes":""},"class_list":["post-4258","page","type-page","status-publish","hentry"],"_links":{"self":[{"href":"https:\/\/wordpress.nibis.de\/gshonde\/wp-json\/wp\/v2\/pages\/4258","targetHints":{"allow":["GET"]}}],"collection":[{"href":"https:\/\/wordpress.nibis.de\/gshonde\/wp-json\/wp\/v2\/pages"}],"about":[{"href":"https:\/\/wordpress.nibis.de\/gshonde\/wp-json\/wp\/v2\/types\/page"}],"author":[{"embeddable":true,"href":"https:\/\/wordpress.nibis.de\/gshonde\/wp-json\/wp\/v2\/users\/1075"}],"replies":[{"embeddable":true,"href":"https:\/\/wordpress.nibis.de\/gshonde\/wp-json\/wp\/v2\/comments?post=4258"}],"version-history":[{"count":33,"href":"https:\/\/wordpress.nibis.de\/gshonde\/wp-json\/wp\/v2\/pages\/4258\/revisions"}],"predecessor-version":[{"id":4341,"href":"https:\/\/wordpress.nibis.de\/gshonde\/wp-json\/wp\/v2\/pages\/4258\/revisions\/4341"}],"wp:attachment":[{"href":"https:\/\/wordpress.nibis.de\/gshonde\/wp-json\/wp\/v2\/media?parent=4258"}],"curies":[{"name":"wp","href":"https:\/\/api.w.org\/{rel}","templated":true}]}}