{"id":990,"date":"2017-03-05T11:59:28","date_gmt":"2017-03-05T09:59:28","guid":{"rendered":"http:\/\/wordpress.nibis.de\/gshonde\/?page_id=990"},"modified":"2025-09-25T19:22:27","modified_gmt":"2025-09-25T17:22:27","slug":"religion","status":"publish","type":"page","link":"https:\/\/wordpress.nibis.de\/gshonde\/regeln\/religion\/","title":{"rendered":"Religion"},"content":{"rendered":"\n<p class=\"has-yellow-background-color has-background has-medium-font-size\"><strong>Ziele und didaktische Prinzipien<\/strong><\/p>\n\n\n<p><span style=\"font-family: Arial, sans-serif\"><span style=\"font-size: medium\">F\u00fcr das Fach Religion (katholisch und evangelisch) sind den Kollegen und Kolleginnen an der Grundschule Hondelage folgende Grunds\u00e4tze und Leitziele wichtig:<\/span><\/span><\/p>\n<ul>\n<li><span style=\"font-family: Arial, sans-serif\"><span style=\"font-size: medium\">Die Sch\u00fclerinnen und Sch\u00fcler werden mit den Grundlagen und Ausdrucksformen des christlichen Glaubens vertraut gemacht.<\/span><\/span><\/li>\n<li><span style=\"font-family: Arial, sans-serif\"><span style=\"font-size: medium\">Sie erhalten die M\u00f6glichkeit, Kirche und Gemeinde zu begegnen, lernen so Elemente \u201egelebten Glaubens\u201c kennen und haben selbst daran teil (Gestaltung eines gemeinsamen Schulgottesdienstes, Besuch der Kirchengemeinde St. Johannes in Hondelage mit Kirchenf\u00fchrung durch Pastor Jens Paret).<\/span><\/span><\/li>\n<li><span style=\"font-family: Arial, sans-serif\"><span style=\"font-size: medium\">Es wird ein Bewusstsein geschaffen f\u00fcr die gemeinsame Verantwortlichkeit gegen\u00fcber Mitmenschen und Mitsch\u00f6pfung. Ethisches Handeln im Sinne von Engagement f\u00fcr Gerechtigkeit, Friede und Bewahrung der Sch\u00f6pfung wird angebahnt und angeregt.<\/span><\/span><\/li>\n<li><span style=\"font-family: Arial, sans-serif\"><span style=\"font-size: medium\">Es herrscht eine grunds\u00e4tzliche Offenheit gegen\u00fcber anderen Glaubensgemeinschaften und Glaubensrichtungen (z. B. Judentum, Islam). Diesen wird mit Interesse und Toleranz begegnet. Der Religionsunterricht erm\u00f6glicht den Sch\u00fclerinnen und Sch\u00fclern die Glaubensgemeinschaften \u201eJudentum\u201c und \u201eIslam\u201c kennenzulernen und f\u00f6rdert das Verst\u00e4ndnis der Kinder f\u00fcr diese Religionen.<\/span><\/span><\/li>\n<\/ul>\n<p>Derzeit wird der Religionsunterricht konfessionell-kooperativ erteilt, d. h. evangelische und katholische Kinder werden gemeinsam im Klassenverbund unterrichtet.<\/p>","protected":false},"excerpt":{"rendered":"<p>Ziele und didaktische Prinzipien F\u00fcr das Fach Religion (katholisch und evangelisch) sind den Kollegen und Kolleginnen an der Grundschule Hondelage folgende Grunds\u00e4tze und Leitziele wichtig: Die Sch\u00fclerinnen und Sch\u00fcler werden mit den Grundlagen und Ausdrucksformen des christlichen Glaubens vertraut gemacht. Sie erhalten die M\u00f6glichkeit, Kirche und Gemeinde zu begegnen, lernen so Elemente \u201egelebten Glaubens\u201c kennen &hellip; <a href=\"https:\/\/wordpress.nibis.de\/gshonde\/regeln\/religion\/\" class=\"more-link\"><span class=\"screen-reader-text\">Religion<\/span> weiterlesen <span class=\"meta-nav\">&rarr;<\/span><\/a><\/p>\n","protected":false},"author":553,"featured_media":0,"parent":961,"menu_order":0,"comment_status":"closed","ping_status":"closed","template":"","meta":{"footnotes":""},"class_list":["post-990","page","type-page","status-publish","hentry"],"_links":{"self":[{"href":"https:\/\/wordpress.nibis.de\/gshonde\/wp-json\/wp\/v2\/pages\/990","targetHints":{"allow":["GET"]}}],"collection":[{"href":"https:\/\/wordpress.nibis.de\/gshonde\/wp-json\/wp\/v2\/pages"}],"about":[{"href":"https:\/\/wordpress.nibis.de\/gshonde\/wp-json\/wp\/v2\/types\/page"}],"author":[{"embeddable":true,"href":"https:\/\/wordpress.nibis.de\/gshonde\/wp-json\/wp\/v2\/users\/553"}],"replies":[{"embeddable":true,"href":"https:\/\/wordpress.nibis.de\/gshonde\/wp-json\/wp\/v2\/comments?post=990"}],"version-history":[{"count":4,"href":"https:\/\/wordpress.nibis.de\/gshonde\/wp-json\/wp\/v2\/pages\/990\/revisions"}],"predecessor-version":[{"id":4530,"href":"https:\/\/wordpress.nibis.de\/gshonde\/wp-json\/wp\/v2\/pages\/990\/revisions\/4530"}],"up":[{"embeddable":true,"href":"https:\/\/wordpress.nibis.de\/gshonde\/wp-json\/wp\/v2\/pages\/961"}],"wp:attachment":[{"href":"https:\/\/wordpress.nibis.de\/gshonde\/wp-json\/wp\/v2\/media?parent=990"}],"curies":[{"name":"wp","href":"https:\/\/api.w.org\/{rel}","templated":true}]}}