{"id":994,"date":"2017-03-05T12:00:35","date_gmt":"2017-03-05T10:00:35","guid":{"rendered":"http:\/\/wordpress.nibis.de\/gshonde\/?page_id=994"},"modified":"2025-09-25T19:32:05","modified_gmt":"2025-09-25T17:32:05","slug":"werken","status":"publish","type":"page","link":"https:\/\/wordpress.nibis.de\/gshonde\/regeln\/werken\/","title":{"rendered":"Werken"},"content":{"rendered":"<p><!--\n\t\t@page { margin: 2cm }\n\t\tP { margin-bottom: 0.21cm }\n\t--><\/p>\n<p align=\"CENTER\"><span style=\"font-family: Arial,serif\"><span style=\"font-size: large\"><i><b>Kinder brauchen Werken! Dabei stehen das Gestalten mit verschiedenen Materialien sowie die Freude an der Herstellung eigener Werkst\u00fccke im Mittelpunkt. <\/b><\/i><\/span><\/span><\/p>\n<p align=\"CENTER\"><span style=\"font-family: Arial,serif\"><span style=\"font-size: large\"><i><b>In Werken werden Kinder ermuntert, durch ihre praktische Arbeit Probleme zu l\u00f6sen.<\/b><\/i><\/span><\/span><\/p>\n<p align=\"CENTER\"><span style=\"font-family: Arial,serif\"><span style=\"font-size: large\"><i>Wie kann ich etwas bauen, ohne dass es zusammenf\u00e4llt?<\/i><\/span><\/span><\/p>\n<p><span style=\"font-family: Arial,serif\"><span style=\"font-size: medium\">Kunst\/Werken\/Textiles Gestalten in den Klassen 3 und 4 wird pro Jahrgang mit 2 Wochenstunden unterrichtet. Dabei ist in beiden Klassenstufen zu beachten, dass ca. 50% der Stunden f\u00fcr das Fach Kunst, je 25% f\u00fcr Textil und Werken verwendet werden. <\/span><\/span><span style=\"font-family: Arial,serif\"><span style=\"font-size: medium\"><b>Der Bereich \u201cGestaltendes Werken\u201d wird einzeln benotet und auf dem Zeugnis auch einzeln ausgewiesen.<\/b><\/span><\/span><\/p>\n<p><span style=\"font-family: Arial,serif\"><span style=\"font-size: medium\">Alle Sch\u00fclerinnen und Sch\u00fcler arbeiten <\/span><\/span><span style=\"font-family: Arial,serif\"><span style=\"font-size: medium\"> in den beiden Schuljahren<\/span><\/span><span style=\"font-family: Arial,serif\"><span style=\"font-size: medium\"> in <\/span><\/span><span style=\"font-family: Arial,serif\"><span style=\"font-size: medium\"><b>mindestens drei Werkstoffgruppen<\/b><\/span><\/span><span style=\"font-family: Arial,serif\"><span style=\"font-size: medium\"> (z.B.<\/span><\/span><span style=\"font-family: Arial,serif\"><span style=\"font-size: medium\">Ton, Holz, Metall, Papier, Fund- und Abfallmaterialien,Gips).<\/span><\/span><\/p>\n<p><span style=\"font-family: Arial,serif\"><span style=\"font-size: medium\">Der Bereich \u201cGestalten mit Ton\u201d ist bei den Sch\u00fclerinnen und Sch\u00fclern unserer Schule besonders beliebt.<\/span><\/span><\/p>\n<p><span style=\"font-family: Arial,serif\"><span style=\"font-size: medium\">In der <\/span><\/span><span style=\"font-family: Arial,serif\"><span style=\"font-size: medium\"><b>Fachkonferenz \u201cKreativit\u00e4t\u201d<\/b><\/span><\/span><span style=\"font-family: Arial,serif\"><span style=\"font-size: medium\"> werden Absprachen zur Gestaltung des Unterrichts und zu Bewertungskriterien getroffen. <\/span><\/span><span style=\"font-family: Arial,serif\"><span style=\"font-size: medium\"> Die Fachkonferenz tagt einmal pro Schuljahr.\u00a0<\/span><\/span><\/p>\n","protected":false},"excerpt":{"rendered":"<p>Kinder brauchen Werken! Dabei stehen das Gestalten mit verschiedenen Materialien sowie die Freude an der Herstellung eigener Werkst\u00fccke im Mittelpunkt. In Werken werden Kinder ermuntert, durch ihre praktische Arbeit Probleme zu l\u00f6sen. Wie kann ich etwas bauen, ohne dass es zusammenf\u00e4llt? Kunst\/Werken\/Textiles Gestalten in den Klassen 3 und 4 wird pro Jahrgang mit 2 Wochenstunden &hellip; <a href=\"https:\/\/wordpress.nibis.de\/gshonde\/regeln\/werken\/\" class=\"more-link\"><span class=\"screen-reader-text\">Werken<\/span> weiterlesen <span class=\"meta-nav\">&rarr;<\/span><\/a><\/p>\n","protected":false},"author":553,"featured_media":0,"parent":961,"menu_order":0,"comment_status":"closed","ping_status":"closed","template":"","meta":{"footnotes":""},"class_list":["post-994","page","type-page","status-publish","hentry"],"_links":{"self":[{"href":"https:\/\/wordpress.nibis.de\/gshonde\/wp-json\/wp\/v2\/pages\/994","targetHints":{"allow":["GET"]}}],"collection":[{"href":"https:\/\/wordpress.nibis.de\/gshonde\/wp-json\/wp\/v2\/pages"}],"about":[{"href":"https:\/\/wordpress.nibis.de\/gshonde\/wp-json\/wp\/v2\/types\/page"}],"author":[{"embeddable":true,"href":"https:\/\/wordpress.nibis.de\/gshonde\/wp-json\/wp\/v2\/users\/553"}],"replies":[{"embeddable":true,"href":"https:\/\/wordpress.nibis.de\/gshonde\/wp-json\/wp\/v2\/comments?post=994"}],"version-history":[{"count":3,"href":"https:\/\/wordpress.nibis.de\/gshonde\/wp-json\/wp\/v2\/pages\/994\/revisions"}],"predecessor-version":[{"id":4539,"href":"https:\/\/wordpress.nibis.de\/gshonde\/wp-json\/wp\/v2\/pages\/994\/revisions\/4539"}],"up":[{"embeddable":true,"href":"https:\/\/wordpress.nibis.de\/gshonde\/wp-json\/wp\/v2\/pages\/961"}],"wp:attachment":[{"href":"https:\/\/wordpress.nibis.de\/gshonde\/wp-json\/wp\/v2\/media?parent=994"}],"curies":[{"name":"wp","href":"https:\/\/api.w.org\/{rel}","templated":true}]}}