{"id":1369,"date":"2019-07-12T20:33:47","date_gmt":"2019-07-12T18:33:47","guid":{"rendered":"https:\/\/wordpress.nibis.de\/gsilten\/?page_id=1369"},"modified":"2026-01-02T13:58:38","modified_gmt":"2026-01-02T12:58:38","slug":"galerie-sommerfest-2019","status":"publish","type":"page","link":"https:\/\/wordpress.nibis.de\/gsilten\/galerie\/galerie-sommerfest-2019\/","title":{"rendered":"Galerie &#8211; Weihnachtssingen 2025"},"content":{"rendered":"<p data-start=\"93\" data-end=\"374\">Wie in jedem Jahr im Dezember versammelt sich unsere gesamte Schulgemeinschaft freitags vor dem festlich geschm\u00fcckten Weihnachtsbaum. Durch gemeinsames Singen stimmen wir uns auf die besinnliche Weihnachtszeit ein \u2013 musikalisch begleitet von engagierten Kolleginnen und Kollegen.<\/p>\n<p data-start=\"381\" data-end=\"536\">Ein herzliches Dankesch\u00f6n gilt dem Klinikum Wahrendorff, das uns auch in diesem Jahr wieder mit der gro\u00dfz\u00fcgigen Spende des Weihnachtsbaums unterst\u00fctzt hat.<\/p>\n\n\n<figure class=\"wp-block-image size-large\"><img loading=\"lazy\" decoding=\"async\" width=\"768\" height=\"1024\" src=\"https:\/\/wordpress.nibis.de\/gsilten\/files\/2026\/01\/20251219_080756-768x1024.jpg\" alt=\"\" class=\"wp-image-2710\" srcset=\"https:\/\/wordpress.nibis.de\/gsilten\/files\/2026\/01\/20251219_080756-768x1024.jpg 768w, https:\/\/wordpress.nibis.de\/gsilten\/files\/2026\/01\/20251219_080756-225x300.jpg 225w, https:\/\/wordpress.nibis.de\/gsilten\/files\/2026\/01\/20251219_080756-100x133.jpg 100w, https:\/\/wordpress.nibis.de\/gsilten\/files\/2026\/01\/20251219_080756-1152x1536.jpg 1152w, https:\/\/wordpress.nibis.de\/gsilten\/files\/2026\/01\/20251219_080756-1536x2048.jpg 1536w, https:\/\/wordpress.nibis.de\/gsilten\/files\/2026\/01\/20251219_080756-scaled.jpg 1920w\" sizes=\"auto, (max-width: 768px) 100vw, 768px\" \/><\/figure>\n\n\n\n<figure class=\"wp-block-image size-large\"><img loading=\"lazy\" decoding=\"async\" width=\"768\" height=\"1024\" src=\"https:\/\/wordpress.nibis.de\/gsilten\/files\/2026\/01\/20251201_072007-768x1024.jpg\" alt=\"\" class=\"wp-image-2709\" srcset=\"https:\/\/wordpress.nibis.de\/gsilten\/files\/2026\/01\/20251201_072007-768x1024.jpg 768w, https:\/\/wordpress.nibis.de\/gsilten\/files\/2026\/01\/20251201_072007-225x300.jpg 225w, https:\/\/wordpress.nibis.de\/gsilten\/files\/2026\/01\/20251201_072007-100x133.jpg 100w, https:\/\/wordpress.nibis.de\/gsilten\/files\/2026\/01\/20251201_072007-1152x1536.jpg 1152w, https:\/\/wordpress.nibis.de\/gsilten\/files\/2026\/01\/20251201_072007-1536x2048.jpg 1536w, https:\/\/wordpress.nibis.de\/gsilten\/files\/2026\/01\/20251201_072007-scaled.jpg 1920w\" sizes=\"auto, (max-width: 768px) 100vw, 768px\" \/><\/figure>\n\n\n","protected":false},"excerpt":{"rendered":"<p>Wie in jedem Jahr im Dezember versammelt sich unsere gesamte Schulgemeinschaft freitags vor dem festlich geschm\u00fcckten Weihnachtsbaum. Durch gemeinsames Singen stimmen wir uns auf die besinnliche Weihnachtszeit ein \u2013 musikalisch begleitet von engagierten Kolleginnen und Kollegen. Ein herzliches Dankesch\u00f6n gilt &hellip; <a href=\"https:\/\/wordpress.nibis.de\/gsilten\/galerie\/galerie-sommerfest-2019\/\">Weiterlesen <span class=\"meta-nav\">&rarr;<\/span><\/a><\/p>\n","protected":false},"author":1293,"featured_media":0,"parent":46,"menu_order":0,"comment_status":"closed","ping_status":"closed","template":"onecolumn-page.php","meta":{"footnotes":""},"class_list":["post-1369","page","type-page","status-publish","hentry"],"_links":{"self":[{"href":"https:\/\/wordpress.nibis.de\/gsilten\/wp-json\/wp\/v2\/pages\/1369","targetHints":{"allow":["GET"]}}],"collection":[{"href":"https:\/\/wordpress.nibis.de\/gsilten\/wp-json\/wp\/v2\/pages"}],"about":[{"href":"https:\/\/wordpress.nibis.de\/gsilten\/wp-json\/wp\/v2\/types\/page"}],"author":[{"embeddable":true,"href":"https:\/\/wordpress.nibis.de\/gsilten\/wp-json\/wp\/v2\/users\/1293"}],"replies":[{"embeddable":true,"href":"https:\/\/wordpress.nibis.de\/gsilten\/wp-json\/wp\/v2\/comments?post=1369"}],"version-history":[{"count":11,"href":"https:\/\/wordpress.nibis.de\/gsilten\/wp-json\/wp\/v2\/pages\/1369\/revisions"}],"predecessor-version":[{"id":2711,"href":"https:\/\/wordpress.nibis.de\/gsilten\/wp-json\/wp\/v2\/pages\/1369\/revisions\/2711"}],"up":[{"embeddable":true,"href":"https:\/\/wordpress.nibis.de\/gsilten\/wp-json\/wp\/v2\/pages\/46"}],"wp:attachment":[{"href":"https:\/\/wordpress.nibis.de\/gsilten\/wp-json\/wp\/v2\/media?parent=1369"}],"curies":[{"name":"wp","href":"https:\/\/api.w.org\/{rel}","templated":true}]}}

<p data-start="93" data-end="374">Wie in jedem Jahr im Dezember versammelt sich unsere gesamte Schulgemeinschaft freitags vor dem festlich geschmückten Weihnachtsbaum. Durch gemeinsames Singen stimmen wir uns auf die besinnliche Weihnachtszeit ein – musikalisch begleitet von engagierten Kolleginnen und Kollegen.</p>
<p data-start="381" data-end="536">Ein herzliches Dankeschön gilt dem Klinikum Wahrendorff, das uns auch in diesem Jahr wieder mit der großzügigen Spende des Weihnachtsbaums unterstützt hat.</p>


<figure class="wp-block-image size-large"><img loading="lazy" decoding="async" width="768" height="1024" src="https://wordpress.nibis.de/gsilten/files/2026/01/20251219_080756-768x1024.jpg" alt="" class="wp-image-2710" srcset="https://wordpress.nibis.de/gsilten/files/2026/01/20251219_080756-768x1024.jpg 768w, https://wordpress.nibis.de/gsilten/files/2026/01/20251219_080756-225x300.jpg 225w, https://wordpress.nibis.de/gsilten/files/2026/01/20251219_080756-100x133.jpg 100w, https://wordpress.nibis.de/gsilten/files/2026/01/20251219_080756-1152x1536.jpg 1152w, https://wordpress.nibis.de/gsilten/files/2026/01/20251219_080756-1536x2048.jpg 1536w, https://wordpress.nibis.de/gsilten/files/2026/01/20251219_080756-scaled.jpg 1920w" sizes="auto, (max-width: 768px) 100vw, 768px" /></figure>



<figure class="wp-block-image size-large"><img loading="lazy" decoding="async" width="768" height="1024" src="https://wordpress.nibis.de/gsilten/files/2026/01/20251201_072007-768x1024.jpg" alt="" class="wp-image-2709" srcset="https://wordpress.nibis.de/gsilten/files/2026/01/20251201_072007-768x1024.jpg 768w, https://wordpress.nibis.de/gsilten/files/2026/01/20251201_072007-225x300.jpg 225w, https://wordpress.nibis.de/gsilten/files/2026/01/20251201_072007-100x133.jpg 100w, https://wordpress.nibis.de/gsilten/files/2026/01/20251201_072007-1152x1536.jpg 1152w, https://wordpress.nibis.de/gsilten/files/2026/01/20251201_072007-1536x2048.jpg 1536w, https://wordpress.nibis.de/gsilten/files/2026/01/20251201_072007-scaled.jpg 1920w" sizes="auto, (max-width: 768px) 100vw, 768px" /></figure>

<p>Wie in jedem Jahr im Dezember versammelt sich unsere gesamte Schulgemeinschaft freitags vor dem festlich geschmückten Weihnachtsbaum. Durch gemeinsames Singen stimmen wir uns auf die besinnliche Weihnachtszeit ein – musikalisch begleitet von engagierten Kolleginnen und Kollegen. Ein herzliches Dankeschön gilt &hellip; <a href="https://wordpress.nibis.de/gsilten/galerie/galerie-sommerfest-2019/">Weiterlesen <span class="meta-nav">&rarr;</span></a></p>
