{"id":1669,"date":"2020-09-16T21:49:24","date_gmt":"2020-09-16T19:49:24","guid":{"rendered":"https:\/\/wordpress.nibis.de\/gsilten\/?page_id=1669"},"modified":"2025-04-28T20:28:57","modified_gmt":"2025-04-28T18:28:57","slug":"schulneubau-2","status":"publish","type":"page","link":"https:\/\/wordpress.nibis.de\/gsilten\/schulneubau-2\/","title":{"rendered":"Schulneubau"},"content":{"rendered":"<p>Hier finden Sie aktuelle Neuigkeiten \u00fcber den geplanten Neubau der Grundschule in Ilten.<\/p>\n<p><strong>Es geht los!<\/strong><\/p>\n<p>Am 23.04.2025 fanden das Preisrichtervorgespr\u00e4ch und das R\u00fcckfragekolloquium mit den\u00a0 ausgew\u00e4hlten Architekturfirmen statt.\u00a0<\/p>\n\n\n<figure class=\"wp-block-image size-large\"><img loading=\"lazy\" decoding=\"async\" width=\"1024\" height=\"683\" src=\"https:\/\/wordpress.nibis.de\/gsilten\/files\/2025\/04\/IMG-20250427-WA0007-1-1024x683.jpg\" alt=\"\" class=\"wp-image-2437\" srcset=\"https:\/\/wordpress.nibis.de\/gsilten\/files\/2025\/04\/IMG-20250427-WA0007-1-1024x683.jpg 1024w, https:\/\/wordpress.nibis.de\/gsilten\/files\/2025\/04\/IMG-20250427-WA0007-1-300x200.jpg 300w, https:\/\/wordpress.nibis.de\/gsilten\/files\/2025\/04\/IMG-20250427-WA0007-1-768x512.jpg 768w, https:\/\/wordpress.nibis.de\/gsilten\/files\/2025\/04\/IMG-20250427-WA0007-1-1536x1024.jpg 1536w, https:\/\/wordpress.nibis.de\/gsilten\/files\/2025\/04\/IMG-20250427-WA0007-1.jpg 2048w\" sizes=\"auto, (max-width: 1024px) 100vw, 1024px\" \/><\/figure>\n\n\n\n<p><\/p>\n\n\n\n<p>Im Anschluss erfolgte eine Ortsbegehung mit dem Ortsb\u00fcrgermeister. Der geplante Neubau wird die Lernbedingungen f\u00fcr die Kinder unserer Schule deutlich verbessern und die Gemeinschaft in Ilten st\u00e4rken. <\/p>\n\n\n\n<figure class=\"wp-block-image size-large\"><img loading=\"lazy\" decoding=\"async\" width=\"1024\" height=\"683\" src=\"https:\/\/wordpress.nibis.de\/gsilten\/files\/2025\/04\/IMG-20250427-WA0005-1024x683.jpg\" alt=\"\" class=\"wp-image-2439\" srcset=\"https:\/\/wordpress.nibis.de\/gsilten\/files\/2025\/04\/IMG-20250427-WA0005-1024x683.jpg 1024w, https:\/\/wordpress.nibis.de\/gsilten\/files\/2025\/04\/IMG-20250427-WA0005-300x200.jpg 300w, https:\/\/wordpress.nibis.de\/gsilten\/files\/2025\/04\/IMG-20250427-WA0005-768x512.jpg 768w, https:\/\/wordpress.nibis.de\/gsilten\/files\/2025\/04\/IMG-20250427-WA0005-1536x1024.jpg 1536w, https:\/\/wordpress.nibis.de\/gsilten\/files\/2025\/04\/IMG-20250427-WA0005.jpg 2048w\" sizes=\"auto, (max-width: 1024px) 100vw, 1024px\" \/><\/figure>\n\n\n\n<figure class=\"wp-block-image size-large\"><img loading=\"lazy\" decoding=\"async\" width=\"1024\" height=\"683\" src=\"https:\/\/wordpress.nibis.de\/gsilten\/files\/2025\/04\/IMG-20250427-WA0006-1024x683.jpg\" alt=\"\" class=\"wp-image-2438\" srcset=\"https:\/\/wordpress.nibis.de\/gsilten\/files\/2025\/04\/IMG-20250427-WA0006-1024x683.jpg 1024w, https:\/\/wordpress.nibis.de\/gsilten\/files\/2025\/04\/IMG-20250427-WA0006-300x200.jpg 300w, https:\/\/wordpress.nibis.de\/gsilten\/files\/2025\/04\/IMG-20250427-WA0006-768x512.jpg 768w, https:\/\/wordpress.nibis.de\/gsilten\/files\/2025\/04\/IMG-20250427-WA0006-1536x1024.jpg 1536w, https:\/\/wordpress.nibis.de\/gsilten\/files\/2025\/04\/IMG-20250427-WA0006.jpg 2048w\" sizes=\"auto, (max-width: 1024px) 100vw, 1024px\" \/><\/figure>\n\n\n\n<p><\/p>\n\n\n\n<p><\/p>\n\n\n\n<p><\/p>\n\n\n\n<p><\/p>\n\n\n\n<p><\/p>\n\n\n\n<p><strong>Stand 2020<\/strong><\/p>\n\n\n\n<figure class=\"wp-block-image size-full\"><img loading=\"lazy\" decoding=\"async\" width=\"874\" height=\"488\" src=\"https:\/\/wordpress.nibis.de\/gsilten\/files\/2020\/09\/Schulneubau.jpg\" alt=\"\" class=\"wp-image-1670\" srcset=\"https:\/\/wordpress.nibis.de\/gsilten\/files\/2020\/09\/Schulneubau.jpg 874w, https:\/\/wordpress.nibis.de\/gsilten\/files\/2020\/09\/Schulneubau-300x168.jpg 300w, https:\/\/wordpress.nibis.de\/gsilten\/files\/2020\/09\/Schulneubau-768x429.jpg 768w\" sizes=\"auto, (max-width: 874px) 100vw, 874px\" \/><\/figure>\n\n\n\n<p><\/p>\n\n\n\n<p>Und hier ein Link zu einem Bericht in <a href=\"https:\/\/www.sehnde-news.de\/politik\/rat-der-stadt-sehnde-votiert-fuer-schulneubau-in-ilten\/\">Sehnde-News<\/a>.<\/p>\n","protected":false},"excerpt":{"rendered":"<p>Hier finden Sie aktuelle Neuigkeiten \u00fcber den geplanten Neubau der Grundschule in Ilten. Es geht los! Am 23.04.2025 fanden das Preisrichtervorgespr\u00e4ch und das R\u00fcckfragekolloquium mit den\u00a0 ausgew\u00e4hlten Architekturfirmen statt.\u00a0 Im Anschluss erfolgte eine Ortsbegehung mit dem Ortsb\u00fcrgermeister. Der geplante Neubau &hellip; <a href=\"https:\/\/wordpress.nibis.de\/gsilten\/schulneubau-2\/\">Weiterlesen <span class=\"meta-nav\">&rarr;<\/span><\/a><\/p>\n","protected":false},"author":1293,"featured_media":0,"parent":0,"menu_order":0,"comment_status":"closed","ping_status":"closed","template":"","meta":{"footnotes":""},"class_list":["post-1669","page","type-page","status-publish","hentry"],"_links":{"self":[{"href":"https:\/\/wordpress.nibis.de\/gsilten\/wp-json\/wp\/v2\/pages\/1669","targetHints":{"allow":["GET"]}}],"collection":[{"href":"https:\/\/wordpress.nibis.de\/gsilten\/wp-json\/wp\/v2\/pages"}],"about":[{"href":"https:\/\/wordpress.nibis.de\/gsilten\/wp-json\/wp\/v2\/types\/page"}],"author":[{"embeddable":true,"href":"https:\/\/wordpress.nibis.de\/gsilten\/wp-json\/wp\/v2\/users\/1293"}],"replies":[{"embeddable":true,"href":"https:\/\/wordpress.nibis.de\/gsilten\/wp-json\/wp\/v2\/comments?post=1669"}],"version-history":[{"count":3,"href":"https:\/\/wordpress.nibis.de\/gsilten\/wp-json\/wp\/v2\/pages\/1669\/revisions"}],"predecessor-version":[{"id":2435,"href":"https:\/\/wordpress.nibis.de\/gsilten\/wp-json\/wp\/v2\/pages\/1669\/revisions\/2435"}],"wp:attachment":[{"href":"https:\/\/wordpress.nibis.de\/gsilten\/wp-json\/wp\/v2\/media?parent=1669"}],"curies":[{"name":"wp","href":"https:\/\/api.w.org\/{rel}","templated":true}]}}

<p>Hier finden Sie aktuelle Neuigkeiten über den geplanten Neubau der Grundschule in Ilten.</p>
<p><strong>Es geht los!</strong></p>
<p>Am 23.04.2025 fanden das Preisrichtervorgespräch und das Rückfragekolloquium mit den  ausgewählten Architekturfirmen statt. </p>


<figure class="wp-block-image size-large"><img loading="lazy" decoding="async" width="1024" height="683" src="https://wordpress.nibis.de/gsilten/files/2025/04/IMG-20250427-WA0007-1-1024x683.jpg" alt="" class="wp-image-2437" srcset="https://wordpress.nibis.de/gsilten/files/2025/04/IMG-20250427-WA0007-1-1024x683.jpg 1024w, https://wordpress.nibis.de/gsilten/files/2025/04/IMG-20250427-WA0007-1-300x200.jpg 300w, https://wordpress.nibis.de/gsilten/files/2025/04/IMG-20250427-WA0007-1-768x512.jpg 768w, https://wordpress.nibis.de/gsilten/files/2025/04/IMG-20250427-WA0007-1-1536x1024.jpg 1536w, https://wordpress.nibis.de/gsilten/files/2025/04/IMG-20250427-WA0007-1.jpg 2048w" sizes="auto, (max-width: 1024px) 100vw, 1024px" /></figure>



<p></p>



<p>Im Anschluss erfolgte eine Ortsbegehung mit dem Ortsbürgermeister. Der geplante Neubau wird die Lernbedingungen für die Kinder unserer Schule deutlich verbessern und die Gemeinschaft in Ilten stärken. </p>



<figure class="wp-block-image size-large"><img loading="lazy" decoding="async" width="1024" height="683" src="https://wordpress.nibis.de/gsilten/files/2025/04/IMG-20250427-WA0005-1024x683.jpg" alt="" class="wp-image-2439" srcset="https://wordpress.nibis.de/gsilten/files/2025/04/IMG-20250427-WA0005-1024x683.jpg 1024w, https://wordpress.nibis.de/gsilten/files/2025/04/IMG-20250427-WA0005-300x200.jpg 300w, https://wordpress.nibis.de/gsilten/files/2025/04/IMG-20250427-WA0005-768x512.jpg 768w, https://wordpress.nibis.de/gsilten/files/2025/04/IMG-20250427-WA0005-1536x1024.jpg 1536w, https://wordpress.nibis.de/gsilten/files/2025/04/IMG-20250427-WA0005.jpg 2048w" sizes="auto, (max-width: 1024px) 100vw, 1024px" /></figure>



<figure class="wp-block-image size-large"><img loading="lazy" decoding="async" width="1024" height="683" src="https://wordpress.nibis.de/gsilten/files/2025/04/IMG-20250427-WA0006-1024x683.jpg" alt="" class="wp-image-2438" srcset="https://wordpress.nibis.de/gsilten/files/2025/04/IMG-20250427-WA0006-1024x683.jpg 1024w, https://wordpress.nibis.de/gsilten/files/2025/04/IMG-20250427-WA0006-300x200.jpg 300w, https://wordpress.nibis.de/gsilten/files/2025/04/IMG-20250427-WA0006-768x512.jpg 768w, https://wordpress.nibis.de/gsilten/files/2025/04/IMG-20250427-WA0006-1536x1024.jpg 1536w, https://wordpress.nibis.de/gsilten/files/2025/04/IMG-20250427-WA0006.jpg 2048w" sizes="auto, (max-width: 1024px) 100vw, 1024px" /></figure>



<p></p>



<p></p>



<p></p>



<p></p>



<p></p>



<p><strong>Stand 2020</strong></p>



<figure class="wp-block-image size-full"><img loading="lazy" decoding="async" width="874" height="488" src="https://wordpress.nibis.de/gsilten/files/2020/09/Schulneubau.jpg" alt="" class="wp-image-1670" srcset="https://wordpress.nibis.de/gsilten/files/2020/09/Schulneubau.jpg 874w, https://wordpress.nibis.de/gsilten/files/2020/09/Schulneubau-300x168.jpg 300w, https://wordpress.nibis.de/gsilten/files/2020/09/Schulneubau-768x429.jpg 768w" sizes="auto, (max-width: 874px) 100vw, 874px" /></figure>



<p></p>



<p>Und hier ein Link zu einem Bericht in <a href="https://www.sehnde-news.de/politik/rat-der-stadt-sehnde-votiert-fuer-schulneubau-in-ilten/">Sehnde-News</a>.</p>

<p>Hier finden Sie aktuelle Neuigkeiten über den geplanten Neubau der Grundschule in Ilten. Es geht los! Am 23.04.2025 fanden das Preisrichtervorgespräch und das Rückfragekolloquium mit den  ausgewählten Architekturfirmen statt.  Im Anschluss erfolgte eine Ortsbegehung mit dem Ortsbürgermeister. Der geplante Neubau &hellip; <a href="https://wordpress.nibis.de/gsilten/schulneubau-2/">Weiterlesen <span class="meta-nav">&rarr;</span></a></p>
