{"id":1792,"date":"2021-06-29T13:58:24","date_gmt":"2021-06-29T11:58:24","guid":{"rendered":"https:\/\/wordpress.nibis.de\/gsilten\/?page_id=1792"},"modified":"2021-06-29T16:52:13","modified_gmt":"2021-06-29T14:52:13","slug":"leibniz-junior-lab","status":"publish","type":"page","link":"https:\/\/wordpress.nibis.de\/gsilten\/leibniz-junior-lab\/","title":{"rendered":"Leibniz Junior Lab"},"content":{"rendered":"\n<p>Das Leibniz-LAB ist ein Kleinbus voller Experimente, der mit entsprechendem Konzept und Mitarbeiter\/inne\/n an einem Tag die vierten Klassen besucht. Die Sch\u00fcler\/innen k\u00f6nnen \u201ceigenst\u00e4ndig experimentieren und wissenschaftliches Arbeiten kennen lernen. Dabei werden sie fachkundig von einer wissenschaftlichen Mitarbeiterin oder einem wissenschaftlichen Mitarbeiter der Leibniz Universit\u00e4t Hannover begleitet\u2026Ziel der Besuche ist es, die nat\u00fcrliche Neugierde der Sch\u00fclerinnen und Sch\u00fcler zu nutzen, naturwissenschaftliche Ph\u00e4nomene erfahr- und greifbar zu machen und sie so f\u00fcr Naturwissenschaften und Technik zu begeistern!<\/p>\n\n\n\n<p>Wer ist f\u00fcr das LeibnizLAB verantwortlich? Idee, Konzept und Organisation liegt in der Verantwortung des Teams uniKIK-Schulprojekte. Inhaltlich werden die Module von Kooperationspartnerinnen und Kooperationspartnern erarbeitet.\u201d (<a href=\"http:\/\/www.schulprojekte.uni-hannover.de\">www.schulprojekte.uni-hannover.de<\/a>) Die Themen des Leibniz-LABs sind dem Fachbereich Sachunterricht zuzuordnen. Aktuelle Themen sind z.B. Bauingenieurwesen \u2013 Br\u00fccken und Stauseen, Physik \u2013 Licht und Linsen, Technik \u2013 von der Bionik zum Windkanal, Meteorologie \u2013 Wind und Wetter (Schuljahr 2020\/2021). W\u00e4hrend der Corona-Pandemie finden leider keine Besuche des Leibniz-LABs statt.<\/p>\n\n\n\n<p class=\"has-text-align-center\"><img loading=\"lazy\" decoding=\"async\" width=\"800\" height=\"600\" class=\"wp-image-1807\" style=\"width: 500px\" src=\"https:\/\/wordpress.nibis.de\/gsilten\/files\/2021\/06\/Leibnizlab.jpg\" alt=\"\" srcset=\"https:\/\/wordpress.nibis.de\/gsilten\/files\/2021\/06\/Leibnizlab.jpg 800w, https:\/\/wordpress.nibis.de\/gsilten\/files\/2021\/06\/Leibnizlab-300x225.jpg 300w, https:\/\/wordpress.nibis.de\/gsilten\/files\/2021\/06\/Leibnizlab-768x576.jpg 768w\" sizes=\"auto, (max-width: 800px) 100vw, 800px\" \/><\/p>\n\n\n\n<p><\/p>\n\n\n\n<p><\/p>\n","protected":false},"excerpt":{"rendered":"<p>Das Leibniz-LAB ist ein Kleinbus voller Experimente, der mit entsprechendem Konzept und Mitarbeiter\/inne\/n an einem Tag die vierten Klassen besucht. Die Sch\u00fcler\/innen k\u00f6nnen \u201ceigenst\u00e4ndig experimentieren und wissenschaftliches Arbeiten kennen lernen. Dabei werden sie fachkundig von einer wissenschaftlichen Mitarbeiterin oder einem &hellip; <a href=\"https:\/\/wordpress.nibis.de\/gsilten\/leibniz-junior-lab\/\">Weiterlesen <span class=\"meta-nav\">&rarr;<\/span><\/a><\/p>\n","protected":false},"author":1293,"featured_media":0,"parent":0,"menu_order":0,"comment_status":"closed","ping_status":"closed","template":"","meta":{"footnotes":""},"class_list":["post-1792","page","type-page","status-publish","hentry"],"_links":{"self":[{"href":"https:\/\/wordpress.nibis.de\/gsilten\/wp-json\/wp\/v2\/pages\/1792","targetHints":{"allow":["GET"]}}],"collection":[{"href":"https:\/\/wordpress.nibis.de\/gsilten\/wp-json\/wp\/v2\/pages"}],"about":[{"href":"https:\/\/wordpress.nibis.de\/gsilten\/wp-json\/wp\/v2\/types\/page"}],"author":[{"embeddable":true,"href":"https:\/\/wordpress.nibis.de\/gsilten\/wp-json\/wp\/v2\/users\/1293"}],"replies":[{"embeddable":true,"href":"https:\/\/wordpress.nibis.de\/gsilten\/wp-json\/wp\/v2\/comments?post=1792"}],"version-history":[{"count":4,"href":"https:\/\/wordpress.nibis.de\/gsilten\/wp-json\/wp\/v2\/pages\/1792\/revisions"}],"predecessor-version":[{"id":1808,"href":"https:\/\/wordpress.nibis.de\/gsilten\/wp-json\/wp\/v2\/pages\/1792\/revisions\/1808"}],"wp:attachment":[{"href":"https:\/\/wordpress.nibis.de\/gsilten\/wp-json\/wp\/v2\/media?parent=1792"}],"curies":[{"name":"wp","href":"https:\/\/api.w.org\/{rel}","templated":true}]}}