{"id":224,"date":"2017-04-13T19:29:28","date_gmt":"2017-04-13T17:29:28","guid":{"rendered":"http:\/\/wordpress.nibis.de\/gsilten\/?page_id=224"},"modified":"2021-09-10T14:09:47","modified_gmt":"2021-09-10T12:09:47","slug":"foerderverein","status":"publish","type":"page","link":"https:\/\/wordpress.nibis.de\/gsilten\/mehr-von-uns\/foerderverein\/","title":{"rendered":"F\u00f6rderverein"},"content":{"rendered":"<p>Der F\u00f6rderverein unterst\u00fctzt unsere Arbeit und das Schulleben an der Wilhelm-Raabe-Schule vielf\u00e4ltig. Beispielhaft seien hier nur genannt:<\/p>\n<ul>\n<li>Erm\u00f6glichen von Schulprojekten wie das Gesunde Schulfr\u00fchst\u00fcck<\/li>\n<li>Unterst\u00fctzung von Projektwochen<\/li>\n<li>Betrieb und Ausstattung der Sch\u00fclerb\u00fccherei<\/li>\n<li>Bewirtung bei Einschulung, Sport- und Lichterfest<\/li>\n<li>finanzielle Unterst\u00fctzung von Aktionen z.B. beim Fasching (Clown)<\/li>\n<li>Sponsoring der Aktion \u201cStark im Team\u201d<\/li>\n<li>Sponsoring der Abschlussaktionen der vierten Klassen (Neon-Minigolf, Waldtag)<\/li>\n<li>Beschaffen von Spiel- und Sportmaterial\u2026<\/li>\n<\/ul>\n<p>Hier finden Sie den Link zur Homepage des F\u00f6rdervereins der Wilhelm-Raabe-Schule Ilten:<\/p>\n<p><a href=\"https:\/\/foerderverein-wrs-ilten.de\/\" target=\"_blank\" rel=\"noopener noreferrer\">F\u00f6rderverein<\/a><\/p>\n","protected":false},"excerpt":{"rendered":"<p>Der F\u00f6rderverein unterst\u00fctzt unsere Arbeit und das Schulleben an der Wilhelm-Raabe-Schule vielf\u00e4ltig. Beispielhaft seien hier nur genannt: Erm\u00f6glichen von Schulprojekten wie das Gesunde Schulfr\u00fchst\u00fcck Unterst\u00fctzung von Projektwochen Betrieb und Ausstattung der Sch\u00fclerb\u00fccherei Bewirtung bei Einschulung, Sport- und Lichterfest finanzielle Unterst\u00fctzung &hellip; <a href=\"https:\/\/wordpress.nibis.de\/gsilten\/mehr-von-uns\/foerderverein\/\">Weiterlesen <span class=\"meta-nav\">&rarr;<\/span><\/a><\/p>\n","protected":false},"author":1293,"featured_media":0,"parent":218,"menu_order":0,"comment_status":"closed","ping_status":"closed","template":"onecolumn-page.php","meta":{"footnotes":""},"class_list":["post-224","page","type-page","status-publish","hentry"],"_links":{"self":[{"href":"https:\/\/wordpress.nibis.de\/gsilten\/wp-json\/wp\/v2\/pages\/224","targetHints":{"allow":["GET"]}}],"collection":[{"href":"https:\/\/wordpress.nibis.de\/gsilten\/wp-json\/wp\/v2\/pages"}],"about":[{"href":"https:\/\/wordpress.nibis.de\/gsilten\/wp-json\/wp\/v2\/types\/page"}],"author":[{"embeddable":true,"href":"https:\/\/wordpress.nibis.de\/gsilten\/wp-json\/wp\/v2\/users\/1293"}],"replies":[{"embeddable":true,"href":"https:\/\/wordpress.nibis.de\/gsilten\/wp-json\/wp\/v2\/comments?post=224"}],"version-history":[{"count":4,"href":"https:\/\/wordpress.nibis.de\/gsilten\/wp-json\/wp\/v2\/pages\/224\/revisions"}],"predecessor-version":[{"id":1873,"href":"https:\/\/wordpress.nibis.de\/gsilten\/wp-json\/wp\/v2\/pages\/224\/revisions\/1873"}],"up":[{"embeddable":true,"href":"https:\/\/wordpress.nibis.de\/gsilten\/wp-json\/wp\/v2\/pages\/218"}],"wp:attachment":[{"href":"https:\/\/wordpress.nibis.de\/gsilten\/wp-json\/wp\/v2\/media?parent=224"}],"curies":[{"name":"wp","href":"https:\/\/api.w.org\/{rel}","templated":true}]}}