{"id":248,"date":"2017-06-22T18:52:17","date_gmt":"2017-06-22T16:52:17","guid":{"rendered":"http:\/\/wordpress.nibis.de\/gsilten\/?page_id=248"},"modified":"2019-08-15T19:46:55","modified_gmt":"2019-08-15T17:46:55","slug":"fit4five","status":"publish","type":"page","link":"https:\/\/wordpress.nibis.de\/gsilten\/mehr-von-uns\/fit4five\/","title":{"rendered":"Fit4five"},"content":{"rendered":"<p><strong>Fit4five<\/strong> \u2013 ein Projekt f\u00fcr die Grundschule<\/p>\n<p>Am 17. und 18. Juni 2019 besuchten sieben Mitglieder des Jugendmitarbeiterkreises (JuMak) unserer Kirchengemeinde gemeinsam mit Diakonin Birgit Hornig und Kindergottesdienstleiterin Daniela Waschke die 4.-Kl\u00e4ssler der Wilhelm-Raabe-Grundschule in Ilten.<\/p>\n<p>Nach den Sommerferien werden diese Sch\u00fcler auf weiterf\u00fchrende Schulen gehen, weshalb sie sich von der Grundschule verabschieden m\u00fcssen. Das Projekt &#8222;fit4five&#8220; soll die Sch\u00fcler auf die kommenden Herausforderungen an ihren neuen Schulen vorbereiten: gr\u00f6\u00dfere Schule, gr\u00f6\u00dfere Klassen, neue Lehrer, andere Mitsch\u00fcler, l\u00e4ngere Schulzeiten&#8230; Mit einigen Spielen und viel Spa\u00df wurden Erinnerungen der letzten vier Jahren aufgefrischt und neue Perspektiven f\u00fcr die schulische Zukunft aufgezeigt. Das Projekt vermittelte den Kindern, auf wen und worauf sie sich verlassen k\u00f6nnen.<\/p>\n<p>Freunde, Familie, die Kirche und Gott stehen ihnen immer an ihrer Seite.<\/p>\n<p>Es gab viel positive Resonanz \u2013 nicht nur von den Grundsch\u00fclern und Lehrerinnen, die dabei waren; auch das Vorbereitungsteam freute sich \u00fcber die gelungene Veranstaltung.<\/p>\n<p><em>Lisa Warnemann<\/em><\/p>\n","protected":false},"excerpt":{"rendered":"<p>Fit4five \u2013 ein Projekt f\u00fcr die Grundschule Am 17. und 18. Juni 2019 besuchten sieben Mitglieder des Jugendmitarbeiterkreises (JuMak) unserer Kirchengemeinde gemeinsam mit Diakonin Birgit Hornig und Kindergottesdienstleiterin Daniela Waschke die 4.-Kl\u00e4ssler der Wilhelm-Raabe-Grundschule in Ilten. Nach den Sommerferien werden &hellip; <a href=\"https:\/\/wordpress.nibis.de\/gsilten\/mehr-von-uns\/fit4five\/\">Weiterlesen <span class=\"meta-nav\">&rarr;<\/span><\/a><\/p>\n","protected":false},"author":1293,"featured_media":0,"parent":218,"menu_order":0,"comment_status":"closed","ping_status":"closed","template":"onecolumn-page.php","meta":{"footnotes":""},"class_list":["post-248","page","type-page","status-publish","hentry"],"_links":{"self":[{"href":"https:\/\/wordpress.nibis.de\/gsilten\/wp-json\/wp\/v2\/pages\/248","targetHints":{"allow":["GET"]}}],"collection":[{"href":"https:\/\/wordpress.nibis.de\/gsilten\/wp-json\/wp\/v2\/pages"}],"about":[{"href":"https:\/\/wordpress.nibis.de\/gsilten\/wp-json\/wp\/v2\/types\/page"}],"author":[{"embeddable":true,"href":"https:\/\/wordpress.nibis.de\/gsilten\/wp-json\/wp\/v2\/users\/1293"}],"replies":[{"embeddable":true,"href":"https:\/\/wordpress.nibis.de\/gsilten\/wp-json\/wp\/v2\/comments?post=248"}],"version-history":[{"count":4,"href":"https:\/\/wordpress.nibis.de\/gsilten\/wp-json\/wp\/v2\/pages\/248\/revisions"}],"predecessor-version":[{"id":1409,"href":"https:\/\/wordpress.nibis.de\/gsilten\/wp-json\/wp\/v2\/pages\/248\/revisions\/1409"}],"up":[{"embeddable":true,"href":"https:\/\/wordpress.nibis.de\/gsilten\/wp-json\/wp\/v2\/pages\/218"}],"wp:attachment":[{"href":"https:\/\/wordpress.nibis.de\/gsilten\/wp-json\/wp\/v2\/media?parent=248"}],"curies":[{"name":"wp","href":"https:\/\/api.w.org\/{rel}","templated":true}]}}