{"id":762,"date":"2017-10-27T20:44:49","date_gmt":"2017-10-27T18:44:49","guid":{"rendered":"http:\/\/wordpress.nibis.de\/gsilten\/?page_id=762"},"modified":"2021-07-01T09:42:48","modified_gmt":"2021-07-01T07:42:48","slug":"waldpaedagogik","status":"publish","type":"page","link":"https:\/\/wordpress.nibis.de\/gsilten\/mehr-von-uns\/waldpaedagogik\/","title":{"rendered":"Waldp\u00e4dagogik"},"content":{"rendered":"<p>Einmal im Schuljahr nimmt jede Klasse der Wilhelm-Raabe-Schule an einer sogenannten Waldf\u00fchrung teil. Diese wird von einem\/einer ausgebildeten Waldp\u00e4dagogen\/Waldp\u00e4dagogin des Waldp\u00e4dagogikzentrums Hannover-Hildesheim durchgef\u00fchrt. Die Waldf\u00fchrungen bestehen zur Zeit aus einem zweist\u00fcndigen Aufenthalt im Iltener Wald (Flakenbruch), bei dem spielerische Elemente mit Lernphasen verkn\u00fcpft werden. So wird ein Lernen mit allen Sinnen erm\u00f6glicht.<\/p>\n<p>Ausgehend von zun\u00e4chst einzelnen Waldf\u00fchrungen, die von Lehrerinnen einiger Klassen verabredet wurden, wurde &#8211; beginnend mit dem Schuljahr 2017\/2018 &#8211; ein Kooperationsvertrag mit dem Waldp\u00e4dagogikzentrum erarbeitet, in dem festgelegt wurde, dass jede Klasse der Schule verbindlich einmal im Jahr den Wald besucht.\u00a0 Der Kooperationsvertrag fu\u00dft auf den Schuleigenen Arbeitspl\u00e4nen f\u00fcr den Sachunterricht und enth\u00e4lt vier Module f\u00fcr die vier Schuljahre.<\/p>\n<p><strong>Die Module<\/strong><\/p>\n<table>\n<tbody>\n<tr>\n<td width=\"207\"><strong>Klasse 1<\/strong><\/td>\n<td width=\"1328\">Fr\u00fchlingserwachen: Den Wald mit allen Sinnen \u201cbegreifen\u201d; Kinderstube Wald; Tarnen und T\u00e4uschen<\/td>\n<\/tr>\n<tr>\n<td width=\"207\"><strong>Klasse 2<\/strong><\/td>\n<td width=\"1328\">Bl\u00e4tter, B\u00e4ume, Fr\u00fcchte; Vorbereitung der Tiere auf den Winter<\/td>\n<\/tr>\n<tr>\n<td width=\"207\"><strong>Klasse 3<\/strong><\/td>\n<td width=\"1328\">Stockwerke des Waldes; Nahrungsketten<\/td>\n<\/tr>\n<tr>\n<td width=\"207\"><strong>Klasse 4<\/strong><\/td>\n<td width=\"1328\">Waldameise (Gemeinschaft); Kleine Wolfexperten; Leben im Einklang mit der Natur<\/p>\n<p>Die Waldf\u00fchrung in Klasse 4 kann auch als vierst\u00fcndige Abschlussaktion durchgef\u00fchrt werden. Hier stehen Gemeinschaftsaktionen im Mittelpunkt. Es fand in der Vergangenheit ein Sponsoring durch den F\u00f6rderverein hierf\u00fcr statt.<\/td>\n<\/tr>\n<\/tbody>\n<\/table>\n<p>Mehr Informationen erhalten Sie auch auf den Seiten der <a href=\"http:\/\/www.landesforsten.de\" target=\"_blank\" rel=\"noopener noreferrer\">Nieders\u00e4chsischen Landesforsten<\/a>.<\/p>\n<p><img decoding=\"async\" src=\"http:\/\/wordpress.nibis.de\/gsilten\/files\/2017\/10\/2017-10-20-PHOTO-00000297.jpg\" alt=\"Waldp\u00e4dagogik\" \/><\/p>\n<p><img decoding=\"async\" src=\"http:\/\/wordpress.nibis.de\/gsilten\/files\/2017\/11\/2017-11-03-PHOTO-00000323.jpg\" alt=\"Kooperationsvereinbarung\" \/><\/p>\n","protected":false},"excerpt":{"rendered":"<p>Einmal im Schuljahr nimmt jede Klasse der Wilhelm-Raabe-Schule an einer sogenannten Waldf\u00fchrung teil. Diese wird von einem\/einer ausgebildeten Waldp\u00e4dagogen\/Waldp\u00e4dagogin des Waldp\u00e4dagogikzentrums Hannover-Hildesheim durchgef\u00fchrt. Die Waldf\u00fchrungen bestehen zur Zeit aus einem zweist\u00fcndigen Aufenthalt im Iltener Wald (Flakenbruch), bei dem spielerische Elemente &hellip; <a href=\"https:\/\/wordpress.nibis.de\/gsilten\/mehr-von-uns\/waldpaedagogik\/\">Weiterlesen <span class=\"meta-nav\">&rarr;<\/span><\/a><\/p>\n","protected":false},"author":1293,"featured_media":0,"parent":218,"menu_order":0,"comment_status":"closed","ping_status":"closed","template":"","meta":{"footnotes":""},"class_list":["post-762","page","type-page","status-publish","hentry"],"_links":{"self":[{"href":"https:\/\/wordpress.nibis.de\/gsilten\/wp-json\/wp\/v2\/pages\/762","targetHints":{"allow":["GET"]}}],"collection":[{"href":"https:\/\/wordpress.nibis.de\/gsilten\/wp-json\/wp\/v2\/pages"}],"about":[{"href":"https:\/\/wordpress.nibis.de\/gsilten\/wp-json\/wp\/v2\/types\/page"}],"author":[{"embeddable":true,"href":"https:\/\/wordpress.nibis.de\/gsilten\/wp-json\/wp\/v2\/users\/1293"}],"replies":[{"embeddable":true,"href":"https:\/\/wordpress.nibis.de\/gsilten\/wp-json\/wp\/v2\/comments?post=762"}],"version-history":[{"count":6,"href":"https:\/\/wordpress.nibis.de\/gsilten\/wp-json\/wp\/v2\/pages\/762\/revisions"}],"predecessor-version":[{"id":1847,"href":"https:\/\/wordpress.nibis.de\/gsilten\/wp-json\/wp\/v2\/pages\/762\/revisions\/1847"}],"up":[{"embeddable":true,"href":"https:\/\/wordpress.nibis.de\/gsilten\/wp-json\/wp\/v2\/pages\/218"}],"wp:attachment":[{"href":"https:\/\/wordpress.nibis.de\/gsilten\/wp-json\/wp\/v2\/media?parent=762"}],"curies":[{"name":"wp","href":"https:\/\/api.w.org\/{rel}","templated":true}]}}