{"id":2744,"date":"2022-02-01T12:10:06","date_gmt":"2022-02-01T11:10:06","guid":{"rendered":"https:\/\/wordpress.nibis.de\/gsimspiet\/?page_id=2744"},"modified":"2025-10-11T09:07:45","modified_gmt":"2025-10-11T07:07:45","slug":"de-plattdueuetsk-sied","status":"publish","type":"page","link":"https:\/\/wordpress.nibis.de\/gsimspiet\/de-plattdueuetsk-sied\/","title":{"rendered":"De Plattd\u00fc\u00fctsk-Sied"},"content":{"rendered":"\n<p>7. 10. 2025<br><br>De Worden-Schatts\u00f6\u00f6k is to Enn gahn. <br>En heel b\u00fclt Kinner hebben mitmaakt un de Worden up de Schoolhoff s\u00f6cht. <br>15 Kinner hebben h\u00f6r Zedel in de Loos-D\u00f6\u00f6s smeten. Nun s\u00fcnd de Priesen utloost worden. <br>Un Jonas hett de Utteken &#8222;Plietschen Jung&#8220; kregen, umdat he all Worden funnen un richtig \u00f6versett hett!<\/p>\n\n\n\n<p>Schooljahr 2025\/ 26<br><br>* Wi hebben weer en Theater-AG (wi maken dat up Platt- un Hochd\u00fc\u00fctsk) in de 3. Klassen<br>* Wi maken mit bi de Aktion &#8222;Septembermaant is Plattd\u00fc\u00fctskmaant&#8220;: een Worden-Schatts\u00f6\u00f6k up de Schoolhoff, waar jede Sch\u00f6ler of Sch\u00f6lerske mitdoon kann<br>* Wi maken mit bi de Aktion &#8222;Freedag is Plattdag&#8220;: in de Uppass-St\u00fcnn gifft dat een Angebood f\u00f6r de 1. und 2. Klassen, up disse Homepage gifft dat elke Freedag een neei Woord to dat Motto &#8222;Fr\u00fcndskupp&#8220;<br>* Wi oversetten grote Delen van de Homepage up Platt<br>* Wi hebben Plattd\u00fc\u00fctske Schiller \u00f6verall in de School: an D\u00f6ren un Kamers, in de Unnerichtskamers Schiller mit Worden de man in de School faken bruken deit (so as toh\u00f6ren &#8211; proten &#8211; schrieven &#8211; &#8230;, de Tahlen, een Weer-Bericht) <br>* Wi hebben een Plattd\u00fc\u00fctsk Boord in uns Bokenkamer<br><br>Wat wi noch maken willen<br>* Leesunnericht (mit de H\u00fclp van een Moder), so k\u00f6nnen s\u00fck de 3. und 4. Klassen good up de kommende Leesweddstried v\u00f6rbereiden<br>* elke Maant een Ostfreesken Angebood in een fastleggten Paus<br>* &#8230;<br><br><br><\/p>\n\n\n\n<figure class=\"wp-block-gallery has-nested-images columns-default is-cropped wp-block-gallery-1 is-layout-flex wp-block-gallery-is-layout-flex\">\n<figure class=\"wp-block-image size-large\"><img loading=\"lazy\" decoding=\"async\" width=\"1920\" height=\"2560\" data-id=\"1802\" src=\"https:\/\/wordpress.nibis.de\/gsimspiet\/files\/2020\/09\/20200911_130704-scaled.jpg\" alt=\"\" class=\"wp-image-1802\" srcset=\"https:\/\/wordpress.nibis.de\/gsimspiet\/files\/2020\/09\/20200911_130704-scaled.jpg 1920w, https:\/\/wordpress.nibis.de\/gsimspiet\/files\/2020\/09\/20200911_130704-225x300.jpg 225w, https:\/\/wordpress.nibis.de\/gsimspiet\/files\/2020\/09\/20200911_130704-450x600.jpg 450w, https:\/\/wordpress.nibis.de\/gsimspiet\/files\/2020\/09\/20200911_130704-768x1024.jpg 768w, https:\/\/wordpress.nibis.de\/gsimspiet\/files\/2020\/09\/20200911_130704-1152x1536.jpg 1152w, https:\/\/wordpress.nibis.de\/gsimspiet\/files\/2020\/09\/20200911_130704-1536x2048.jpg 1536w\" sizes=\"auto, (max-width: 1920px) 100vw, 1920px\" \/><\/figure>\n\n\n\n<figure class=\"wp-block-image size-large\"><img loading=\"lazy\" decoding=\"async\" width=\"443\" height=\"591\" data-id=\"3085\" src=\"https:\/\/wordpress.nibis.de\/gsimspiet\/files\/2022\/09\/DSCN2318-rotated.jpg\" alt=\"\" class=\"wp-image-3085\" srcset=\"https:\/\/wordpress.nibis.de\/gsimspiet\/files\/2022\/09\/DSCN2318-rotated.jpg 443w, https:\/\/wordpress.nibis.de\/gsimspiet\/files\/2022\/09\/DSCN2318-225x300.jpg 225w\" sizes=\"auto, (max-width: 443px) 100vw, 443px\" \/><\/figure>\n<\/figure>\n\n\n\n<p>Hier finnen ji van nu of an all dat, wat bi uns an de School mit Plattd\u00fc\u00fctsk un mit Ostfreesland to doon hett. <\/p>\n\n\n\n<p>Unner de Punkt ABC finnen ji uns ABCDarium. Een ABCDarium is een Sammlung to een Thema. De Bookstaven van dat ABC sallen, as dat eets geiht, all brukt worden.<\/p>\n\n\n\n<p>Up de Sied &#8222;Fredag is Plattdag&#8220; gifft dat immer een nejen Utdr\u00fcck of een Proot &#8211; nat\u00fcrelk up Fredag.<\/p>\n\n\n\n<p>Hebben ji Ideen, wat hier noch henh\u00f6ren deit? Denn seggt  dat gau jo Mesters!<\/p>\n\n\n\n<figure class=\"wp-block-gallery has-nested-images columns-default is-cropped wp-block-gallery-2 is-layout-flex wp-block-gallery-is-layout-flex\">\n<figure class=\"wp-block-image size-large\"><img loading=\"lazy\" decoding=\"async\" width=\"700\" height=\"933\" data-id=\"2963\" src=\"https:\/\/wordpress.nibis.de\/gsimspiet\/files\/2022\/05\/Auszeichnung_2022_GS_im_Spiet_Norden-1-scaled-e1652464444366.jpg\" alt=\"\" class=\"wp-image-2963\" \/><figcaption>Plattd\u00fc\u00fctsk School &#8211; L\u00fcmb\u00f6rg<\/figcaption><\/figure>\n\n\n\n<figure class=\"wp-block-image size-large\"><img loading=\"lazy\" decoding=\"async\" width=\"700\" height=\"525\" data-id=\"2961\" src=\"https:\/\/wordpress.nibis.de\/gsimspiet\/files\/2022\/05\/Ausgezeichnete_und_rezertifizierte_Schulen_Plattdeutsche_Schulen_im_Museum_Lueneburg_2022-scaled-e1652464499696.jpg\" alt=\"\" class=\"wp-image-2961\" \/><figcaption>Plattd\u00fc\u00fctsk School &#8211; L\u00fcmb\u00f6rg<\/figcaption><\/figure>\n\n\n\n<figure class=\"wp-block-image size-large\"><img loading=\"lazy\" decoding=\"async\" width=\"400\" height=\"267\" data-id=\"2467\" src=\"https:\/\/wordpress.nibis.de\/gsimspiet\/files\/2021\/09\/FOR_9916-e1633531119272.jpg\" alt=\"\" class=\"wp-image-2467\" \/><figcaption>Freedag is Plattdag &#8211; Auerk <\/figcaption><\/figure>\n\n\n\n<figure class=\"wp-block-image size-large\"><img loading=\"lazy\" decoding=\"async\" width=\"500\" height=\"333\" data-id=\"2466\" src=\"https:\/\/wordpress.nibis.de\/gsimspiet\/files\/2021\/09\/FOR_9993-e1633531135976.jpg\" alt=\"\" class=\"wp-image-2466\" \/><figcaption>Freedag is Plattdag &#8211; Auerk<\/figcaption><\/figure>\n\n\n\n<figure class=\"wp-block-image size-large\"><img loading=\"lazy\" decoding=\"async\" width=\"443\" height=\"591\" data-id=\"3085\" src=\"https:\/\/wordpress.nibis.de\/gsimspiet\/files\/2022\/09\/DSCN2318-rotated.jpg\" alt=\"\" class=\"wp-image-3085\" srcset=\"https:\/\/wordpress.nibis.de\/gsimspiet\/files\/2022\/09\/DSCN2318-rotated.jpg 443w, https:\/\/wordpress.nibis.de\/gsimspiet\/files\/2022\/09\/DSCN2318-225x300.jpg 225w\" sizes=\"auto, (max-width: 443px) 100vw, 443px\" \/><\/figure>\n<\/figure>\n\n\n\n<p><\/p>\n\n\n","protected":false},"excerpt":{"rendered":"<p>7. 10. 2025 De Worden-Schatts\u00f6\u00f6k is to Enn gahn. En heel b\u00fclt Kinner hebben mitmaakt un de Worden up de Schoolhoff s\u00f6cht. 15 Kinner hebben h\u00f6r Zedel in de Loos-D\u00f6\u00f6s smeten. Nun s\u00fcnd de Priesen utloost worden. Un Jonas hett &hellip; <a href=\"https:\/\/wordpress.nibis.de\/gsimspiet\/de-plattdueuetsk-sied\/\">Weiterlesen <span class=\"meta-nav\">&rarr;<\/span><\/a><\/p>\n","protected":false},"author":9192608,"featured_media":0,"parent":0,"menu_order":0,"comment_status":"closed","ping_status":"closed","template":"","meta":{"footnotes":""},"class_list":["post-2744","page","type-page","status-publish","hentry"],"_links":{"self":[{"href":"https:\/\/wordpress.nibis.de\/gsimspiet\/wp-json\/wp\/v2\/pages\/2744","targetHints":{"allow":["GET"]}}],"collection":[{"href":"https:\/\/wordpress.nibis.de\/gsimspiet\/wp-json\/wp\/v2\/pages"}],"about":[{"href":"https:\/\/wordpress.nibis.de\/gsimspiet\/wp-json\/wp\/v2\/types\/page"}],"author":[{"embeddable":true,"href":"https:\/\/wordpress.nibis.de\/gsimspiet\/wp-json\/wp\/v2\/users\/9192608"}],"replies":[{"embeddable":true,"href":"https:\/\/wordpress.nibis.de\/gsimspiet\/wp-json\/wp\/v2\/comments?post=2744"}],"version-history":[{"count":10,"href":"https:\/\/wordpress.nibis.de\/gsimspiet\/wp-json\/wp\/v2\/pages\/2744\/revisions"}],"predecessor-version":[{"id":4387,"href":"https:\/\/wordpress.nibis.de\/gsimspiet\/wp-json\/wp\/v2\/pages\/2744\/revisions\/4387"}],"wp:attachment":[{"href":"https:\/\/wordpress.nibis.de\/gsimspiet\/wp-json\/wp\/v2\/media?parent=2744"}],"curies":[{"name":"wp","href":"https:\/\/api.w.org\/{rel}","templated":true}]}}

De Plattdüütsk-Sied

<p>7. 10. 2025<br><br>De Worden-Schattsöök is to Enn gahn. <br>En heel bült Kinner hebben mitmaakt un de Worden up de Schoolhoff söcht. <br>15 Kinner hebben hör Zedel in de Loos-Döös smeten. Nun sünd de Priesen utloost worden. <br>Un Jonas hett de Utteken &#8222;Plietschen Jung&#8220; kregen, umdat he all Worden funnen un richtig översett hett!</p>



<p>Schooljahr 2025/ 26<br><br>* Wi hebben weer en Theater-AG (wi maken dat up Platt- un Hochdüütsk) in de 3. Klassen<br>* Wi maken mit bi de Aktion &#8222;Septembermaant is Plattdüütskmaant&#8220;: een Worden-Schattsöök up de Schoolhoff, waar jede Schöler of Schölerske mitdoon kann<br>* Wi maken mit bi de Aktion &#8222;Freedag is Plattdag&#8220;: in de Uppass-Stünn gifft dat een Angebood för de 1. und 2. Klassen, up disse Homepage gifft dat elke Freedag een neei Woord to dat Motto &#8222;Fründskupp&#8220;<br>* Wi oversetten grote Delen van de Homepage up Platt<br>* Wi hebben Plattdüütske Schiller överall in de School: an Dören un Kamers, in de Unnerichtskamers Schiller mit Worden de man in de School faken bruken deit (so as tohören &#8211; proten &#8211; schrieven &#8211; &#8230;, de Tahlen, een Weer-Bericht) <br>* Wi hebben een Plattdüütsk Boord in uns Bokenkamer<br><br>Wat wi noch maken willen<br>* Leesunnericht (mit de Hülp van een Moder), so können sük de 3. und 4. Klassen good up de kommende Leesweddstried vörbereiden<br>* elke Maant een Ostfreesken Angebood in een fastleggten Paus<br>* &#8230;<br><br><br></p>



<figure class="wp-block-gallery has-nested-images columns-default is-cropped wp-block-gallery-1 is-layout-flex wp-block-gallery-is-layout-flex">
<figure class="wp-block-image size-large"><img loading="lazy" decoding="async" width="1920" height="2560" data-id="1802" src="https://wordpress.nibis.de/gsimspiet/files/2020/09/20200911_130704-scaled.jpg" alt="" class="wp-image-1802" srcset="https://wordpress.nibis.de/gsimspiet/files/2020/09/20200911_130704-scaled.jpg 1920w, https://wordpress.nibis.de/gsimspiet/files/2020/09/20200911_130704-225x300.jpg 225w, https://wordpress.nibis.de/gsimspiet/files/2020/09/20200911_130704-450x600.jpg 450w, https://wordpress.nibis.de/gsimspiet/files/2020/09/20200911_130704-768x1024.jpg 768w, https://wordpress.nibis.de/gsimspiet/files/2020/09/20200911_130704-1152x1536.jpg 1152w, https://wordpress.nibis.de/gsimspiet/files/2020/09/20200911_130704-1536x2048.jpg 1536w" sizes="auto, (max-width: 1920px) 100vw, 1920px" /></figure>



<figure class="wp-block-image size-large"><img loading="lazy" decoding="async" width="443" height="591" data-id="3085" src="https://wordpress.nibis.de/gsimspiet/files/2022/09/DSCN2318-rotated.jpg" alt="" class="wp-image-3085" srcset="https://wordpress.nibis.de/gsimspiet/files/2022/09/DSCN2318-rotated.jpg 443w, https://wordpress.nibis.de/gsimspiet/files/2022/09/DSCN2318-225x300.jpg 225w" sizes="auto, (max-width: 443px) 100vw, 443px" /></figure>
</figure>



<p>Hier finnen ji van nu of an all dat, wat bi uns an de School mit Plattdüütsk un mit Ostfreesland to doon hett. </p>



<p>Unner de Punkt ABC finnen ji uns ABCDarium. Een ABCDarium is een Sammlung to een Thema. De Bookstaven van dat ABC sallen, as dat eets geiht, all brukt worden.</p>



<p>Up de Sied &#8222;Fredag is Plattdag&#8220; gifft dat immer een nejen Utdrück of een Proot &#8211; natürelk up Fredag.</p>



<p>Hebben ji Ideen, wat hier noch henhören deit? Denn seggt  dat gau jo Mesters!</p>



<figure class="wp-block-gallery has-nested-images columns-default is-cropped wp-block-gallery-2 is-layout-flex wp-block-gallery-is-layout-flex">
<figure class="wp-block-image size-large"><img loading="lazy" decoding="async" width="700" height="933" data-id="2963" src="https://wordpress.nibis.de/gsimspiet/files/2022/05/Auszeichnung_2022_GS_im_Spiet_Norden-1-scaled-e1652464444366.jpg" alt="" class="wp-image-2963" /><figcaption>Plattdüütsk School &#8211; Lümbörg</figcaption></figure>



<figure class="wp-block-image size-large"><img loading="lazy" decoding="async" width="700" height="525" data-id="2961" src="https://wordpress.nibis.de/gsimspiet/files/2022/05/Ausgezeichnete_und_rezertifizierte_Schulen_Plattdeutsche_Schulen_im_Museum_Lueneburg_2022-scaled-e1652464499696.jpg" alt="" class="wp-image-2961" /><figcaption>Plattdüütsk School &#8211; Lümbörg</figcaption></figure>



<figure class="wp-block-image size-large"><img loading="lazy" decoding="async" width="400" height="267" data-id="2467" src="https://wordpress.nibis.de/gsimspiet/files/2021/09/FOR_9916-e1633531119272.jpg" alt="" class="wp-image-2467" /><figcaption>Freedag is Plattdag &#8211; Auerk </figcaption></figure>



<figure class="wp-block-image size-large"><img loading="lazy" decoding="async" width="500" height="333" data-id="2466" src="https://wordpress.nibis.de/gsimspiet/files/2021/09/FOR_9993-e1633531135976.jpg" alt="" class="wp-image-2466" /><figcaption>Freedag is Plattdag &#8211; Auerk</figcaption></figure>



<figure class="wp-block-image size-large"><img loading="lazy" decoding="async" width="443" height="591" data-id="3085" src="https://wordpress.nibis.de/gsimspiet/files/2022/09/DSCN2318-rotated.jpg" alt="" class="wp-image-3085" srcset="https://wordpress.nibis.de/gsimspiet/files/2022/09/DSCN2318-rotated.jpg 443w, https://wordpress.nibis.de/gsimspiet/files/2022/09/DSCN2318-225x300.jpg 225w" sizes="auto, (max-width: 443px) 100vw, 443px" /></figure>
</figure>



<p></p>

<p>7. 10. 2025 De Worden-Schattsöök is to Enn gahn. En heel bült Kinner hebben mitmaakt un de Worden up de Schoolhoff söcht. 15 Kinner hebben hör Zedel in de Loos-Döös smeten. Nun sünd de Priesen utloost worden. Un Jonas hett &hellip; <a href="https://wordpress.nibis.de/gsimspiet/de-plattdueuetsk-sied/">Weiterlesen <span class="meta-nav">&rarr;</span></a></p>
