{"id":28,"date":"2018-08-15T22:10:14","date_gmt":"2018-08-15T20:10:14","guid":{"rendered":"http:\/\/wordpress.nibis.de\/gsimspiet\/?page_id=28"},"modified":"2020-03-07T20:38:46","modified_gmt":"2020-03-07T19:38:46","slug":"leitbild","status":"publish","type":"page","link":"https:\/\/wordpress.nibis.de\/gsimspiet\/leitbild\/","title":{"rendered":"Leitbild"},"content":{"rendered":"\n<figure class=\"wp-block-image\"><img loading=\"lazy\" decoding=\"async\" width=\"800\" height=\"600\" src=\"https:\/\/wordpress.nibis.de\/gsimspiet\/files\/2020\/03\/20200306_131320-800x600.jpg\" alt=\"\" class=\"wp-image-1259\" \/><\/figure>\n\n\n<p style=\"text-align: justify\">\u00a0 <\/p>\n<p><span style=\"font-family: arial, helvetica, sans-serif\">&#8222;An unserer Schule wollen wir freundlich, tolerant, respektvoll und verantwortlich miteinander umgehen.<br \/>Die vertrauensvolle Zusammenarbeit zwischen Elternhaus und Schule ist uns wichtig.<br \/>Wir st\u00e4rken die Pers\u00f6nlichkeit und das K\u00f6nnen unserer Sch\u00fclerinnen und Sch\u00fcler durch Angebote im literarischen, musisch-k\u00fcnstlerischen, mathematischen, sportlichen und im pr\u00e4ventiven Bereich.<br \/>Wir ziehen alle an einem Strang.&#8220;<br \/><\/span><\/p>","protected":false},"excerpt":{"rendered":"<p>\u00a0 &#8222;An unserer Schule wollen wir freundlich, tolerant, respektvoll und verantwortlich miteinander umgehen.Die vertrauensvolle Zusammenarbeit zwischen Elternhaus und Schule ist uns wichtig.Wir st\u00e4rken die Pers\u00f6nlichkeit und das K\u00f6nnen unserer Sch\u00fclerinnen und Sch\u00fcler durch Angebote im literarischen, musisch-k\u00fcnstlerischen, mathematischen, sportlichen und &hellip; <a href=\"https:\/\/wordpress.nibis.de\/gsimspiet\/leitbild\/\">Weiterlesen <span class=\"meta-nav\">&rarr;<\/span><\/a><\/p>\n","protected":false},"author":9192608,"featured_media":0,"parent":0,"menu_order":0,"comment_status":"closed","ping_status":"closed","template":"","meta":{"footnotes":""},"class_list":["post-28","page","type-page","status-publish","hentry"],"_links":{"self":[{"href":"https:\/\/wordpress.nibis.de\/gsimspiet\/wp-json\/wp\/v2\/pages\/28","targetHints":{"allow":["GET"]}}],"collection":[{"href":"https:\/\/wordpress.nibis.de\/gsimspiet\/wp-json\/wp\/v2\/pages"}],"about":[{"href":"https:\/\/wordpress.nibis.de\/gsimspiet\/wp-json\/wp\/v2\/types\/page"}],"author":[{"embeddable":true,"href":"https:\/\/wordpress.nibis.de\/gsimspiet\/wp-json\/wp\/v2\/users\/9192608"}],"replies":[{"embeddable":true,"href":"https:\/\/wordpress.nibis.de\/gsimspiet\/wp-json\/wp\/v2\/comments?post=28"}],"version-history":[{"count":3,"href":"https:\/\/wordpress.nibis.de\/gsimspiet\/wp-json\/wp\/v2\/pages\/28\/revisions"}],"predecessor-version":[{"id":1260,"href":"https:\/\/wordpress.nibis.de\/gsimspiet\/wp-json\/wp\/v2\/pages\/28\/revisions\/1260"}],"wp:attachment":[{"href":"https:\/\/wordpress.nibis.de\/gsimspiet\/wp-json\/wp\/v2\/media?parent=28"}],"curies":[{"name":"wp","href":"https:\/\/api.w.org\/{rel}","templated":true}]}}