{"id":706,"date":"2019-04-28T09:14:48","date_gmt":"2019-04-28T07:14:48","guid":{"rendered":"https:\/\/wordpress.nibis.de\/gsis\/?page_id=706"},"modified":"2019-04-28T09:56:08","modified_gmt":"2019-04-28T07:56:08","slug":"informationen-fuer-erziehungsberechtigte","status":"publish","type":"page","link":"https:\/\/wordpress.nibis.de\/gsis\/informationen-fuer-erziehungsberechtigte\/","title":{"rendered":"Informationen f\u00fcr Erziehungsberechtigte"},"content":{"rendered":"\n<h2 class=\"wp-block-heading\"><\/h2>\n\n\n\n<h1 class=\"wp-block-heading\">Informationsblatt gem\u00e4\u00df\nArt. 13 ff. Datenschutzgrundverordnung (DSGVO)<\/h1>\n\n\n\n<p>Sehr geehrte Eltern, sehr geehrte\nErziehungsberechtigte,<\/p>\n\n\n\n<p>hiermit informieren wir\nSie \u00fcber die Verarbeitung personenbezogener Daten in unserer Schule.<\/p>\n\n\n\n<h1 class=\"wp-block-heading\">I.&nbsp;&nbsp;\nDatenverarbeitung<\/h1>\n\n\n\n<p>Die\nSchule erhebt und speichert personenbezogene Daten der Sch\u00fclerinnen und Sch\u00fcler\nund der Erziehungsberechtigten zum Zwecke der <strong>Erf\u00fcllung des Bildungsauftrags <\/strong>oder der <strong>F\u00fcrsorgeaufgaben<\/strong>, zur <strong>Erziehung\n<\/strong>oder <strong>F\u00f6rderung <\/strong>der Sch\u00fclerinnen\nund Sch\u00fcler oder zur Erforschung oder Entwicklung der <strong>Schulqualit\u00e4t, <\/strong>soweit dies erforderlich ist. Rechtsgrundlage dieser\nVerarbeitung ist \u00a7 31 Abs.1 Satz 1 des Nieders\u00e4chsischen Schulgesetzes (NSchG).\nOhne eine rechtliche Grundlage ist die Verarbeitung personenbezogener Daten zul\u00e4ssig,\nwenn in die Verarbeitung eingewilligt wird. Die betreffenden Daten k\u00f6nnen\nfreiwillig von Ihnen angegeben werden.<\/p>\n\n\n\n<p>Welche\npersonenbezogenen Daten die Schule zu welchen Zwecken verarbeitet, k\u00f6nnen Sie\nder im Anhang beigef\u00fcgten <strong>Tabelle <\/strong>entnehmen.<\/p>\n\n\n\n<h1 class=\"wp-block-heading\">II.&nbsp;&nbsp; \u00dcbermittlungen personenbezogener Daten<\/h1>\n\n\n\n<p>Die Anschrift der\nSch\u00fclerin oder des Sch\u00fclers und der Erziehungsberechtigten wird an die Stadt\nBramsche als Tr\u00e4ger der Sch\u00fclerbef\u00f6rderung und die unteren Gesundheitsbeh\u00f6rden\nzum Zwecke der Durchf\u00fchrung der Schuleingangsuntersuchung \u00fcbermittelt.\nGrundlage f\u00fcr diese \u00dcbermittlungen ist \u00a7 31 Abs.1 S.2 NSchG.<\/p>\n\n\n\n<p>Gem\u00e4\u00df\n\u00a7 31 Abs. 2 NSchG \u00fcbermittelt die zust\u00e4ndige Meldebeh\u00f6rde den Grundschulen\npersonenbezogene Daten der im jeweiligen Schulbezirk gemeldeten Kinder, deren\nSchulpflicht im folgenden Jahr beginnt, sowie die Daten der gesetzlichen\nVertreter. Dies geschieht auch, wenn die Kinder vor dem Beginn der Schulpflicht\ndurch Umzug innerhalb der Gemeinde den Schulbezirk wechseln oder in die\nGemeinde zuziehen. Die Schule erh\u00e4lt folgende Daten durch die Meldebeh\u00f6rde\n\u00fcbermittelt:<\/p>\n\n\n\n<ol class=\"wp-block-list\"><li>zum Kind<\/li><li>Familienname,<\/li><li>Vornamen unter\nKennzeichnung des gebr\u00e4uchlichen Vornamens,<\/li><li>Geburtsdatum und\nGeburtsort sowie bei Geburt im Ausland auch den Staat,<\/li><li>Geschlecht,<\/li><\/ol>\n\n\n\n<ul class=\"wp-block-list\"><li>zu den\ngesetzlichen Vertreterinnen oder Vertretern<\/li><li>Familienname,<\/li><li>Vornamen,<\/li><li>Anschrift,<\/li><li>Auskunftssperren nach \u00a7 51 des Bundesmeldegesetzes\nund bedingte Sperrvermerke nach \u00a7 52 des Bundesmeldegesetzes.<\/li><\/ul>\n\n\n\n<p>Diese Daten werden von der abgebenden Schule an die aufnehmende Schule\nzum Zweck der \u00dcberwachung der Einhaltung der Schulpflicht \u00fcbermittelt, wenn\neine schulpflichtige Sch\u00fclerin oder ein schulpflichtiger Sch\u00fcler die Schule\ninnerhalb Niedersachsens wechselt. Weitere \u00dcbermittlungen sind der im Anhang\nbeigef\u00fcgten Tabelle zu entnehmen.<\/p>\n\n\n\n<h1 class=\"wp-block-heading\">Auftragsverarbeitung<\/h1>\n\n\n\n<p>Die Westermann-Gruppe verarbeitet auf\nGrundlage eines schriftlichen Vertrages als Auftragsverarbeiter\nweisungsgebunden personenbezogene Daten in unserem Auftrag im Rahmen der\nNutzung des Online- Dienstes Antolin.<\/p>\n\n\n\n<p>Die Iserv GmbH verarbeitet auf Grundlage eines schriftlichen Vertrages als Auftragsverarbeiter\nweisungsgebunden personenbezogene Daten in unserem Auftrag zum Zwecke der\nWartung des Schulservers Iserv.<\/p>\n\n\n\n<h1 class=\"wp-block-heading\">III.&nbsp;&nbsp;\nDauer der Speicherung der\npersonenbezogenen Daten<\/h1>\n\n\n\n<p>Im Schulbereich\nist f\u00fcr die Speicherdauer der Runderlass des Nieders\u00e4chsischen\nKultusministeriums zur<\/p>\n\n\n\n<p>\u201eAufbewahrung\nvon Schriftgut in \u00f6ffentlichen Schulen: L\u00f6schung personenbezogener Daten nach \u00a7\n17 Abs. 2 NDSG\u201c 2.1.2012 (RdErl. d. MK v. 2.1.2012 &#8211; 11-02201\/1, 05410\/1.2\n(Nds.MBl. Nr.3\/2012 S.81;<\/p>\n\n\n\n<p>SVBl. 3\/2012 S.162) &#8211; VORIS 22560 &#8211; Im Einvernehmen\nmit der StK und dem MI -) ma\u00dfgebend.<\/p>\n\n\n\n<h1 class=\"wp-block-heading\">IV.&nbsp; Betroffenenrechte<\/h1>\n\n\n\n<p>Sie k\u00f6nnen\nfolgende Rechte geltend machen:<\/p>\n\n\n\n<h1 class=\"wp-block-heading\">\u00b7&nbsp;&nbsp;&nbsp;&nbsp;&nbsp;&nbsp;&nbsp;&nbsp;&nbsp;&nbsp;&nbsp;&nbsp;&nbsp;&nbsp;\nAuskunft\/ Akteneinsicht<\/h1>\n\n\n\n<p>Gem. Art. 15\nDSGVO haben Sie das Recht, Auskunft bzw. Akteneinsicht \u00fcber die von uns\nverarbeiteten personenbezogenen Daten zu erhalten<\/p>\n\n\n\n<h1 class=\"wp-block-heading\">\u00b7&nbsp;&nbsp;&nbsp;&nbsp;&nbsp;&nbsp;&nbsp;&nbsp;&nbsp;&nbsp;&nbsp;&nbsp;&nbsp;&nbsp;\nBerichtigung<\/h1>\n\n\n\n<p>Sind bei uns\ngespeicherte personenbezogene Daten unrichtig oder unvollst\u00e4ndig, haben Sie\ngem. Art. 16 DSGVO das Recht, diese berichtigen bzw. vervollst\u00e4ndigen zu\nlassen.<\/p>\n\n\n\n<h1 class=\"wp-block-heading\">\u00b7&nbsp;&nbsp;&nbsp;&nbsp;&nbsp;&nbsp;&nbsp;&nbsp;&nbsp;&nbsp;&nbsp;&nbsp;&nbsp;&nbsp;\nL\u00f6schung<\/h1>\n\n\n\n<p>Art. 17 DSGVO\nnormiert das Recht auf L\u00f6schung personenbezogener Daten. Dieses Recht steht\nIhnen insbesondere dann zu, wenn die Speicherung der personenbezogenen Daten\nzur Erf\u00fcllung unserer gesetzlichen Aufgaben nicht mehr erforderlich ist oder\nSie Ihre Einwilligung zur Datenverarbeitung mit Wirkung f\u00fcr die Zukunft\nwiderrufen haben.<br><\/p>\n\n\n\n<h1 class=\"wp-block-heading\">\u00b7&nbsp;&nbsp;&nbsp;&nbsp;&nbsp;&nbsp;&nbsp;&nbsp;&nbsp;&nbsp;&nbsp;&nbsp;&nbsp;&nbsp;\nEinschr\u00e4nkung der Verarbeitung<\/h1>\n\n\n\n<p>Gem. Art. 18\nDSGVO k\u00f6nnen Sie die Einschr\u00e4nkung der Verarbeitung der personenbezogenen Daten\nverlangen, wenn<\/p>\n\n\n\n<ul class=\"wp-block-list\"><li>die Richtigkeit der Daten von\nIhnen bestritten wird<ul><li>die Verarbeitung unrechtm\u00e4\u00dfig\nist, Sie aber deren L\u00f6schung ablehnen<\/li><\/ul><ul><li>wir die Daten nicht mehr\nben\u00f6tigen, Sie jedoch diese zur Geltendmachung, Aus\u00fcbung oder Verteidigung von\nRechtsanspr\u00fcchen ben\u00f6tigen<\/li><\/ul><ul><li>oder Sie gem\u00e4\u00df Art. 21 DSGVO\nWiderspruch gegen die Verarbeitung eingelegt\nhaben<\/li><\/ul><\/li><\/ul>\n\n\n\n<h1 class=\"wp-block-heading\">\u00b7&nbsp;&nbsp;&nbsp;&nbsp;&nbsp;&nbsp;&nbsp;&nbsp;&nbsp;&nbsp;&nbsp;&nbsp;&nbsp;&nbsp;\nWiderspruch<\/h1>\n\n\n\n<p>Sie k\u00f6nnen bei\nGr\u00fcnden, die sich aus Ihrer besonderen Situation ergeben, ein Widerspruchsrecht\ngeltend machen. Gem. Art. 21 DSGVO ist jedoch zu ber\u00fccksichtigten, ob\nschutzw\u00fcrdige Gr\u00fcnde f\u00fcr die Verarbeitung vorliegen oder die Verarbeitung der\nGeltendmachung, Aus\u00fcbung oder Verteidigung von Rechtsanspr\u00fcchen dient.<\/p>\n\n\n\n<h1 class=\"wp-block-heading\">\u00b7&nbsp;&nbsp;&nbsp;&nbsp;&nbsp;&nbsp;&nbsp;&nbsp;&nbsp;&nbsp;&nbsp;&nbsp;&nbsp;&nbsp;\nDaten\u00fcbertragbarkeit<\/h1>\n\n\n\n<p>Ist die\nVerarbeitung Ihrer Daten mit Hilfe eines automatisierten Verfahrens erfolgt,\nhaben Sie gem. Art. 20 DSGVO das Recht, die Daten in einem g\u00e4ngigen und\nmaschinenlesbaren Format zu erhalten und an eine andere Schule zu \u00fcbermitteln\nbzw. durch uns \u00fcbermitteln zu lassen.<\/p>\n\n\n\n<h1 class=\"wp-block-heading\">\u00b7&nbsp;&nbsp;&nbsp;&nbsp;&nbsp;&nbsp;&nbsp;&nbsp;&nbsp;&nbsp;&nbsp;&nbsp;&nbsp;&nbsp;\nWiderruf der Einwilligung<\/h1>\n\n\n\n<p>Sie haben gem.\nArt. 7 Absatz 3 DSGVO das Recht, eine uns erteilte Einwilligung jederzeit mit\nWirkung f\u00fcr die Zukunft zu widerrufen.<\/p>\n\n\n\n<h1 class=\"wp-block-heading\">\u00b7&nbsp;&nbsp;&nbsp;&nbsp;&nbsp;&nbsp;&nbsp;&nbsp;&nbsp;&nbsp;&nbsp;&nbsp;&nbsp;&nbsp;\nBeschwerde<\/h1>\n\n\n\n<p>Art. 77 DSGVO\nenth\u00e4lt ein Beschwerderecht bei der Aufsichtsbeh\u00f6rde. Die f\u00fcr uns zust\u00e4ndige\nAufsichtsbeh\u00f6rde ist die Landesbeauftragte f\u00fcr den Datenschutz Niedersachsen,\nPrinzenstra\u00dfe 5, 30159 Hannover. E-Mail: <a href=\"mail&#116;&#111;&#58;&#112;&#111;&#115;&#116;&#x73;&#x74;&#x65;&#x6c;&#x6c;&#x65;&#x40;&#x6c;&#x66;d&#46;ni&#101;&#100;&#101;&#114;&#115;&#97;&#99;&#x68;&#x73;&#x65;&#x6e;&#x2e;&#x64;&#x65;\">pos&#116;&#115;&#116;&#101;&#x6c;&#x6c;&#x65;&#x40;&#x6c;&#x66;&#x64;&#46;ni&#101;&#100;&#101;&#114;&#115;&#x61;&#x63;&#x68;&#x73;&#x65;&#x6e;&#46;de.<\/a><\/p>\n\n\n\n<p>Eine\nBeschwerde hat \u00fcber das auf der Homepage der Landesbeauftragten f\u00fcr den\nDatenschutz eingestellte Beschwerdeformular zu erfolgen.<\/p>\n\n\n\n<h1 class=\"wp-block-heading\">V.&nbsp;\nVerantwortlicher und Datenschutzbeauftragter<\/h1>\n\n\n\n<p>Die\ndatenverarbeitende Stelle ist die Grundschule Im Sande, Rijswijker Str. 10,\n49565 Bramsche. Unseren Datenschutzbeauftragten erreichen Sie unter der<\/p>\n\n\n\n<p>Emailadresse <a href=\"&#x6d;a&#x69;&#108;t&#x6f;&#58;&#x67;&#115;i&#x6d;&#115;&#x61;&#110;d&#x65;&#45;&#x62;&#x72;a&#x6d;&#115;c&#x68;&#101;&#x40;&#116;-&#x6f;&#110;&#x6c;&#105;n&#x65;&#46;&#x64;&#x65;\">&#x67;&#x73;&#x69;&#x6d;&#115;&#97;nde&#x2d;&#x62;&#x72;&#x61;&#109;&#115;che&#x40;&#x74;&#x2d;&#x6f;&#110;&#108;&#105;ne&#x2e;&#x64;&#x65;<\/a><\/p>\n\n\n\n<p>Bramsche, 20.03.2019<\/p>\n\n\n\n<p><\/p>\n","protected":false},"excerpt":{"rendered":"<p>Informationsblatt gem\u00e4\u00df Art. 13 ff. Datenschutzgrundverordnung (DSGVO) Sehr geehrte Eltern, sehr geehrte Erziehungsberechtigte, hiermit informieren wir Sie \u00fcber die Verarbeitung personenbezogener Daten in unserer Schule. I.&nbsp;&nbsp; Datenverarbeitung Die Schule erhebt und speichert personenbezogene Daten der Sch\u00fclerinnen und Sch\u00fcler und der Erziehungsberechtigten zum Zwecke der Erf\u00fcllung des Bildungsauftrags oder der F\u00fcrsorgeaufgaben, zur Erziehung oder F\u00f6rderung der [&hellip;]<\/p>\n","protected":false},"author":9192195,"featured_media":0,"parent":0,"menu_order":0,"comment_status":"closed","ping_status":"closed","template":"","meta":{"footnotes":""},"class_list":["post-706","page","type-page","status-publish","hentry"],"_links":{"self":[{"href":"https:\/\/wordpress.nibis.de\/gsis\/wp-json\/wp\/v2\/pages\/706","targetHints":{"allow":["GET"]}}],"collection":[{"href":"https:\/\/wordpress.nibis.de\/gsis\/wp-json\/wp\/v2\/pages"}],"about":[{"href":"https:\/\/wordpress.nibis.de\/gsis\/wp-json\/wp\/v2\/types\/page"}],"author":[{"embeddable":true,"href":"https:\/\/wordpress.nibis.de\/gsis\/wp-json\/wp\/v2\/users\/9192195"}],"replies":[{"embeddable":true,"href":"https:\/\/wordpress.nibis.de\/gsis\/wp-json\/wp\/v2\/comments?post=706"}],"version-history":[{"count":2,"href":"https:\/\/wordpress.nibis.de\/gsis\/wp-json\/wp\/v2\/pages\/706\/revisions"}],"predecessor-version":[{"id":716,"href":"https:\/\/wordpress.nibis.de\/gsis\/wp-json\/wp\/v2\/pages\/706\/revisions\/716"}],"wp:attachment":[{"href":"https:\/\/wordpress.nibis.de\/gsis\/wp-json\/wp\/v2\/media?parent=706"}],"curies":[{"name":"wp","href":"https:\/\/api.w.org\/{rel}","templated":true}]}}