{"id":19,"date":"2020-03-20T11:09:05","date_gmt":"2020-03-20T10:09:05","guid":{"rendered":"https:\/\/wordpress.nibis.de\/gsisolde\/?page_id=19"},"modified":"2025-05-14T12:55:34","modified_gmt":"2025-05-14T10:55:34","slug":"schulleitung","status":"publish","type":"page","link":"https:\/\/wordpress.nibis.de\/gsisolde\/das-sind-wir\/schulleitung\/","title":{"rendered":"Schulleitung"},"content":{"rendered":"<p style=\"text-align: justify\"><span style=\"color: #000000\">Unsere Schulleiterin ist <strong>Frau Bertram<\/strong>.<\/span><\/p>\n<p style=\"text-align: justify\"><span style=\"color: #000000\">Frau Bertram hat die Position der Schulleitung zum Schuljahr 2019\/2020 \u00fcbernommen.<\/span><\/p>\n<p>Unterst\u00fctzung erh\u00e4lt sie seit dem Schuljahr 2023\/2024 von unserer Konrektorin <strong>Frau Barankewitz<\/strong>.<\/p>\n<p style=\"text-align: justify\"><span style=\"color: #000000\">Sprechzeiten sind nach Vereinbarung m\u00f6glich. Sollten Sie einen Termin mit <\/span><span style=\"color: #000000\">Frau Bertram oder Frau Barankewitz w\u00fcnschen, schreiben Sie bitte eine E-Mail an:<\/span><\/p>\n<p><span class=\"bs-contact__contact__line bs-contact__contact__line--email\"><a href=\"mailto:gs.isoldestrasse%E2%9A%B9braunschweig%E2%97%A6de\" data-sp-email=\"\"><span style=\"color: #000000\">&#x67;&#115;&#46;&#x69;&#x73;&#111;&#108;&#x64;&#x65;&#115;&#116;&#x72;&#x61;&#115;&#115;&#x65;&#x40;&#98;&#114;&#x61;&#x75;&#110;&#115;&#x63;&#x68;&#119;&#101;&#x69;&#x67;&#46;&#100;&#x65;<\/span><\/a><\/span><\/p>\n","protected":false},"excerpt":{"rendered":"<p>Unsere Schulleiterin ist Frau Bertram. Frau Bertram hat die Position der Schulleitung zum Schuljahr 2019\/2020 \u00fcbernommen. Unterst\u00fctzung erh\u00e4lt sie seit dem Schuljahr 2023\/2024 von unserer Konrektorin Frau Barankewitz. Sprechzeiten sind nach Vereinbarung m\u00f6glich. Sollten Sie einen Termin mit Frau Bertram oder Frau Barankewitz w\u00fcnschen, schreiben Sie bitte eine E-Mail an: &#x67;&#x73;&#x2e;&#x69;&#x73;&#111;&#108;&#100;&#101;str&#x61;&#x73;&#x73;&#x65;&#x40;&#x62;&#114;&#97;&#117;nsc&#x68;&#x77;&#x65;&#x69;&#x67;&#x2e;&#100;&#101;<\/p>\n","protected":false},"author":9193454,"featured_media":0,"parent":15,"menu_order":1,"comment_status":"closed","ping_status":"closed","template":"","meta":{"footnotes":""},"class_list":["post-19","page","type-page","status-publish","hentry"],"_links":{"self":[{"href":"https:\/\/wordpress.nibis.de\/gsisolde\/wp-json\/wp\/v2\/pages\/19","targetHints":{"allow":["GET"]}}],"collection":[{"href":"https:\/\/wordpress.nibis.de\/gsisolde\/wp-json\/wp\/v2\/pages"}],"about":[{"href":"https:\/\/wordpress.nibis.de\/gsisolde\/wp-json\/wp\/v2\/types\/page"}],"author":[{"embeddable":true,"href":"https:\/\/wordpress.nibis.de\/gsisolde\/wp-json\/wp\/v2\/users\/9193454"}],"replies":[{"embeddable":true,"href":"https:\/\/wordpress.nibis.de\/gsisolde\/wp-json\/wp\/v2\/comments?post=19"}],"version-history":[{"count":7,"href":"https:\/\/wordpress.nibis.de\/gsisolde\/wp-json\/wp\/v2\/pages\/19\/revisions"}],"predecessor-version":[{"id":1178,"href":"https:\/\/wordpress.nibis.de\/gsisolde\/wp-json\/wp\/v2\/pages\/19\/revisions\/1178"}],"up":[{"embeddable":true,"href":"https:\/\/wordpress.nibis.de\/gsisolde\/wp-json\/wp\/v2\/pages\/15"}],"wp:attachment":[{"href":"https:\/\/wordpress.nibis.de\/gsisolde\/wp-json\/wp\/v2\/media?parent=19"}],"curies":[{"name":"wp","href":"https:\/\/api.w.org\/{rel}","templated":true}]}}