{"id":50,"date":"2020-03-20T14:49:57","date_gmt":"2020-03-20T13:49:57","guid":{"rendered":"https:\/\/wordpress.nibis.de\/gsisolde\/?page_id=50"},"modified":"2020-08-18T09:57:42","modified_gmt":"2020-08-18T07:57:42","slug":"unser-leitbild","status":"publish","type":"page","link":"https:\/\/wordpress.nibis.de\/gsisolde\/unser-leitbild\/","title":{"rendered":"Unser Leitbild"},"content":{"rendered":"\n<p style=\"text-align: center\"><strong><span style=\"color: #000000\">Leitbild der <\/span><span style=\"color: #ff0000\">O<\/span><span style=\"color: #000000\">ffenen<\/span> <span style=\"color: #008000\">G<\/span><span style=\"color: #000000\">anztagsgrund<\/span><span style=\"color: #0000ff\">s<\/span><span style=\"color: #000000\">chule Isoldestra\u00dfe<\/span><\/strong><strong>\u00a0<\/strong><\/p>\n<h6 style=\"text-align: center\"><strong><span style=\"color: #ff0000\">O F F E N<\/span> \u00a0\u2013\u00a0 <span style=\"color: #008000\">G E M E I N S A M\u00a0<\/span> \u2013\u00a0 <span style=\"color: #0000ff\">S T A R K<\/span><\/strong><\/h6>\n<h6 style=\"text-align: justify\"><span style=\"color: #000000\">Unsere Schule: Weg und Br\u00fccke zwischen Familie und Gesellschaft<\/span><\/h6>\n<p style=\"text-align: justify\"><span style=\"color: #000000\"><strong>Wir sind eine Schule der interkulturellen Vielfalt.<\/strong><\/span><\/p>\n<ul style=\"text-align: justify\">\n<li><span style=\"color: #000000\">Kinder unserer Schule lernen im t\u00e4glichen Miteinander verschiedene kulturelle Lebensformen kennen und entwickeln eine selbstverst\u00e4ndliche Offenheit gegen\u00fcber unterschiedlichen Lebensstilen.<\/span><\/li>\n<\/ul>\n<p style=\"text-align: justify\"><span style=\"color: #000000\"><strong>Wir wollen in der Schule nicht nur zusammen lernen, sondern auch zusammen leben.<\/strong><\/span><\/p>\n<ul style=\"text-align: justify\">\n<li><span style=\"color: #000000\">Unsere Schule bereitet die Kinder auf das Leben vor und ist auch selbst ein St\u00fcck Leben. Schule ist f\u00fcr uns mehr als Unterricht &#8211; sie ist ein Miteinander von allen an dieser Schule wirkenden Menschen. Dabei wollen wir die Integration verschiedener Kulturen f\u00f6rdern. Alle sollen sich in der Schule wohlf\u00fchlen, denn nur dann bleiben Lerneifer und Leistungsbereitschaft erhalten.<\/span><\/li>\n<\/ul>\n<p style=\"text-align: justify\"><span style=\"color: #000000\"><strong>Wir wollen die Kinder unserer Schule zu selbst\u00e4ndigem, verantwortungsbewusstem und r\u00fccksichtsvollem Handeln nach vereinbarten Regeln f\u00fchren.<\/strong><\/span><\/p>\n<ul style=\"text-align: justify\">\n<li><span style=\"color: #000000\">Auf der Grundlage sinnvoller Regeln wollen wir ein positives Zusammenleben erreichen. Die individuellen Neigungen und Interessen der Kinder werden dabei ber\u00fccksichtigt. Neben einer sozialen Erziehung ist eine Erziehung zur Leistung wichtig. Hierbei soll die Einsicht in die Notwendigkeit eines zielorientierten Handelns unterst\u00fctzt werden.<\/span><\/li>\n<\/ul>\n<p style=\"text-align: justify\"><span style=\"color: #000000\"><strong>Wir wollen grundlegende F\u00e4higkeiten, Fertigkeiten und Kenntnisse vermitteln.<\/strong><\/span><\/p>\n<ul style=\"text-align: justify\">\n<li><span style=\"color: #000000\">Im Unterricht ist es uns dabei wichtig, die individuellen Lernvoraussetzungen der Kinder weitestgehend zu ber\u00fccksichtigen. Dazu gestalten wir die Lernprozesse handlungs- und sch\u00fclerorientiert. Besonderes Ziel ist die Hinf\u00fchrung zum selbst\u00e4ndigen, eigenverantwortlichen Lernen.<\/span><\/li>\n<\/ul>\n<p style=\"text-align: justify\"><span style=\"color: #000000\"><strong>Wir wollen ein gutes Schulklima pflegen.<\/strong><\/span><\/p>\n<ul style=\"text-align: justify\">\n<li><span style=\"color: #000000\">Unser Schulklima soll sich durch ein offenes, tolerantes Miteinander auszeichnen, in dem alle Erwachsenen engagiert im Interesse der Kinder zusammenarbeiten und einen verst\u00e4ndnisvollen Umgang miteinander pflegen.<\/span><\/li>\n<\/ul>\n<p style=\"text-align: justify\"><span style=\"color: #000000\"><strong>Wir wollen uns gegenseitig unterst\u00fctzen und helfen.<\/strong><\/span><\/p>\n<ul style=\"text-align: justify\">\n<li><span style=\"color: #000000\">Innerhalb des Kollegiums ist uns ein regelm\u00e4\u00dfiger Austausch hinsichtlich didaktischer, methodischer und p\u00e4dagogischer Fragen wichtig. Eine gute Zusammenarbeit aller Gruppen untereinander wollen wir anstreben und f\u00f6rdern.<\/span><\/li>\n<\/ul>\n<p style=\"text-align: justify\"><span style=\"color: #000000\"><strong>Wir wollen uns mit den an der Erziehung Beteiligten austauschen und beraten.<\/strong><\/span><\/p>\n<ul>\n<li style=\"text-align: justify\"><span style=\"color: #000000\">Im Mittelpunkt der Beratung stehen das Wohl der Kinder und die Hilfestellung bei Problemen. Dabei streben wir eine Zusammenarbeit mit den Erziehungsberechtigten an. Bei Bedarf stehen uns au\u00dferschulische Partner und Institutionen beratend zur Seite.<\/span><\/li>\n<\/ul>\n","protected":false},"excerpt":{"rendered":"<p>Leitbild der Offenen Ganztagsgrundschule Isoldestra\u00dfe\u00a0 O F F E N \u00a0\u2013\u00a0 G E M E I N S A M\u00a0 \u2013\u00a0 S T A R K Unsere Schule: Weg und Br\u00fccke zwischen Familie und Gesellschaft Wir sind eine Schule der interkulturellen Vielfalt. Kinder unserer Schule lernen im t\u00e4glichen Miteinander verschiedene kulturelle Lebensformen kennen und entwickeln [&hellip;]<\/p>\n","protected":false},"author":9193454,"featured_media":0,"parent":0,"menu_order":0,"comment_status":"closed","ping_status":"closed","template":"","meta":{"footnotes":""},"class_list":["post-50","page","type-page","status-publish","hentry"],"_links":{"self":[{"href":"https:\/\/wordpress.nibis.de\/gsisolde\/wp-json\/wp\/v2\/pages\/50","targetHints":{"allow":["GET"]}}],"collection":[{"href":"https:\/\/wordpress.nibis.de\/gsisolde\/wp-json\/wp\/v2\/pages"}],"about":[{"href":"https:\/\/wordpress.nibis.de\/gsisolde\/wp-json\/wp\/v2\/types\/page"}],"author":[{"embeddable":true,"href":"https:\/\/wordpress.nibis.de\/gsisolde\/wp-json\/wp\/v2\/users\/9193454"}],"replies":[{"embeddable":true,"href":"https:\/\/wordpress.nibis.de\/gsisolde\/wp-json\/wp\/v2\/comments?post=50"}],"version-history":[{"count":4,"href":"https:\/\/wordpress.nibis.de\/gsisolde\/wp-json\/wp\/v2\/pages\/50\/revisions"}],"predecessor-version":[{"id":581,"href":"https:\/\/wordpress.nibis.de\/gsisolde\/wp-json\/wp\/v2\/pages\/50\/revisions\/581"}],"wp:attachment":[{"href":"https:\/\/wordpress.nibis.de\/gsisolde\/wp-json\/wp\/v2\/media?parent=50"}],"curies":[{"name":"wp","href":"https:\/\/api.w.org\/{rel}","templated":true}]}}